{"id":92011,"date":"2025-03-05T08:10:21","date_gmt":"2025-03-05T08:10:21","guid":{"rendered":"https:\/\/zelenydrak.cz\/velkoobchod\/?post_type=product&#038;p=92011"},"modified":"2025-03-05T08:10:24","modified_gmt":"2025-03-05T08:10:24","slug":"funky-opice-puerh-sypany-caj","status":"publish","type":"product","link":"https:\/\/zelenydrak.cz\/velkoobchod\/produkt\/funky-opice-puerh-sypany-caj\/","title":{"rendered":"FUNKY OPICE &#8211; puerh sypan\u00fd \u010daj"},"content":{"rendered":"<h2>FUNKY OPICE<\/h2>\n<p>Slo\u017een\u00ed:Pu Erh, pap\u00e1ja (pap\u00e1ja, cukr), ban\u00e1n (ban\u00e1n, kokosov\u00fd olej, t\u0159tinov\u00fd cukr, med), zelen\u00fd \u010daj China Sencha, aroma, okv\u011btn\u00ed l\u00edstky sv\u011btlice barv\u00ed\u0159sk\u00e9.<\/p>\n<p>Pokud jste fanou\u0161kem zemit\u00fdch, fermentovan\u00fdch \u010daj\u016f, mo\u017en\u00e1 budete cht\u00edt vyzkou\u0161et n\u00e1\u0161 puerh Funky opice, jedine\u010dnou sm\u011bs \u010daje Pu Erh, pap\u00e1ji, ban\u00e1nu, zelen\u00e9ho \u010daje China Sencha, aroma a okv\u011btn\u00edch l\u00edstk\u016f sv\u011btlice barv\u00ed\u0159sk\u00e9.<\/p>\n<p>\u010caj Pu Erh je zn\u00e1m\u00fd svou bohatou, zemitou chut\u00ed a zdravotn\u00edmi p\u0159\u00ednosy. Je to druh fermentovan\u00e9ho \u010daje, kter\u00fd se v \u010c\u00edn\u011b u\u017e\u00edv\u00e1 ji\u017e po stalet\u00ed. Proces fermentace mu dod\u00e1v\u00e1 jedine\u010dnou chu\u0165 a v\u016fni a tak\u00e9 zvy\u0161uje jeho zdravotn\u00ed p\u0159\u00ednosy. N\u011bkter\u00e9 studie nazna\u010duj\u00ed, \u017ee \u010daj Pu Erh m\u016f\u017ee pomoci p\u0159i hubnut\u00ed, tr\u00e1ven\u00ed a hladin\u011b cholesterolu.<\/p>\n<p>Funky opice posouv\u00e1 tento ji\u017e tak lahodn\u00fd a zdrav\u00fd \u010daj na dal\u0161\u00ed \u00farove\u0148 p\u0159id\u00e1n\u00edm ovocn\u00fdch a kv\u011btinov\u00fdch t\u00f3n\u016f. Pap\u00e1ja dod\u00e1v\u00e1 sladkou a lehce pikantn\u00ed chu\u0165, zat\u00edmco ban\u00e1n dod\u00e1v\u00e1 kr\u00e9mov\u00fd, tropick\u00fd n\u00e1dech. Zelen\u00fd \u010daj China Sencha p\u0159in\u00e1\u0161\u00ed lehkou, osv\u011b\u017euj\u00edc\u00ed chu\u0165 a okv\u011btn\u00ed l\u00edstky sv\u011btlice barv\u00ed\u0159sk\u00e9 dod\u00e1vaj\u00ed z\u00e1\u0159ivou barvu.<\/p>\n<p>Jedn\u00edm z nejunik\u00e1tn\u011bj\u0161\u00edch aspekt\u016f Funky opice je jeho aroma. Sm\u011bs m\u00e1 sladkou, tropickou v\u016fni, kter\u00e1 v\u00e1s jist\u011b p\u0159enese n\u011bkam na slunnou pl\u00e1\u017e. Je to perfektn\u00ed \u010daj, kter\u00fd si m\u016f\u017eete vychutnat v l\u00edn\u00e9m ned\u011bln\u00edm odpoledni nebo se o n\u011bj pod\u011blit s p\u0159\u00e1teli na letn\u00ed p\u00e1rty.<\/p>\n<p>Chcete-li uva\u0159it Funky opici jednodu\u0161e namo\u010dte jednu \u010dajovou l\u017ei\u010dku sm\u011bsi v 3dcl hork\u00e9 vody po dobu t\u0159\u00ed a\u017e p\u011bti minut. M\u016f\u017eete si ho vychutnat hork\u00fd, nebo ho nal\u00edt na led a p\u0159ipravit si osv\u011b\u017euj\u00edc\u00ed ledov\u00fd \u010daj. Sm\u011bs je tak\u00e9 skv\u011bl\u00e1 pro v\u00edce n\u00e1lev\u016f, tak\u017ee si ji m\u016f\u017eete vychutnat po cel\u00fd den.<\/p>\n<p>Pokud hled\u00e1te nov\u00fd \u010daj do sv\u00e9 sb\u00edrky, Funky Opice rozhodn\u011b stoj\u00ed za vyzkou\u0161en\u00ed. Je to jedine\u010dn\u00e1 sm\u011bs, kter\u00e1 kombinuje zdravotn\u00ed p\u0159\u00ednosy \u010daje Pu Erh s ovocnou a kv\u011btinovou chut\u00ed pap\u00e1ji, ban\u00e1nu a okv\u011btn\u00edch l\u00edstk\u016f sv\u011btlice barv\u00ed\u0159sk\u00e9. Nav\u00edc jeho sladk\u00e1, tropick\u00e1 v\u016fn\u011b v\u00e1m jist\u011b zvedne n\u00e1ladu a p\u0159enese v\u00e1s do vzd\u00e1len\u00e9ho r\u00e1je. Tak pro\u010d to nezkusit a nezjistit, co si mysl\u00edte? Mo\u017en\u00e1 pr\u00e1v\u011b objev\u00edte svou novou obl\u00edbenou \u010dajovou sm\u011bs.<\/p>\n<p> Je nutno podotknout, \u017ee \u00fa\u010dinky n\u00e1mi nab\u00edzen\u00fdch \u010daj\u016f (tedy ani tohoto), nebyly v\u011bdecky testov\u00e1ny.<\/p>\n<p><img decoding=\"async\" src=\"https:\/\/caj-a-kava.cz\/obrazky\/uvod\/dobalouhovani\/puerh.jpg\" alt=\"Prodej ochucen\u00e9ho \u010daje puerh. P\u0159\u00edprava \u010daje od Zelen\u00fd Drak \u010daj a k\u00e1va\" \/>\u00a0<\/p>\n","protected":false},"excerpt":{"rendered":"<p>Tmav\u00fd Puerh \u010daj<\/p>\n<p><p><img loading=\"lazy\" decoding=\"async\" class=\"size-full wp-image-2970 alignleft\" src=\"https:\/\/zelenydrak.cz\/wp-content\/uploads\/2024\/08\/konvice-caj.png\" alt=\"\" width=\"48\" height=\"48\" \/>   V\u016fn\u011b a chu\u0165: Guava &#8211; Pap\u00e1ja &#8211; Ban\u00e1n<\/p>\n","protected":false},"featured_media":92023,"comment_status":"open","ping_status":"closed","template":"","meta":[],"product_brand":[],"product_cat":[390],"product_tag":[],"class_list":{"0":"post-92011","1":"product","2":"type-product","3":"status-publish","4":"has-post-thumbnail","6":"product_cat-puerh-sypany-caj","8":"first","9":"instock","10":"product-type-variable","11":"has-default-attributes"},"_links":{"self":[{"href":"https:\/\/zelenydrak.cz\/velkoobchod\/wp-json\/wp\/v2\/product\/92011","targetHints":{"allow":["GET"]}}],"collection":[{"href":"https:\/\/zelenydrak.cz\/velkoobchod\/wp-json\/wp\/v2\/product"}],"about":[{"href":"https:\/\/zelenydrak.cz\/velkoobchod\/wp-json\/wp\/v2\/types\/product"}],"replies":[{"embeddable":true,"href":"https:\/\/zelenydrak.cz\/velkoobchod\/wp-json\/wp\/v2\/comments?post=92011"}],"wp:featuredmedia":[{"embeddable":true,"href":"https:\/\/zelenydrak.cz\/velkoobchod\/wp-json\/wp\/v2\/media\/92023"}],"wp:attachment":[{"href":"https:\/\/zelenydrak.cz\/velkoobchod\/wp-json\/wp\/v2\/media?parent=92011"}],"wp:term":[{"taxonomy":"product_brand","embeddable":true,"href":"https:\/\/zelenydrak.cz\/velkoobchod\/wp-json\/wp\/v2\/product_brand?post=92011"},{"taxonomy":"product_cat","embeddable":true,"href":"https:\/\/zelenydrak.cz\/velkoobchod\/wp-json\/wp\/v2\/product_cat?post=92011"},{"taxonomy":"product_tag","embeddable":true,"href":"https:\/\/zelenydrak.cz\/velkoobchod\/wp-json\/wp\/v2\/product_tag?post=92011"}],"curies":[{"name":"wp","href":"https:\/\/api.w.org\/{rel}","templated":true}]}}