{"id":92008,"date":"2025-03-05T08:10:21","date_gmt":"2025-03-05T08:10:21","guid":{"rendered":"https:\/\/zelenydrak.cz\/velkoobchod\/?post_type=product&#038;p=92008"},"modified":"2025-03-05T08:10:24","modified_gmt":"2025-03-05T08:10:24","slug":"puerh-pakistanec","status":"publish","type":"product","link":"https:\/\/zelenydrak.cz\/velkoobchod\/produkt\/puerh-pakistanec\/","title":{"rendered":"PUERH PAKIST\u00c1NEC"},"content":{"rendered":"<h2>PUERH PAKIST\u00c1NEC<\/h2>\n<p>Slo\u017een\u00ed: Pu Erh (85%), kousky sko\u0159ice, kardamon, h\u0159eb\u00ed\u010dek, p\u0159\u00edrodn\u00ed aroma, vanilka. Chu\u0165: Sko\u0159icov\u00e1 chu\u0165.<\/p>\n<p>Jako milovn\u00edci \u010daje jste ur\u010dit\u011b sly\u0161eli o \u010daji Pu Erh. Jedn\u00e1 se o fermentovan\u00fd \u010daj, kter\u00fd poch\u00e1z\u00ed z \u010d\u00ednsk\u00e9 provincie Yunnan. Proces fermentace d\u00e1v\u00e1 \u010daji Pu Erh jedine\u010dn\u00fd chu\u0165ov\u00fd profil a zdravotn\u00ed p\u0159\u00ednosy. <\/p>\n<p>\u010caj Pu Erh, o kter\u00e9m dnes mluv\u00edme, je sm\u011bs\u00ed \u010dajov\u00fdch l\u00edstk\u016f Pu Erh, sko\u0159ice, kardamomu, h\u0159eb\u00ed\u010dku, p\u0159\u00edrodn\u00ed chuti a vanilky. Tento \u010daj m\u00e1 ko\u0159en\u011bnou v\u016fni a sladkou, d\u0159evitou chu\u0165. T\u00f3ny sko\u0159ice a vanilky z n\u011bj d\u011blaj\u00ed vynikaj\u00edc\u00ed volbu pro lidi, kte\u0159\u00ed maj\u00ed r\u00e1di sladk\u00e9 a ko\u0159en\u011bn\u00e9 chut\u011b. <\/p>\n<p>\u010cajov\u00e9 l\u00edstky Pu Erh pou\u017eit\u00e9 v t\u00e9to sm\u011bsi zraj\u00ed n\u011bkolik let, co\u017e jim dod\u00e1v\u00e1 v\u00fdraznou zemitou chu\u0165 a v\u016fni. Proces fermentace zv\u00fdraz\u0148uje chu\u0165 a dod\u00e1v\u00e1 \u010daji sladk\u00fd, jemn\u00fd t\u00f3n. Tento \u010daj je ide\u00e1ln\u00ed pro lidi, kte\u0159\u00ed cht\u011bj\u00ed prozkoumat nov\u00fd a jedine\u010dn\u00fd chu\u0165ov\u00fd profil.<\/p>\n<p>Sko\u0159ice v tomto \u010daji dod\u00e1v\u00e1 pikantn\u00ed, h\u0159ejiv\u00fd t\u00f3n, kter\u00fd dopl\u0148uje zemitou chu\u0165 \u010dajov\u00fdch l\u00edstk\u016f Pu Erh. Sko\u0159ice je tak\u00e9 zn\u00e1m\u00e1 sv\u00fdmi zdravotn\u00edmi p\u0159\u00ednosy. M\u016f\u017ee pomoci regulovat hladinu cukru v krvi, sn\u00ed\u017eit z\u00e1n\u011bt a zlep\u0161it zdrav\u00ed srdce.<\/p>\n<p>Kardamom je dal\u0161\u00edm ko\u0159en\u00edm, kter\u00e9 se do t\u00e9to sm\u011bsi p\u0159id\u00e1v\u00e1. M\u00e1 silnou, sladkou v\u016fni a m\u00edrn\u011b naho\u0159klou chu\u0165. Kardamom je zn\u00e1m\u00fd sv\u00fdmi p\u0159\u00ednosy pro tr\u00e1ven\u00ed. M\u016f\u017ee pomoci zm\u00edrnit nad\u00fdm\u00e1n\u00ed, za\u017e\u00edvac\u00ed pot\u00ed\u017ee a nevolnost.<\/p>\n<p>H\u0159eb\u00ed\u010dek je dal\u0161\u00edm ko\u0159en\u00edm, kter\u00e9 se do t\u00e9to sm\u011bsi p\u0159id\u00e1v\u00e1. M\u00e1 silnou, \u0161tiplavou v\u016fni a sladkou, ho\u0159kou chu\u0165. H\u0159eb\u00ed\u010dek je zn\u00e1m\u00fd sv\u00fdmi protiz\u00e1n\u011btliv\u00fdmi a analgetick\u00fdmi vlastnostmi. M\u016f\u017ee pomoci zm\u00edrnit bolest, sn\u00ed\u017eit z\u00e1n\u011bt a zlep\u0161it tr\u00e1ven\u00ed. <\/p>\n<p>P\u0159irozen\u00e1 chu\u0165 tohoto \u010daje poch\u00e1z\u00ed z p\u0159\u00edrodn\u00edch zdroj\u016f a zvy\u0161uje celkov\u00fd chu\u0165ov\u00fd profil \u010daje. Dod\u00e1v\u00e1 \u010daji sladk\u00fd, ovocn\u00fd t\u00f3n, kter\u00fd dopl\u0148uje zemitou chu\u0165 \u010dajov\u00fdch l\u00edstk\u016f Pu Erh.<\/p>\n<p>Celkov\u011b je tato \u010dajov\u00e1 sm\u011bs Pu Erh vynikaj\u00edc\u00ed volbou pro lidi, kte\u0159\u00ed cht\u011bj\u00ed prozkoumat nov\u00fd a jedine\u010dn\u00fd chu\u0165ov\u00fd profil. M\u00e1 ko\u0159en\u011bnou, h\u0159ejivou v\u016fni a sladkou, d\u0159evitou chu\u0165, kter\u00e1 uspokoj\u00ed va\u0161e chu\u0165ov\u00e9 poh\u00e1rky. Kombinace \u010dajov\u00fdch l\u00edstk\u016f Pu Erh, sko\u0159ice, kardamomu, h\u0159eb\u00ed\u010dku, p\u0159\u00edrodn\u00ed chuti a vanilky z n\u011bj d\u011bl\u00e1 perfektn\u00ed \u010daj pro ka\u017edou denn\u00ed dobu. Vezm\u011bte si tedy \u0161\u00e1lek tohoto \u010daje, pohodln\u011b se usa\u010fte a vychutnejte si jedine\u010dn\u00e9 chut\u011b a zdravotn\u00ed v\u00fdhody, kter\u00e9 nab\u00edz\u00ed.<\/p>\n<p> Je nutno podotknout, \u017ee \u00fa\u010dinky n\u00e1mi nab\u00edzen\u00fdch \u010daj\u016f (tedy ani tohoto), nebyly v\u011bdecky testov\u00e1ny.<\/p>\n<p><img decoding=\"async\" src=\"https:\/\/caj-a-kava.cz\/obrazky\/uvod\/dobalouhovani\/puerh.jpg\" alt=\"Prodej ochucen\u00e9ho \u010daje puerh. P\u0159\u00edprava \u010daje od Zelen\u00fd Drak \u010daj a k\u00e1va\" \/>\u00a0<\/p>\n","protected":false},"excerpt":{"rendered":"<p><img loading=\"lazy\" decoding=\"async\" class=\"size-full wp-image-2970 alignleft\" src=\"https:\/\/zelenydrak.cz\/wp-content\/uploads\/2024\/08\/konvice-caj.png\" alt=\"\" width=\"48\" height=\"48\" \/>   V\u016fn\u011b a chu\u0165: sko\u0159icov\u00e1<\/p>\n","protected":false},"featured_media":92014,"comment_status":"open","ping_status":"closed","template":"","meta":[],"product_brand":[],"product_cat":[390],"product_tag":[],"class_list":{"0":"post-92008","1":"product","2":"type-product","3":"status-publish","4":"has-post-thumbnail","6":"product_cat-puerh-sypany-caj","8":"first","9":"instock","10":"product-type-variable","11":"has-default-attributes"},"_links":{"self":[{"href":"https:\/\/zelenydrak.cz\/velkoobchod\/wp-json\/wp\/v2\/product\/92008","targetHints":{"allow":["GET"]}}],"collection":[{"href":"https:\/\/zelenydrak.cz\/velkoobchod\/wp-json\/wp\/v2\/product"}],"about":[{"href":"https:\/\/zelenydrak.cz\/velkoobchod\/wp-json\/wp\/v2\/types\/product"}],"replies":[{"embeddable":true,"href":"https:\/\/zelenydrak.cz\/velkoobchod\/wp-json\/wp\/v2\/comments?post=92008"}],"wp:featuredmedia":[{"embeddable":true,"href":"https:\/\/zelenydrak.cz\/velkoobchod\/wp-json\/wp\/v2\/media\/92014"}],"wp:attachment":[{"href":"https:\/\/zelenydrak.cz\/velkoobchod\/wp-json\/wp\/v2\/media?parent=92008"}],"wp:term":[{"taxonomy":"product_brand","embeddable":true,"href":"https:\/\/zelenydrak.cz\/velkoobchod\/wp-json\/wp\/v2\/product_brand?post=92008"},{"taxonomy":"product_cat","embeddable":true,"href":"https:\/\/zelenydrak.cz\/velkoobchod\/wp-json\/wp\/v2\/product_cat?post=92008"},{"taxonomy":"product_tag","embeddable":true,"href":"https:\/\/zelenydrak.cz\/velkoobchod\/wp-json\/wp\/v2\/product_tag?post=92008"}],"curies":[{"name":"wp","href":"https:\/\/api.w.org\/{rel}","templated":true}]}}