{"id":92006,"date":"2025-03-05T08:10:20","date_gmt":"2025-03-05T08:10:20","guid":{"rendered":"https:\/\/zelenydrak.cz\/velkoobchod\/produkt\/porad-to-samy-cerny-sypany-caj\/"},"modified":"2025-03-05T08:10:24","modified_gmt":"2025-03-05T08:10:24","slug":"porad-to-samy-cerny-sypany-caj","status":"publish","type":"product","link":"https:\/\/zelenydrak.cz\/velkoobchod\/produkt\/porad-to-samy-cerny-sypany-caj\/","title":{"rendered":"PO\u0158\u00c1D TO SAM\u00dd &#8211; \u010dern\u00fd sypan\u00fd \u010daj"},"content":{"rendered":"<h2>PO\u0158\u00c1D TO SAM\u00dd<\/h2>\n<p>Slo\u017een\u00ed \u010daje: \u010dern\u00fd \u010daj Cejlon, -Ji\u017en\u00ed Indie, -\u010c\u00edna, d\u00fdn\u011b, jablko, jablko, gran\u00e1tov\u00e9 jablko, O\u0158ECHY, aroma, popcorn, mlet\u00e1 sko\u0159ice. Chu\u0165: chu\u0165 d\u00fdn\u011b a ka\u0161tanu<\/p>\n<p>Jakmile se vzduch za\u010dne ochlazovat a listy m\u011bn\u00ed barvy, je \u010das za\u010d\u00edt p\u0159em\u00fd\u0161let o dokonal\u00e9m \u0161\u00e1lku \u010daje, kter\u00fd v\u00e1s zah\u0159eje. Pokud jste fanou\u0161kem \u010dern\u00e9ho \u010daje a podzimn\u00edch p\u0159\u00edchut\u00ed, pak m\u016f\u017ee b\u00fdt \u010daj Po\u0159\u00e1d to sam\u00fd t\u00edm prav\u00fdm n\u00e1pojem pro v\u00e1s.<\/p>\n<p>Po\u0159\u00e1d to sam\u00fd je sypan\u00e1 sm\u011bs \u010dern\u00e9ho \u010daje, kter\u00e1 se vyzna\u010duje zaj\u00edmavou chut\u00ed d\u00fdn\u011b a ka\u0161tanu. \u010caj se skl\u00e1d\u00e1 z \u010dern\u00fdch \u010daj\u016f z Cejlonu, ji\u017en\u00ed Indie a \u010c\u00edny, d\u00e1le z d\u00fdn\u011b, jablka, gran\u00e1tov\u00e9ho jablka, vla\u0161sk\u00fdch o\u0159ech\u016f, aroma, popcornu a sko\u0159icov\u00e9ho pr\u00e1\u0161ku. Tyto ingredience se spojuj\u00ed a vytv\u00e1\u0159ej\u00ed jedine\u010dn\u00fd a chutn\u00fd \u010daj, kter\u00fd je ide\u00e1ln\u00ed pro \u00fatuln\u00e1 podzimn\u00ed odpoledne.<\/p>\n<p>Jednou z v\u00fdjime\u010dn\u00fdch ingredienc\u00ed v \u010daji Po\u0159\u00e1d to sam\u00fd je d\u00fdn\u011b. Tato klasick\u00e1 podzimn\u00ed chu\u0165 je p\u0159\u00edtomna v na\u0161em \u010daji a poskytuje teplou a uklid\u0148uj\u00edc\u00ed chu\u0165. Ka\u0161tanov\u00e1 p\u0159\u00edchu\u0165 tak\u00e9 dod\u00e1v\u00e1 o\u0159echovou bohatost, kter\u00e1 se dokonale hod\u00ed k d\u00fdni. Kombinace t\u011bchto chut\u00ed vytv\u00e1\u0159\u00ed \u010daj, kter\u00fd je sladkoslan\u00fd, tak\u017ee je skv\u011blou volbou pro ka\u017edou denn\u00ed dobu.<\/p>\n<p>Krom\u011b d\u00fdn\u011b a ka\u0161tanu obsahuje \u010daj Po\u0159\u00e1d to sam\u00fd tak\u00e9 dal\u0161\u00ed podzimn\u00ed ingredience, jako je jablko a sko\u0159ice. Tyto ingredience dod\u00e1vaj\u00ed \u010daji ovocnou sladkost a n\u00e1dech ko\u0159en\u00ed. Gran\u00e1tov\u00e9 jablko poskytuje trpkost, kter\u00e1 vyva\u017euje ostatn\u00ed chut\u011b, zat\u00edmco popcorn dod\u00e1v\u00e1 sm\u011bsi z\u00e1bavn\u00fd a ne\u010dekan\u00fd prvek. Za zm\u00ednku stoj\u00ed tak\u00e9 z\u00e1klad \u010dern\u00e9ho \u010daje Po\u0159\u00e1d to sam\u00fd. Sm\u011bs cejlonsk\u00e9ho, jihoindick\u00e9ho a \u010d\u00ednsk\u00e9ho \u010dern\u00e9ho \u010daje vytv\u00e1\u0159\u00ed bohatou a robustn\u00ed chu\u0165, kter\u00e1 je dokonal\u00fdm pozad\u00edm pro ostatn\u00ed ingredience. \u010cern\u00fd \u010daj tak\u00e9 poskytuje kofeinovou vzpruhu, tak\u017ee Po\u0159\u00e1d to sam\u00fd je skv\u011blou volbou pro r\u00e1na nebo odpoledne, kdy pot\u0159ebujete trochu povzbudit. Prost\u011b po\u0159\u00e1d to sam\u00fd dokola a dokola.<\/p>\n<p>Chcete-li p\u0159ipravit \u010daj Po\u0159\u00e1d to sam\u00fd, jednodu\u0161e louhujte jednu \u010dajovou l\u017ei\u010dku sypan\u00e9 \u010dajov\u00e9 sm\u011bsi v hork\u00e9 vod\u011b po dobu 3-5 minut. \u010c\u00edm d\u00e9le budete \u010daj louhovat, t\u00edm siln\u011bj\u0161\u00ed budou chut\u011b. Jakmile je \u010daj uva\u0159en\u00fd, m\u016f\u017eete si ho vychutnat hork\u00fd nebo p\u0159\u00edpadn\u011b i ledov\u00fd. Chcete-li d\u00fd\u0148ovou chu\u0165 je\u0161t\u011b v\u00edce zv\u00fdraznit, zkuste p\u0159idat kapku ml\u00e9ka nebo kope\u010dek \u0161leha\u010dky. <\/p>\n<p>Celkov\u011b je Po\u0159\u00e1d to sam\u00fd lahodn\u00e1 a jedine\u010dn\u00e1 \u010dajov\u00e1 sm\u011bs, kter\u00e1 je ide\u00e1ln\u00ed pro ka\u017ed\u00e9ho, kdo miluje podzimn\u00ed chut\u011b. A\u0165 u\u017e ho pop\u00edj\u00edte v chladn\u00e9m odpoledni nebo ho pod\u00e1v\u00e1te host\u016fm na halloweensk\u00e9 p\u00e1rty, tento \u010daj bude ur\u010dit\u011b hitem. Tak nev\u00e1hejte a dop\u0159ejte si \u0161\u00e1lek \u010daje Po\u0159\u00e1d to sam\u00fd \u2013 nebudete zklam\u00e1ni.<\/p>\n<p>\u010caj je mi l\u00e1skou, k\u00e1va v\u00e1\u0161n\u00ed<\/p>\n<p>(LEA)<\/p>\n<p><p><img decoding=\"async\" src=\"https:\/\/caj-a-kava.cz\/obrazky\/uvod\/dobalouhovani\/cerny_caj.jpg\" alt=\"Prodej \u010dern\u00e9ho \u010daje. P\u0159\u00edprava \u010dern\u00e9ho \u010daje od Zelen\u00fd Drak \u010daj a k\u00e1va\" \/><\/p>\n","protected":false},"excerpt":{"rendered":"<p><img loading=\"lazy\" decoding=\"async\" class=\"size-full wp-image-2970 alignleft\" src=\"https:\/\/zelenydrak.cz\/wp-content\/uploads\/2024\/08\/konvice-caj.png\" alt=\"\" width=\"48\" height=\"48\" \/> <\/p>\n<p>\u010cern\u00fd ochucen\u00fd \u010daj<\/p>\n<p>Po\u0159\u00e1d to sam\u00fd je perfektn\u00ed n\u00e1poj pro podzimn\u00ed obdob\u00ed. Vyzkou\u0161ejte zaj\u00edmavou chu\u0165 \u010dern\u00e9ho \u010daje s d\u00fdn\u00ed a ka\u0161tanem.<\/p>\n","protected":false},"featured_media":92005,"comment_status":"open","ping_status":"closed","template":"","meta":[],"product_brand":[],"product_cat":[389],"product_tag":[],"class_list":{"0":"post-92006","1":"product","2":"type-product","3":"status-publish","4":"has-post-thumbnail","6":"product_cat-cerny-sypany-caj-ochuceny","8":"first","9":"instock","10":"product-type-variable","11":"has-default-attributes"},"_links":{"self":[{"href":"https:\/\/zelenydrak.cz\/velkoobchod\/wp-json\/wp\/v2\/product\/92006","targetHints":{"allow":["GET"]}}],"collection":[{"href":"https:\/\/zelenydrak.cz\/velkoobchod\/wp-json\/wp\/v2\/product"}],"about":[{"href":"https:\/\/zelenydrak.cz\/velkoobchod\/wp-json\/wp\/v2\/types\/product"}],"replies":[{"embeddable":true,"href":"https:\/\/zelenydrak.cz\/velkoobchod\/wp-json\/wp\/v2\/comments?post=92006"}],"wp:featuredmedia":[{"embeddable":true,"href":"https:\/\/zelenydrak.cz\/velkoobchod\/wp-json\/wp\/v2\/media\/92005"}],"wp:attachment":[{"href":"https:\/\/zelenydrak.cz\/velkoobchod\/wp-json\/wp\/v2\/media?parent=92006"}],"wp:term":[{"taxonomy":"product_brand","embeddable":true,"href":"https:\/\/zelenydrak.cz\/velkoobchod\/wp-json\/wp\/v2\/product_brand?post=92006"},{"taxonomy":"product_cat","embeddable":true,"href":"https:\/\/zelenydrak.cz\/velkoobchod\/wp-json\/wp\/v2\/product_cat?post=92006"},{"taxonomy":"product_tag","embeddable":true,"href":"https:\/\/zelenydrak.cz\/velkoobchod\/wp-json\/wp\/v2\/product_tag?post=92006"}],"curies":[{"name":"wp","href":"https:\/\/api.w.org\/{rel}","templated":true}]}}