{"id":91958,"date":"2025-03-05T08:10:11","date_gmt":"2025-03-05T08:10:11","guid":{"rendered":"https:\/\/zelenydrak.cz\/velkoobchod\/?post_type=product&#038;p=91958"},"modified":"2025-03-05T08:10:20","modified_gmt":"2025-03-05T08:10:20","slug":"bananove-tiramisu","status":"publish","type":"product","link":"https:\/\/zelenydrak.cz\/velkoobchod\/produkt\/bananove-tiramisu\/","title":{"rendered":"BAN\u00c1NOV\u00c9 TIRAMISU"},"content":{"rendered":"<h2>BAN\u00c1NOV\u00c9 TIRAMISU<\/h2>\n<p> Slo\u017een\u00ed: kousky jablek, ban\u00e1nov\u00e9 lup\u00ednky (ban\u00e1n, kokosov\u00fd olej), kakaov\u00e9 sko\u0159\u00e1pky, ananasov\u00e9 kostky (ananas, cukr), mrazem su\u0161en\u00e9 jogurtov\u00e9 granule (odst\u0159ed\u011bn\u00fd ml\u00e9\u010dn\u00fd jogurt, cukr, maltodextrin, \u0161krob, okyseluj\u00edc\u00ed l\u00e1tka: kyselina citronov\u00e1), k\u00e1vov\u00e1 zrna, listy ostru\u017ein, aroma, mrazem su\u0161en\u00e9 kousky ban\u00e1nu, smetanovo-karamelov\u00e9 kousky (slazen\u00e9 kondenzovan\u00e9 odst\u0159ed\u011bn\u00e9 ml\u00e9ko, cukr, gluk\u00f3zov\u00fd sirup, m\u00e1slov\u00fd tuk, zvlh\u010dovadlo: sorbitol, emulg\u00e1tor: mono- a diglyceridy mastn\u00fdch kyselin). <\/p>\n<h4>P\u0159\u00edprava ovocn\u00e9ho \u010daje: Pro fantastick\u00fd ovocn\u00fd \u010daj pou\u017eijte v\u017edy minim\u00e1ln\u011b 14-18g \u010daje na jeden litr vody. Toto mno\u017estv\u00ed V\u00e1m nab\u00eddne opravdov\u00fd ovocn\u00fd \u010daj s \u00fa\u017easnou v\u016fn\u00ed ovoce a sytou barvou n\u00e1levu. V kr\u00e1sn\u00e9m letn\u00edm obdob\u00edm m\u016f\u017eeme ovocn\u00fd \u010daj vychladit, p\u0159idat kousky ledu a zakapat pomeran\u010dem pro opravdu p\u0159\u00edjemn\u00e9 letn\u00ed osv\u011b\u017een\u00ed.<\/p>\n<p>L\u00edb\u00e1n\u00ed \u2013 to je, jako kdyby \u010dlov\u011bk cht\u011bl p\u00edt ze s\u00edtka, nikdy toho nem\u00e1 dost.<\/p>\n<p>(\u010c\u00ednsk\u00e9 p\u0159\u00edslov\u00ed)<\/p>\n<p><img decoding=\"async\" src=\"http:\/\/caj-a-kava.cz\/obrazky\/uvod\/dobalouhovani\/ovocny_caj.jpg\" alt=\"Prodej ovocn\u00fdch \u010daj\u016f. P\u0159\u00edprava \u010daje od Zelen\u00fd Drak \u010daj a k\u00e1va\" \/><\/p>\n","protected":false},"excerpt":{"rendered":"<p>Cel\u00e9 je to ban\u00e1nov\u00e9! Tedy skoro&#8230; Tento ovocn\u00fd \u010dajov\u00fd v\u00fdtvor vych\u00e1z\u00ed z m\u00f3dn\u00edho americk\u00e9ho smetanov\u00e9ho dezertu. Sladk\u00e1 a kr\u00e9mov\u00e1 chu&#8217;t se zral\u00fdm ban\u00e1nem a kr\u00e9movou vrstvou pudinku p\u0159elitou trochou kakaov\u00e9ho pr\u00e1\u0161ku: to je nebesk\u00e9 poku\u0161en\u00ed nejen pro opravdu mlsn\u00e9 jaz\u00fd\u010dky. Vizu\u00e1ln\u011b sm\u011bsi dominuj\u00ed velk\u00e9 pl\u00e1tky ban\u00e1nu, granule b\u00edl\u00e9ho jogurtu a k\u00e1vov\u00e1 zrna.<\/p>\n","protected":false},"featured_media":91987,"comment_status":"open","ping_status":"closed","template":"","meta":[],"product_brand":[],"product_cat":[324],"product_tag":[],"class_list":{"0":"post-91958","1":"product","2":"type-product","3":"status-publish","4":"has-post-thumbnail","6":"product_cat-ovocny-caj-bez-ibisku","8":"first","9":"instock","10":"product-type-variable","11":"has-default-attributes"},"_links":{"self":[{"href":"https:\/\/zelenydrak.cz\/velkoobchod\/wp-json\/wp\/v2\/product\/91958","targetHints":{"allow":["GET"]}}],"collection":[{"href":"https:\/\/zelenydrak.cz\/velkoobchod\/wp-json\/wp\/v2\/product"}],"about":[{"href":"https:\/\/zelenydrak.cz\/velkoobchod\/wp-json\/wp\/v2\/types\/product"}],"replies":[{"embeddable":true,"href":"https:\/\/zelenydrak.cz\/velkoobchod\/wp-json\/wp\/v2\/comments?post=91958"}],"wp:featuredmedia":[{"embeddable":true,"href":"https:\/\/zelenydrak.cz\/velkoobchod\/wp-json\/wp\/v2\/media\/91987"}],"wp:attachment":[{"href":"https:\/\/zelenydrak.cz\/velkoobchod\/wp-json\/wp\/v2\/media?parent=91958"}],"wp:term":[{"taxonomy":"product_brand","embeddable":true,"href":"https:\/\/zelenydrak.cz\/velkoobchod\/wp-json\/wp\/v2\/product_brand?post=91958"},{"taxonomy":"product_cat","embeddable":true,"href":"https:\/\/zelenydrak.cz\/velkoobchod\/wp-json\/wp\/v2\/product_cat?post=91958"},{"taxonomy":"product_tag","embeddable":true,"href":"https:\/\/zelenydrak.cz\/velkoobchod\/wp-json\/wp\/v2\/product_tag?post=91958"}],"curies":[{"name":"wp","href":"https:\/\/api.w.org\/{rel}","templated":true}]}}