{"id":91957,"date":"2025-03-05T08:10:11","date_gmt":"2025-03-05T08:10:11","guid":{"rendered":"https:\/\/zelenydrak.cz\/velkoobchod\/?post_type=product&#038;p=91957"},"modified":"2025-03-05T08:10:20","modified_gmt":"2025-03-05T08:10:20","slug":"maly-princ","status":"publish","type":"product","link":"https:\/\/zelenydrak.cz\/velkoobchod\/produkt\/maly-princ\/","title":{"rendered":"MAL\u00dd PRINC"},"content":{"rendered":"<h2>MAL\u00dd PRINC<\/h2>\n<p>Slo\u017een\u00ed \u010daje: \u010dern\u00fd \u010daj (51 %), kousky jablek, kousky z\u00e1zvoru, aroma, acai kostky (5 %) (ovoce acai, jablko, koncentr\u00e1t jable\u010dn\u00e9 \u0161\u0165\u00e1vy, r\u00fd\u017eov\u00e1 mou\u010dka, kyselina citronov\u00e1), \u010derven\u00e1 \u0159epa, listy ostru\u017ein, kv\u011bty sl\u00e9zu, mrazem su\u0161en\u00e9 bor\u016fvky.<\/p>\n<p>\u010caj je mi l\u00e1skou, k\u00e1va v\u00e1\u0161n\u00ed<\/p>\n<p>(LEA)<\/p>\n<p><p><img decoding=\"async\" src=\"http:\/\/caj-a-kava.cz\/obrazky\/uvod\/dobalouhovani\/cerny_caj.jpg\" alt=\"Prodej \u010dern\u00e9ho \u010daje. P\u0159\u00edprava \u010dern\u00e9ho \u010daje od Zelen\u00fd Drak \u010daj a k\u00e1va\" \/><\/p>\n","protected":false},"excerpt":{"rendered":"<p>\u010cern\u00fd ochucen\u00fd \u010daj<\/p>\n<p>Chcete za\u017e\u00edt dynamick\u00fd den? Sta\u010d\u00ed jedin\u00e9: vyp\u00edt jeden nebo v\u00edce \u0161\u00e1lk\u016f t\u00e9to sm\u011bsi \u010dern\u00e9ho \u010daje, bor\u016fvky a exotick\u00e9 bobule acai s jedine\u010dnou chut\u00ed. Ko\u0159en\u011bn\u00e9 t\u00f3ny z\u00e1zvoru v\u00e1s nav\u00edc p\u0159\u00edjemn\u011b zah\u0159ej\u00ed.<\/p>\n","protected":false},"featured_media":91984,"comment_status":"open","ping_status":"closed","template":"","meta":[],"product_brand":[],"product_cat":[319],"product_tag":[],"class_list":{"0":"post-91957","1":"product","2":"type-product","3":"status-publish","4":"has-post-thumbnail","6":"product_cat-cerny-caj-ochuceny","8":"first","9":"instock","10":"product-type-variable","11":"has-default-attributes"},"_links":{"self":[{"href":"https:\/\/zelenydrak.cz\/velkoobchod\/wp-json\/wp\/v2\/product\/91957","targetHints":{"allow":["GET"]}}],"collection":[{"href":"https:\/\/zelenydrak.cz\/velkoobchod\/wp-json\/wp\/v2\/product"}],"about":[{"href":"https:\/\/zelenydrak.cz\/velkoobchod\/wp-json\/wp\/v2\/types\/product"}],"replies":[{"embeddable":true,"href":"https:\/\/zelenydrak.cz\/velkoobchod\/wp-json\/wp\/v2\/comments?post=91957"}],"wp:featuredmedia":[{"embeddable":true,"href":"https:\/\/zelenydrak.cz\/velkoobchod\/wp-json\/wp\/v2\/media\/91984"}],"wp:attachment":[{"href":"https:\/\/zelenydrak.cz\/velkoobchod\/wp-json\/wp\/v2\/media?parent=91957"}],"wp:term":[{"taxonomy":"product_brand","embeddable":true,"href":"https:\/\/zelenydrak.cz\/velkoobchod\/wp-json\/wp\/v2\/product_brand?post=91957"},{"taxonomy":"product_cat","embeddable":true,"href":"https:\/\/zelenydrak.cz\/velkoobchod\/wp-json\/wp\/v2\/product_cat?post=91957"},{"taxonomy":"product_tag","embeddable":true,"href":"https:\/\/zelenydrak.cz\/velkoobchod\/wp-json\/wp\/v2\/product_tag?post=91957"}],"curies":[{"name":"wp","href":"https:\/\/api.w.org\/{rel}","templated":true}]}}