{"id":91953,"date":"2025-03-05T08:10:10","date_gmt":"2025-03-05T08:10:10","guid":{"rendered":"https:\/\/zelenydrak.cz\/velkoobchod\/?post_type=product&#038;p=91953"},"modified":"2025-03-05T08:10:20","modified_gmt":"2025-03-05T08:10:20","slug":"cuba-libre-bio","status":"publish","type":"product","link":"https:\/\/zelenydrak.cz\/velkoobchod\/produkt\/cuba-libre-bio\/","title":{"rendered":"CUBA LIBRE BIO"},"content":{"rendered":"<h2>CUBA LIBRE BIO<\/h2>\n<p>Slo\u017een\u00ed \u010daje: \u010dern\u00fd \u010daj Assam, -Ji\u017en\u00ed Indie*, \u010dern\u00fd \u010daj Assam CTC*, citronov\u00e1 tr\u00e1va*, citronov\u00e1 k\u016fra*, verbena*, Limetkov\u00fd olej*, p\u0159\u00edrodn\u00ed citronov\u00e9 aroma, m\u011bs\u00ed\u010dek l\u00e9ka\u0159sk\u00fd*, p\u0159\u00edrodn\u00ed rumov\u00e9 aroma. * Certifikovano jako organick\u00e9.<\/p>\n<p>P\u0159i pravideln\u00e9m pop\u00edjen\u00ed \u010daje se m\u016f\u017ee st\u00e1t, \u017ee budete cht\u00edt s \u010dern\u00fdm ochucen\u00fdm \u010dajem experimentovat. Nen\u00ed tedy nic jednodu\u0161\u0161\u00edho, ne\u017e si p\u0159ipravit siln\u011bj\u0161\u00ed \u010dajov\u00fd v\u00fdluh a p\u0159idat do n\u011bj hork\u00e9 ml\u00e9ko. Je to m\u0148amka.<\/p>\n<p>\u010caj je mi l\u00e1skou, k\u00e1va v\u00e1\u0161n\u00ed<\/p>\n<p>(LEA)<\/p>\n<p><p><img decoding=\"async\" src=\"http:\/\/caj-a-kava.cz\/obrazky\/uvod\/dobalouhovani\/cerny_caj.jpg\" alt=\"Prodej \u010dern\u00e9ho \u010daje. P\u0159\u00edprava \u010dern\u00e9ho \u010daje od Zelen\u00fd Drak \u010daj a k\u00e1va\" \/><\/p>\n","protected":false},"excerpt":{"rendered":"<p>\u010cern\u00fd ochucen\u00fd \u010daj<\/p>\n<p>Tento \u010daj p\u0159ekvap\u00ed nejednoho milovn\u00edka kvalitn\u00edch rum\u016f. Pokud si tedy chcete u\u017e\u00edt dobr\u00fd \u010daj s rumem, m\u00e1me jej pro V\u00e1s!<\/p>\n","protected":false},"featured_media":91974,"comment_status":"open","ping_status":"closed","template":"","meta":[],"product_brand":[],"product_cat":[319,386],"product_tag":[],"class_list":{"0":"post-91953","1":"product","2":"type-product","3":"status-publish","4":"has-post-thumbnail","6":"product_cat-cerny-caj-ochuceny","7":"product_cat-cerny-caj-ochuceny-bio","9":"first","10":"instock","11":"product-type-variable","12":"has-default-attributes"},"_links":{"self":[{"href":"https:\/\/zelenydrak.cz\/velkoobchod\/wp-json\/wp\/v2\/product\/91953","targetHints":{"allow":["GET"]}}],"collection":[{"href":"https:\/\/zelenydrak.cz\/velkoobchod\/wp-json\/wp\/v2\/product"}],"about":[{"href":"https:\/\/zelenydrak.cz\/velkoobchod\/wp-json\/wp\/v2\/types\/product"}],"replies":[{"embeddable":true,"href":"https:\/\/zelenydrak.cz\/velkoobchod\/wp-json\/wp\/v2\/comments?post=91953"}],"wp:featuredmedia":[{"embeddable":true,"href":"https:\/\/zelenydrak.cz\/velkoobchod\/wp-json\/wp\/v2\/media\/91974"}],"wp:attachment":[{"href":"https:\/\/zelenydrak.cz\/velkoobchod\/wp-json\/wp\/v2\/media?parent=91953"}],"wp:term":[{"taxonomy":"product_brand","embeddable":true,"href":"https:\/\/zelenydrak.cz\/velkoobchod\/wp-json\/wp\/v2\/product_brand?post=91953"},{"taxonomy":"product_cat","embeddable":true,"href":"https:\/\/zelenydrak.cz\/velkoobchod\/wp-json\/wp\/v2\/product_cat?post=91953"},{"taxonomy":"product_tag","embeddable":true,"href":"https:\/\/zelenydrak.cz\/velkoobchod\/wp-json\/wp\/v2\/product_tag?post=91953"}],"curies":[{"name":"wp","href":"https:\/\/api.w.org\/{rel}","templated":true}]}}