{"id":91948,"date":"2025-03-05T08:10:09","date_gmt":"2025-03-05T08:10:09","guid":{"rendered":"https:\/\/zelenydrak.cz\/velkoobchod\/produkt\/slavnostni-caj-cerny-sypany-caj\/"},"modified":"2025-03-05T08:10:20","modified_gmt":"2025-03-05T08:10:20","slug":"slavnostni-caj-cerny-sypany-caj","status":"publish","type":"product","link":"https:\/\/zelenydrak.cz\/velkoobchod\/produkt\/slavnostni-caj-cerny-sypany-caj\/","title":{"rendered":"SLAVNOSTN\u00cd \u010cAJ &#8211; \u010dern\u00fd sypan\u00fd \u010daj"},"content":{"rendered":"<h2>SLAVNOSTN\u00cd \u010cAJ<\/h2>\n<p>Slo\u017een\u00ed \u010daje: \u010dern\u00fd \u010daj (65 %), kousky jablek, p\u0159\u00edrodn\u00ed aroma, lyofilizovan\u00e9 kousky malin, lyofilizovan\u00e9 cel\u00e9 maliny, r\u016f\u017eov\u00e9 kv\u011bty chrpy.<\/p>\n<p>P\u0159i pravideln\u00e9m pop\u00edjen\u00ed \u010daje se m\u016f\u017ee st\u00e1t, \u017ee budete cht\u00edt s \u010dern\u00fdm ochucen\u00fdm \u010dajem experimentovat. Nen\u00ed tedy nic jednodu\u0161\u0161\u00edho, ne\u017e si p\u0159ipravit siln\u011bj\u0161\u00ed \u010dajov\u00fd v\u00fdluh a p\u0159idat do n\u011bj hork\u00e9 ml\u00e9ko. Je to m\u0148amka.<\/p>\n<p>\u010caj je mi l\u00e1skou, k\u00e1va v\u00e1\u0161n\u00ed<\/p>\n<p>(LEA)<\/p>\n<p><p><img decoding=\"async\" src=\"http:\/\/caj-a-kava.cz\/obrazky\/uvod\/dobalouhovani\/cerny_caj.jpg\" alt=\"Prodej \u010dern\u00e9ho \u010daje. P\u0159\u00edprava \u010dern\u00e9ho \u010daje od Zelen\u00fd Drak \u010daj a k\u00e1va\" \/><\/p>\n","protected":false},"excerpt":{"rendered":"<p>\u010cern\u00fd ochucen\u00fd \u010daj<\/p>\n<p>V tomto \u010daji se snoub\u00ed \u0161\u0165avnat\u00e1 malina s jemn\u00fdmi, sladk\u00fdmi, kol\u00e1\u010dov\u00fdmi t\u00f3ny. V kombinaci s lehce sladov\u00fdm t\u00f3nem \u010dern\u00e9ho \u010daje se tento ochucen\u00fd \u010daj hod\u00ed pro ka\u017edou slavnostn\u00ed p\u0159\u00edle\u017eitost. Tento trochu hrav\u00fd a p\u0159esto slavnostn\u00ed v\u00fdtvor bere srdce ka\u017ed\u00e9ho \u00fatokem.<\/p>\n","protected":false},"featured_media":91947,"comment_status":"open","ping_status":"closed","template":"","meta":[],"product_brand":[],"product_cat":[319],"product_tag":[],"class_list":{"0":"post-91948","1":"product","2":"type-product","3":"status-publish","4":"has-post-thumbnail","6":"product_cat-cerny-caj-ochuceny","8":"first","9":"instock","10":"product-type-variable","11":"has-default-attributes"},"_links":{"self":[{"href":"https:\/\/zelenydrak.cz\/velkoobchod\/wp-json\/wp\/v2\/product\/91948","targetHints":{"allow":["GET"]}}],"collection":[{"href":"https:\/\/zelenydrak.cz\/velkoobchod\/wp-json\/wp\/v2\/product"}],"about":[{"href":"https:\/\/zelenydrak.cz\/velkoobchod\/wp-json\/wp\/v2\/types\/product"}],"replies":[{"embeddable":true,"href":"https:\/\/zelenydrak.cz\/velkoobchod\/wp-json\/wp\/v2\/comments?post=91948"}],"wp:featuredmedia":[{"embeddable":true,"href":"https:\/\/zelenydrak.cz\/velkoobchod\/wp-json\/wp\/v2\/media\/91947"}],"wp:attachment":[{"href":"https:\/\/zelenydrak.cz\/velkoobchod\/wp-json\/wp\/v2\/media?parent=91948"}],"wp:term":[{"taxonomy":"product_brand","embeddable":true,"href":"https:\/\/zelenydrak.cz\/velkoobchod\/wp-json\/wp\/v2\/product_brand?post=91948"},{"taxonomy":"product_cat","embeddable":true,"href":"https:\/\/zelenydrak.cz\/velkoobchod\/wp-json\/wp\/v2\/product_cat?post=91948"},{"taxonomy":"product_tag","embeddable":true,"href":"https:\/\/zelenydrak.cz\/velkoobchod\/wp-json\/wp\/v2\/product_tag?post=91948"}],"curies":[{"name":"wp","href":"https:\/\/api.w.org\/{rel}","templated":true}]}}