{"id":91842,"date":"2025-03-05T08:09:30","date_gmt":"2025-03-05T08:09:30","guid":{"rendered":"https:\/\/zelenydrak.cz\/velkoobchod\/?post_type=product&#038;p=91842"},"modified":"2025-03-05T08:09:40","modified_gmt":"2025-03-05T08:09:40","slug":"genmaicha-a-matcha-bio","status":"publish","type":"product","link":"https:\/\/zelenydrak.cz\/velkoobchod\/produkt\/genmaicha-a-matcha-bio\/","title":{"rendered":"GENMAICHA A MATCHA BIO"},"content":{"rendered":"<h2>GENMAICHA A MATCHA BIO<\/h2>\n<p>Slo\u017een\u00ed: prav\u00fd zelen\u00fd japonsk\u00fd \u010daj Genmaicha Miyazaki* (97%), prav\u00fd japonsk\u00fd zelen\u00fd \u010daj Matcha* (3%).  Z kontrolovan\u00e9ho ekologick\u00e9ho zem\u011bd\u011blstv\u00ed.<\/p>\n<p><img loading=\"lazy\" decoding=\"async\" style=\"float: left;\" title=\"konvice \u010caj-a-K\u00e1va.cz\" src=\"https:\/\/caj-a-kava.cz\/img\/cms\/konvice_zelenydrak.png\" alt=\"konvice \u010caj-a-K\u00e1va.cz\" width=\"100\" height=\"100\" \/><\/p>\n<p>\u010caj V\u00e1s hned p\u0159i otev\u0159en\u00ed s\u00e1\u010dku nadchne v\u016fn\u00ed zelen\u00e9ho \u010daje a pra\u017een\u00e9 r\u00fd\u017ee. Tato v\u016fn\u011b se zn\u00e1sob\u00ed jakmile \u010daj zalijeme teplou kvalitn\u00ed vodou a nech\u00e1me vylouhovat. Po dvou a\u017e t\u0159ech minut\u00e1ch louhov\u00e1n\u00ed V\u00e1s \u010daj odm\u011bn\u00ed podmanivou v\u016fn\u00ed a n\u00e1dhernou \u017elutozelenou barvou n\u00e1levu.<\/p>\n<p>Genmaicha je tradi\u010dn\u00ed japonsk\u00fd obl\u00edben\u00fd \u010daj. Po cel\u00e1 stalet\u00ed se skl\u00edz\u00ed a p\u0159ipravuje naprosto stejn\u011b. Tato exotick\u00e1 Genmaicha se skl\u00e1d\u00e1 ze zelen\u00e9ho japonsk\u00e9ho \u010daje Bancha s m\u00edrn\u011b pra\u017eenou pr\u00e9miovou japonskou hn\u011bdou r\u00fd\u017e\u00ed (Genmai).\u00a0Chu\u0165 je p\u0159\u00edjemn\u00e1 s n\u00e1dechem o\u0159echov\u011b pra\u017een\u00e9 r\u00fd\u017ee a jemn\u00fdm lehk\u00fdm dozvukem zelen\u00e9ho \u010daje. \u010caj m\u016f\u017ee b\u00fdt t\u00e9\u017e naz\u00fdv\u00e1n jako popcornov\u00fd \u010daj i kdy\u017e s pra\u017eenou kuku\u0159ic\u00ed nem\u00e1 opravdu nic spole\u010dn\u00e9ho. Je to d\u00e1no t\u00edm, \u017ee p\u0159i pra\u017een\u00ed r\u00fd\u017ee, tato m\u016f\u017ee puknout jako kuku\u0159ice. \u017de Genmaicha m\u00e1 spoustu benefit\u016f, p\u0159i\u010dem\u017e jedn\u00edm z nich je podpora tr\u00e1ven\u00ed se snad u\u017e ani bavit nem\u016fs\u00edme. Te\u010f si p\u0159edstavte, \u017ee k t\u011bmto skv\u011bl\u00edm \u00fa\u010dink\u016fm p\u0159id\u00e1te bezesporu jeden z nej\u00fa\u010dinn\u011bj\u0161\u00edch \u010daj\u016f sv\u011bta a to \u010daj Matcha. Zrod\u00ed se geni\u00e1ln\u00ed \u010daj na spoustu neduh\u016f a skv\u011bl\u00e9 tr\u00e1ven\u00ed. Vychutnejte si tento poklad.<\/p>\n<p>\u010caj je mi l\u00e1skou, k\u00e1va v\u00e1\u0161n\u00ed<\/p>\n<p>LEA<\/p>\n<p><img decoding=\"async\" src=\"https:\/\/caj-a-kava.cz\/obrazky\/uvod\/dobalouhovani\/zeleny_caj.jpg\" alt=\"Prodej zelen\u00e9ho, sypan\u00e9ho BIO \u010daje. P\u0159\u00edprava \u010daje od Zelen\u00fd Drak \u010daj a k\u00e1va\" \/><\/p>\n","protected":false},"excerpt":{"rendered":"<p><img loading=\"lazy\" decoding=\"async\" class=\"size-full wp-image-2970 alignleft\" src=\"https:\/\/zelenydrak.cz\/wp-content\/uploads\/2024\/08\/konvice-caj.png\" alt=\"\" width=\"48\" height=\"48\" \/> Genmaicha je zelen\u00fd \u010daj s pra\u017eenou r\u00fd\u017e\u00ed vhodn\u00fd k jak\u00e9mukoli j\u00eddlu pro podporu tr\u00e1ven\u00ed. My jsme p\u0159idali \u010daj Matcha, kter\u00fd \u00fa\u010dinky \u010daje n\u011bkolikan\u00e1sobn\u011b zvy\u0161uje. Ochutnejte tento zaj\u00edmav\u00fd \u010daj a podpo\u0159\u00edte sv\u00e9 zdrav\u00ed a vitalitu.<\/p>\n","protected":false},"featured_media":91882,"comment_status":"open","ping_status":"closed","template":"","meta":[],"product_brand":[],"product_cat":[295,311],"product_tag":[],"class_list":{"0":"post-91842","1":"product","2":"type-product","3":"status-publish","4":"has-post-thumbnail","6":"product_cat-zeleny-caj-cisty","7":"product_cat-zeleny-caj-cisty-bio","9":"first","10":"outofstock","11":"product-type-variable","12":"has-default-attributes"},"_links":{"self":[{"href":"https:\/\/zelenydrak.cz\/velkoobchod\/wp-json\/wp\/v2\/product\/91842","targetHints":{"allow":["GET"]}}],"collection":[{"href":"https:\/\/zelenydrak.cz\/velkoobchod\/wp-json\/wp\/v2\/product"}],"about":[{"href":"https:\/\/zelenydrak.cz\/velkoobchod\/wp-json\/wp\/v2\/types\/product"}],"replies":[{"embeddable":true,"href":"https:\/\/zelenydrak.cz\/velkoobchod\/wp-json\/wp\/v2\/comments?post=91842"}],"wp:featuredmedia":[{"embeddable":true,"href":"https:\/\/zelenydrak.cz\/velkoobchod\/wp-json\/wp\/v2\/media\/91882"}],"wp:attachment":[{"href":"https:\/\/zelenydrak.cz\/velkoobchod\/wp-json\/wp\/v2\/media?parent=91842"}],"wp:term":[{"taxonomy":"product_brand","embeddable":true,"href":"https:\/\/zelenydrak.cz\/velkoobchod\/wp-json\/wp\/v2\/product_brand?post=91842"},{"taxonomy":"product_cat","embeddable":true,"href":"https:\/\/zelenydrak.cz\/velkoobchod\/wp-json\/wp\/v2\/product_cat?post=91842"},{"taxonomy":"product_tag","embeddable":true,"href":"https:\/\/zelenydrak.cz\/velkoobchod\/wp-json\/wp\/v2\/product_tag?post=91842"}],"curies":[{"name":"wp","href":"https:\/\/api.w.org\/{rel}","templated":true}]}}