{"id":91831,"date":"2025-03-05T08:09:29","date_gmt":"2025-03-05T08:09:29","guid":{"rendered":"https:\/\/zelenydrak.cz\/velkoobchod\/?post_type=product&#038;p=91831"},"modified":"2025-03-05T08:09:41","modified_gmt":"2025-03-05T08:09:41","slug":"divka-v-modrem","status":"publish","type":"product","link":"https:\/\/zelenydrak.cz\/velkoobchod\/produkt\/divka-v-modrem\/","title":{"rendered":"D\u00cdVKA V MODR\u00c9M"},"content":{"rendered":"<h2>D\u00cdVKA V MODR\u00c9M <\/h2>\n<p>Slo\u017een\u00ed:  zelen\u00fd \u010daj \u010c\u00edna Sencha, bezinka (15%), b\u00edl\u00fd \u010daj Pai Mu Tan, p\u0159\u00edrodn\u00ed aroma, zelen\u00fd \u010daj Darjeeling, modr\u00e1 chrpa, l\u00edstky jasm\u00ednu, ginkgo. <\/p>\n<p>\u010ca V\u00e1s ihned po otev\u0159en\u00ed s\u00e1\u010dku nadchne sv\u011b\u017e\u00ed v\u016fn\u00ed bezinky a chrpy. Tato v\u016fn\u011b se zn\u00e1sob\u00ed jakmile \u010daj zalijeme horkou vodou a nech\u00e1me vylouhovat. Po dvou a\u017e t\u0159ech minut\u00e1ch louhov\u00e1n\u00ed V\u00e1s \u010daj odm\u011bn\u00ed podmanivou v\u016fn\u00ed a n\u00e1dhernou zelenkavou barvou n\u00e1levu.<\/p>\n<p><img decoding=\"async\" src=\"https:\/\/caj-a-kava.cz\/obrazky\/uvod\/dobalouhovani\/zeleny_caj_ochuceny.jpg\" alt=\"Prodej zelen\u00e9ho, sypan\u00e9ho \u010daje. P\u0159\u00edprava \u010daje od Zelen\u00fd Drak \u010daj a k\u00e1va\" \/>\u00a0<\/p>\n","protected":false},"excerpt":{"rendered":"<p><img loading=\"lazy\" decoding=\"async\" class=\"size-full wp-image-2970 alignleft\" src=\"https:\/\/zelenydrak.cz\/wp-content\/uploads\/2024\/08\/konvice-caj.png\" alt=\"\" width=\"48\" height=\"48\" \/> Zelen\u00fd indick\u00fd a \u010d\u00ednsk\u00fd \u010daj v kombinaci s prvot\u0159\u00eddn\u00edm b\u00edl\u00fdm \u010dajem, modrou chrpou a sv\u011b\u017e\u00ed bezinkou jsou skv\u011bl\u00e9 suroviny z kter\u00fdch jsme vytvo\u0159ili \u010daj D\u00edvku v modr\u00e9m. Pokud d\u00e1v\u00e1te p\u0159ednost kvalit\u011b a netradi\u010dn\u00ed chuti v tom p\u0159\u00edpad\u011b jej vyzkou\u0161ejte.<\/p>\n","protected":false},"featured_media":91846,"comment_status":"open","ping_status":"closed","template":"","meta":[],"product_brand":[],"product_cat":[297],"product_tag":[],"class_list":{"0":"post-91831","1":"product","2":"type-product","3":"status-publish","4":"has-post-thumbnail","6":"product_cat-zeleny-caj-ochuceny","8":"first","9":"instock","10":"product-type-variable","11":"has-default-attributes"},"_links":{"self":[{"href":"https:\/\/zelenydrak.cz\/velkoobchod\/wp-json\/wp\/v2\/product\/91831","targetHints":{"allow":["GET"]}}],"collection":[{"href":"https:\/\/zelenydrak.cz\/velkoobchod\/wp-json\/wp\/v2\/product"}],"about":[{"href":"https:\/\/zelenydrak.cz\/velkoobchod\/wp-json\/wp\/v2\/types\/product"}],"replies":[{"embeddable":true,"href":"https:\/\/zelenydrak.cz\/velkoobchod\/wp-json\/wp\/v2\/comments?post=91831"}],"wp:featuredmedia":[{"embeddable":true,"href":"https:\/\/zelenydrak.cz\/velkoobchod\/wp-json\/wp\/v2\/media\/91846"}],"wp:attachment":[{"href":"https:\/\/zelenydrak.cz\/velkoobchod\/wp-json\/wp\/v2\/media?parent=91831"}],"wp:term":[{"taxonomy":"product_brand","embeddable":true,"href":"https:\/\/zelenydrak.cz\/velkoobchod\/wp-json\/wp\/v2\/product_brand?post=91831"},{"taxonomy":"product_cat","embeddable":true,"href":"https:\/\/zelenydrak.cz\/velkoobchod\/wp-json\/wp\/v2\/product_cat?post=91831"},{"taxonomy":"product_tag","embeddable":true,"href":"https:\/\/zelenydrak.cz\/velkoobchod\/wp-json\/wp\/v2\/product_tag?post=91831"}],"curies":[{"name":"wp","href":"https:\/\/api.w.org\/{rel}","templated":true}]}}