{"id":91769,"date":"2025-03-05T08:09:13","date_gmt":"2025-03-05T08:09:13","guid":{"rendered":"https:\/\/zelenydrak.cz\/velkoobchod\/?post_type=product&#038;p=91769"},"modified":"2025-03-05T08:09:29","modified_gmt":"2025-03-05T08:09:29","slug":"snehova-ruze-ovocny-caj","status":"publish","type":"product","link":"https:\/\/zelenydrak.cz\/velkoobchod\/produkt\/snehova-ruze-ovocny-caj\/","title":{"rendered":"SN\u011aHOV\u00c1 R\u016e\u017dE &#8211; ovocn\u00fd \u010daj"},"content":{"rendered":"<p>Slo\u017een\u00ed: kousky jablek (min.10%), ibi\u0161ek, pusinky (10%) (Cukr, VAJE\u010cN\u00dd B\u00cdLEK), sult\u00e1nky, pomeran\u010dov\u00e1 k\u016fra, r\u016f\u017ee, \u0161\u00edpkov\u00e9 slupky, poupata r\u016f\u017e\u00ed (10%), ob\u0159\u00ed kousky poeran\u010de6%), kardamom, h\u0159eb\u00ed\u010dek, p\u0159\u00edrodn\u00ed pomeran\u010dov\u00e9 aroma.  <\/p>\n<p><p><img decoding=\"async\" src=\"http:\/\/caj-a-kava.cz\/obrazky\/uvod\/dobalouhovani\/ovocny_caj.jpg\" alt=\"Prodej ovocn\u00fdch \u010daj\u016f. P\u0159\u00edprava \u010daje od Zelen\u00fd Drak \u010daj a k\u00e1va\" \/><\/p>\n","protected":false},"excerpt":{"rendered":"<p><strong>V\u016fn\u011b a chu\u0165:<\/strong> ovocno r\u016f\u017eov\u00e1.  Sn\u011bhov\u00e1 r\u016f\u017ee je vhodn\u00e1 pro milovn\u00edky r\u016f\u017eov\u00fdch chut\u00ed. Poud m\u00e1te r\u00e1di v\u0161e co obsahuje r\u016f\u017ee, mus\u00edte m\u00edt i tento \u010daj.   <\/p>\n","protected":false},"featured_media":91815,"comment_status":"open","ping_status":"closed","template":"","meta":[],"product_brand":[],"product_cat":[370,324],"product_tag":[],"class_list":{"0":"post-91769","1":"product","2":"type-product","3":"status-publish","4":"has-post-thumbnail","6":"product_cat-mikulas-vanoce","7":"product_cat-ovocny-caj-bez-ibisku","9":"first","10":"instock","11":"product-type-variable","12":"has-default-attributes"},"_links":{"self":[{"href":"https:\/\/zelenydrak.cz\/velkoobchod\/wp-json\/wp\/v2\/product\/91769","targetHints":{"allow":["GET"]}}],"collection":[{"href":"https:\/\/zelenydrak.cz\/velkoobchod\/wp-json\/wp\/v2\/product"}],"about":[{"href":"https:\/\/zelenydrak.cz\/velkoobchod\/wp-json\/wp\/v2\/types\/product"}],"replies":[{"embeddable":true,"href":"https:\/\/zelenydrak.cz\/velkoobchod\/wp-json\/wp\/v2\/comments?post=91769"}],"wp:featuredmedia":[{"embeddable":true,"href":"https:\/\/zelenydrak.cz\/velkoobchod\/wp-json\/wp\/v2\/media\/91815"}],"wp:attachment":[{"href":"https:\/\/zelenydrak.cz\/velkoobchod\/wp-json\/wp\/v2\/media?parent=91769"}],"wp:term":[{"taxonomy":"product_brand","embeddable":true,"href":"https:\/\/zelenydrak.cz\/velkoobchod\/wp-json\/wp\/v2\/product_brand?post=91769"},{"taxonomy":"product_cat","embeddable":true,"href":"https:\/\/zelenydrak.cz\/velkoobchod\/wp-json\/wp\/v2\/product_cat?post=91769"},{"taxonomy":"product_tag","embeddable":true,"href":"https:\/\/zelenydrak.cz\/velkoobchod\/wp-json\/wp\/v2\/product_tag?post=91769"}],"curies":[{"name":"wp","href":"https:\/\/api.w.org\/{rel}","templated":true}]}}