{"id":91760,"date":"2025-03-05T08:09:12","date_gmt":"2025-03-05T08:09:12","guid":{"rendered":"https:\/\/zelenydrak.cz\/velkoobchod\/?post_type=product&#038;p=91760"},"modified":"2025-03-05T08:09:29","modified_gmt":"2025-03-05T08:09:29","slug":"rebelka-bio-ovocny-caj","status":"publish","type":"product","link":"https:\/\/zelenydrak.cz\/velkoobchod\/produkt\/rebelka-bio-ovocny-caj\/","title":{"rendered":"REBELKA BIO &#8211; ovocn\u00fd \u010daj"},"content":{"rendered":"<h2>REBELKA &#8211; ovocn\u00fd \u010daj<\/h2>\n<p>Slo\u017een\u00ed \u010daje: kousky jablek*, datle (datle, r\u00fd\u017eov\u00e1 mouka)*, \u010derven\u00e1 \u0159epa*, f\u00edky (f\u00edky, r\u00fd\u017eov\u00e1 mouka) *, hroznov\u00e9 v\u00edno (hrozny, rostlinn\u00fd olej)*, ban\u00e1n (ban\u00e1n, kokosov\u00fd olej, t\u0159tinov\u00fd cukr, med)*, bezinky*, Aronie*, vi\u0161n\u011b*, mango*, goji berry*, jable\u010dn\u00e9 \u010dtvrtky*, physalis*, jahody*, maliny*, ostru\u017einy*. * ozna\u010den\u00e9 p\u0159\u00edsady poch\u00e1z\u00ed zkontrolovan\u00e9ho ekologick\u00e9ho zem\u011bd\u011blstv\u00ed .<\/p>\n<p><h2>P\u0159\u00edprava ovocn\u00e9ho \u010daje:<\/h2>\n<\/p>\n<p>Ovocn\u00fd \u010daj se p\u0159elije vrouc\u00ed vodou a nech\u00e1 se luhovat 10 minut.<\/p>\n<p>L\u00edb\u00e1n\u00ed \u2013 to je, jako kdyby \u010dlov\u011bk cht\u011bl p\u00edt ze s\u00edtka: nikdy toho nem\u00e1 dost.<\/p>\n<p>(\u010c\u00ednsk\u00e9 p\u0159\u00edslov\u00ed)<\/p>\n<p><img decoding=\"async\" src=\"https:\/\/caj-a-kava.cz\/obrazky\/uvod\/dobalouhovani\/ovocny_caj.jpg\" alt=\"Prodej ovocn\u00fdch \u010daj\u016f. P\u0159\u00edprava \u010daje od Zelen\u00fd Drak \u010daj a k\u00e1va\" \/>\u00a0<\/p>\n","protected":false},"excerpt":{"rendered":"<p><p><img loading=\"lazy\" decoding=\"async\" class=\"size-full wp-image-2970 alignleft\" src=\"https:\/\/zelenydrak.cz\/wp-content\/uploads\/2024\/08\/konvice-caj.png\" alt=\"\" width=\"48\" height=\"48\" \/>   V\u016fn\u011b a chu\u0165: NEM\u00c1 P\u0158IDAN\u00c9 \u017d\u00c1DN\u00c9 AROMA.  Tak jako rebeluj\u00edc\u00ed holky se i tento \u010daj vymkl naprost\u00e9 kontrole. P\u0159idali jsme do n\u011bj snad \u00fapln\u011b v\u0161echno co \u0161lo. A pozor, v\u0161echno ovoce je z ekologicky kontrolovan\u00e9ho zem\u011bd\u011blstv\u00ed a tomu odpov\u00edd\u00e1 opravdu \u010dist\u00e1, ovocn\u00e1, n\u011b\u017en\u00e1 a pln\u00e1 chu\u0165. Tento \u010daj prost\u011b mus\u00edte m\u00edt.  <\/p>\n","protected":false},"featured_media":91784,"comment_status":"open","ping_status":"closed","template":"","meta":[],"product_brand":[],"product_cat":[324],"product_tag":[],"class_list":{"0":"post-91760","1":"product","2":"type-product","3":"status-publish","4":"has-post-thumbnail","6":"product_cat-ovocny-caj-bez-ibisku","8":"first","9":"instock","10":"product-type-variable","11":"has-default-attributes"},"_links":{"self":[{"href":"https:\/\/zelenydrak.cz\/velkoobchod\/wp-json\/wp\/v2\/product\/91760","targetHints":{"allow":["GET"]}}],"collection":[{"href":"https:\/\/zelenydrak.cz\/velkoobchod\/wp-json\/wp\/v2\/product"}],"about":[{"href":"https:\/\/zelenydrak.cz\/velkoobchod\/wp-json\/wp\/v2\/types\/product"}],"replies":[{"embeddable":true,"href":"https:\/\/zelenydrak.cz\/velkoobchod\/wp-json\/wp\/v2\/comments?post=91760"}],"wp:featuredmedia":[{"embeddable":true,"href":"https:\/\/zelenydrak.cz\/velkoobchod\/wp-json\/wp\/v2\/media\/91784"}],"wp:attachment":[{"href":"https:\/\/zelenydrak.cz\/velkoobchod\/wp-json\/wp\/v2\/media?parent=91760"}],"wp:term":[{"taxonomy":"product_brand","embeddable":true,"href":"https:\/\/zelenydrak.cz\/velkoobchod\/wp-json\/wp\/v2\/product_brand?post=91760"},{"taxonomy":"product_cat","embeddable":true,"href":"https:\/\/zelenydrak.cz\/velkoobchod\/wp-json\/wp\/v2\/product_cat?post=91760"},{"taxonomy":"product_tag","embeddable":true,"href":"https:\/\/zelenydrak.cz\/velkoobchod\/wp-json\/wp\/v2\/product_tag?post=91760"}],"curies":[{"name":"wp","href":"https:\/\/api.w.org\/{rel}","templated":true}]}}