{"id":91700,"date":"2025-03-05T08:08:18","date_gmt":"2025-03-05T08:08:18","guid":{"rendered":"https:\/\/zelenydrak.cz\/velkoobchod\/?post_type=product&#038;p=91700"},"modified":"2025-03-05T08:08:33","modified_gmt":"2025-03-05T08:08:33","slug":"china-fine-oolong-oolong-caj","status":"publish","type":"product","link":"https:\/\/zelenydrak.cz\/velkoobchod\/produkt\/china-fine-oolong-oolong-caj\/","title":{"rendered":"CHINA FINE OOLONG &#8211; oolong \u010daj"},"content":{"rendered":"<h2>CHINA FINE OOLONG &#8211; oolong sypan\u00fd \u010daj<\/h2>\n<p>Slo\u017een\u00ed: prav\u00fd polofermentovan\u00fd \u010d\u00ednsk\u00fd oolong \u010daj 100%. Sypan\u00fd \u010daj.<\/p>\n<h2>Kv\u011btinov\u00e1 Symfonie a Jemn\u00e1 O\u0159\u00ed\u0161kov\u00e1 Chu\u0165<\/h2>\n<p><a href=\"\/kategorie\/sypany-caj\/oolong-sypany-caj\/\">Oolong sypan\u00fd \u010daj<\/a>, tato kategorie v \u010dajov\u00e9m sv\u011bt\u011b, zauj\u00edm\u00e1 unik\u00e1tn\u00ed pozici mezi zelen\u00fdm sypan\u00fdm a \u010dern\u00fdm sypan\u00fdm \u010dajem. Jako polooxidovan\u00fd \u010daj nab\u00edz\u00ed \u0161irokou \u0161k\u00e1lu chut\u00ed a v\u016fn\u00ed, kter\u00e9 odr\u00e1\u017eej\u00ed mistrovstv\u00ed \u010dajov\u00e9ho um\u011bn\u00ed. Z mnoha dostupn\u00fdch oolong\u016f se China Fine Oolong vyzna\u010duje okouzluj\u00edc\u00ed kv\u011btinovou v\u016fn\u00ed, l\u00e1kav\u00fdm zlat\u00fdm n\u00e1dechem a postupn\u00fdm rozv\u00edjen\u00edm jemn\u00fdch chut\u00ed v pr\u016fb\u011bhu v\u00edce n\u00e1lev\u016f.<\/p>\n<p>Kv\u011btinov\u00e1 p\u0159edehra: kouzeln\u00e1 v\u016fn\u011b aromatick\u00fdch kv\u011bt\u016f<\/p>\n<p>Prvn\u00ed setk\u00e1n\u00ed s \u010d\u00ednsk\u00fdm Fine Oolongem je \u010dasto smyslov\u00fdm zjeven\u00edm. Hned p\u0159i prvn\u00edm otev\u0159en\u00ed s\u00e1\u010dku v\u00e1s Fine Oolong uchv\u00e1t\u00ed omamnou, sv\u011b\u017ee kv\u011btinovou v\u016fn\u00ed, kter\u00e1 slibuje jedine\u010dn\u00fd z\u00e1\u017eitek. Tato v\u016fn\u011b, evokuj\u00edc\u00ed jarn\u00ed louku a rozkvetl\u00e9 kv\u011bty, se zn\u00e1sob\u00ed s ka\u017ed\u00fdm dal\u0161\u00edm krokem v p\u0159\u00edprav\u011b \u010daje. Druh\u00fdm krokem zalijeme oolong kvalitn\u00ed teplou vodou a nech\u00e1me vylouhovat po dobu dvou a\u017e t\u0159\u00ed minut. Po t\u00e9to kr\u00e1tk\u00e9 chv\u00edli se p\u0159ed v\u00e1mi odhal\u00ed podmaniv\u00e1 v\u016fn\u011b, kter\u00e1 se snoub\u00ed s n\u00e1dhernou \u017eluto-zlatou barvou n\u00e1levu. Je to prvn\u00ed t\u00f3n v symfonii chut\u00ed, kterou v\u00e1m Fine Oolong nab\u00edz\u00ed.<\/p>\n<h2>Zlat\u00fd elix\u00edr: vizu\u00e1ln\u00ed p\u0159ita\u017elivost jemn\u00e9ho oolongu<\/h2>\n<p>\u010caj se s ka\u017ed\u00fdm louhov\u00e1n\u00edm prom\u011b\u0148uje. B\u011bhem 2-3 minut se z list\u016f uvoln\u00ed \u00fachvatn\u00e1, z\u00e1\u0159iv\u011b \u017elutozlat\u00e1 tekutina, kter\u00e1 je d\u016fkazem jejich kvality. N\u00e1dhern\u00e1 barva v kombinaci s okouzluj\u00edc\u00ed v\u016fn\u00ed vytv\u00e1\u0159\u00ed fascinuj\u00edc\u00ed smyslov\u00fd z\u00e1\u017eitek. Prvn\u00ed n\u00e1lev je skv\u011bl\u00fdm \u00favodem, ale prav\u00e9 kouzlo se skr\u00fdv\u00e1 v dal\u0161\u00edch n\u00e1levech.<\/p>\n<h2>Symfonie chut\u00ed: vyv\u00edj\u00ed se s ka\u017ed\u00fdm n\u00e1levem<\/h2>\n<p>Sypan\u00fd \u010daj China Fine Oolong odhaluje svou v\u00fdjime\u010dnost v pr\u016fb\u011bhu n\u011bkolika n\u00e1lev\u016f. Prvn\u00ed \u0161\u00e1lek nab\u00edz\u00ed jemnou, kv\u011btinovou v\u016fni, kter\u00e1 nazna\u010duje komplexnost chut\u00ed, je\u017e se teprve odhal\u00ed. Skute\u010dn\u00e1 hloubka \u010daje se v\u0161ak ukazuje a\u017e v druh\u00e9m a n\u00e1sledn\u00fdch n\u00e1levech. Po\u010d\u00e1te\u010dn\u00ed kv\u011btinov\u00e9 t\u00f3ny se zjem\u0148uj\u00ed a ustupuj\u00ed lahodn\u00e9, jemn\u00e9 o\u0159echov\u00e9 chuti, kter\u00e1 p\u0159etrv\u00e1v\u00e1 na jazyku. Tato jemn\u00e1 o\u0159echov\u00e1 nuance je typick\u00fdm znakem kvalitn\u00edch oolong\u016f a sv\u011bd\u010d\u00ed o pe\u010dliv\u00e9m zpracov\u00e1n\u00ed a harmonick\u00e9 rovnov\u00e1ze dosa\u017een\u00e9 p\u0159i jeho v\u00fdrob\u011b.<\/p>\n<h2>Podstata kvality: tmav\u00e9 listy<\/h2>\n<p>Intenzivn\u00ed tmav\u00e1 barva list\u016f sv\u011bd\u010d\u00ed o kvalit\u011b \u010daje a jeho kv\u011btinov\u00e9 charakteristice. Hlub\u0161\u00ed odst\u00edn zelen\u00e9 barvy vizu\u00e1ln\u011b odr\u00e1\u017e\u00ed pe\u010dliv\u00e9 vyv\u00e1\u017een\u00ed, kter\u00e9 se odehr\u00e1v\u00e1 b\u011bhem oxida\u010dn\u00edho procesu. Tento polooxidovan\u00fd stav je kl\u00ed\u010dov\u00fd pro dosa\u017een\u00ed jedine\u010dn\u00fdch vlastnost\u00ed oolong \u010daje, p\u0159edstavuj\u00edc\u00ed jemnou rovnov\u00e1hu mezi sv\u011b\u017e\u00edm rostlinn\u00fdm n\u00e1dechem zelen\u00e9ho \u010daje a odv\u00e1\u017en\u011bj\u0161\u00edmi, v\u00fdrazn\u011bj\u0161\u00edmi chut\u011bmi \u010dern\u00e9ho \u010daje. Po luhov\u00e1n\u00ed tmav\u0161\u00edch zelen\u00fdch l\u00edstk\u016f vznik\u00e1 kr\u00e1sn\u00fd, zlato\u017elut\u00fd lik\u00e9r, kter\u00fd nazna\u010duje bohatou slo\u017eitost \u010daje.<\/p>\n<h3>Proces p\u0159\u00edpravy<\/h3>\n<p><img loading=\"lazy\" decoding=\"async\" title=\"konvice \u010caj-a-K\u00e1va.cz\" src=\"https:\/\/caj-a-kava.cz\/img\/cms\/konvice_zelenydrak.png\" alt=\"konvice \u010caj-a-K\u00e1va.cz\" width=\"100\" height=\"100\" \/>Pro co nejp\u0159\u00ednosn\u011bj\u0161\u00ed z\u00e1\u017eitek z China Fine Oolong je d\u016fle\u017eit\u00e9 porozum\u011bt procesu p\u0159\u00edpravy. Nezbytn\u00e9 je pou\u017e\u00edvat vysoce kvalitn\u00ed filtrovanou vodu oh\u0159\u00e1tou na teplotu mezi\u00a0 (85 \u00b0C &#8211; 93 \u00b0C). Tento teplotn\u00ed rozsah zaji\u0161\u0165uje, \u017ee jemn\u00e9 chut\u011b a v\u016fn\u011b jsou extrahov\u00e1ny bez drsnosti. Doporu\u010den\u00e1 doba louhov\u00e1n\u00ed pro prvn\u00ed n\u00e1lev je 2-3 minuty. Ka\u017ed\u00fd dal\u0161\u00ed n\u00e1lev m\u016f\u017ee b\u00fdt o n\u011bco del\u0161\u00ed, co\u017e umo\u017e\u0148uje postupn\u00e9 rozv\u00edjen\u00ed jemn\u00fdch chut\u00ed. Doporu\u010duje se vychutnat si a\u017e \u010dty\u0159i n\u00e1levy, proto\u017ee slo\u017eitost \u010daje se odv\u00edj\u00ed s ka\u017ed\u00fdm \u0161\u00e1lkem.<\/p>\n<h3>\u010caj pro ka\u017edou p\u0159\u00edle\u017eitost: v\u0161estrannost \u010d\u00ednsk\u00e9ho jemn\u00e9ho oolongu<\/h3>\n<p>China Fine Oolong nab\u00edz\u00ed v\u0161estrann\u00fd z\u00e1\u017eitek, vhodn\u00fd pro \u0161irokou \u0161k\u00e1lu chu\u0165ov\u00fdch bun\u011bk a p\u0159\u00edle\u017eitost\u00ed. Jeho jemn\u00e1 sladkost a osv\u011b\u017euj\u00edc\u00ed povaha z n\u011bj \u010din\u00ed ide\u00e1ln\u00ed volbu pro relaxa\u010dn\u00ed odpoledn\u00ed \u010daj. Uklid\u0148uj\u00edc\u00ed v\u016fn\u011b a jemn\u00e9 p\u0159\u00edchut\u011b nab\u00edzej\u00ed tak\u00e9 uklid\u0148uj\u00edc\u00ed z\u00e1\u017eitek, tak\u017ee je ide\u00e1ln\u00ed pro chv\u00edle rozj\u00edm\u00e1n\u00ed a klidu. Krom\u011b toho je \u010daj d\u00edky sv\u00e9mu jemn\u00e9mu chu\u0165ov\u00e9mu profilu a n\u011bkolika n\u00e1lev\u016fm skv\u011blou volbou pro \u010dajov\u00e9 ob\u0159ady nebo setk\u00e1n\u00ed, proto\u017ee nab\u00edz\u00ed cestu chut\u00ed, kter\u00e9 lze sd\u00edlet a vychutn\u00e1vat.<\/p>\n<h3>\u010caj Oolong: kulturn\u00ed v\u00fdznam<\/h3>\n<p>Sypan\u00fd \u010daj oolong zauj\u00edm\u00e1 v\u00fdznamn\u00e9 m\u00edsto v \u010d\u00ednsk\u00e9 \u010dajov\u00e9 kultu\u0159e, uzn\u00e1van\u00e9 pro sv\u00e9 zdravotn\u00ed p\u0159\u00ednosy a bohatou historii. Pe\u010dliv\u00fd proces v\u00fdroby \u010daje oolong, od v\u00fdb\u011bru \u010dajov\u00fdch ke\u0159\u016f a\u017e po slo\u017eit\u00e9 \u00farovn\u011b oxidace, odr\u00e1\u017e\u00ed hlubokou \u00factu k p\u0159\u00edrod\u011b a tradici. P\u0159\u00edkladem tohoto odhodl\u00e1n\u00ed je n\u00e1\u0161 China Fine Oolong, kter\u00fd nab\u00edz\u00ed lahodnou cestu pro smysly a p\u0159ipom\u00edn\u00e1 um\u011bn\u00ed spojen\u00e9 s v\u00fdrobou vysoce kvalitn\u00edho \u010daje.<\/p>\n<h4>Z\u00e1v\u011br: <a href=\"https:\/\/zelenydrak.cz\/velkoobchod\">cesta<\/a>, na kterou stoj\u00ed za to se vydat<\/h4>\n<p>China Fine Oolong p\u0159edstavuje smyslovou cestu, kter\u00e1 se vyv\u00edj\u00ed s ka\u017ed\u00fdm n\u00e1levem. Jeho podmaniv\u00e1 kv\u011btinov\u00e1 v\u016fn\u011b, kr\u00e1sn\u00e1 zlatav\u00e1 barva a jemn\u011b o\u0159\u00ed\u0161kov\u00e1 chu\u0165 nab\u00edzej\u00ed jedine\u010dn\u00fd z\u00e1\u017eitek z \u010daje. A\u0165 u\u017e si ho vychutn\u00e1v\u00e1te pro jeho aromatick\u00e9 vlastnosti, jemnou chu\u0165 nebo jeho neodmysliteln\u00fd kulturn\u00ed v\u00fdznam, China Fine Oolong je \u010daj, kter\u00fd vyb\u00edz\u00ed k prozkoum\u00e1n\u00ed a ocen\u011bn\u00ed. Vydejte se tedy na vlastn\u00ed cestu s t\u00edmto v\u00fdjime\u010dn\u00fdm \u010dajem a objevte n\u00e1dhern\u00fd sv\u011bt kv\u011btinov\u00fdch v\u016fn\u00ed a o\u0159echov\u00fdch chut\u00ed, kter\u00fd v sob\u011b skr\u00fdv\u00e1.<\/p>\n<p>\u010caj je mi l\u00e1skou, k\u00e1va v\u00e1\u0161n\u00ed<\/p>\n<p><em>(LEA<\/em>)<\/p>\n<p><img decoding=\"async\" src=\"https:\/\/caj-a-kava.cz\/obrazky\/uvod\/dobalouhovani\/oolong.jpg\" alt=\"Prodej \u017elut\u00e9ho (oolong) \u010daje. P\u0159\u00edprava \u010daje od Zelen\u00fd Drak \u010daj a k\u00e1va\" \/><\/p>\n","protected":false},"excerpt":{"rendered":"\n<p><img loading=\"lazy\" decoding=\"async\" class=\"size-full wp-image-2970 alignleft\" src=\"https:\/\/zelenydrak.cz\/wp-content\/uploads\/2024\/08\/konvice-caj.png\" alt=\"\" width=\"48\" height=\"48\" \/> Oolong, \u010daj s fascinuj\u00edc\u00edm procesem v\u00fdroby a bohatou \u0161k\u00e1lou chut\u00ed a v\u016fn\u00ed, si z\u00edsk\u00e1v\u00e1 st\u00e1le v\u011bt\u0161\u00ed popularitu i u n\u00e1s. Fine Oolong, 100% prav\u00fd polofermentovan\u00fd \u010d\u00ednsk\u00fd oolong, je p\u0159\u00edkladem dokonal\u00e9 harmonie mezi sv\u011b\u017eest\u00ed a hloubkou, kter\u00e1 uspokoj\u00ed i ty nejn\u00e1ro\u010dn\u011bj\u0161\u00ed \u010dajov\u00e9 gurm\u00e1ny. Je m\u00edrn\u011b povzbuzuj\u00edc\u00ed, vhodn\u00fd na celodenn\u00ed i ve\u010dern\u00ed pop\u00edjen\u00ed. N\u00e1lev je \u017eluto-zlatav\u00e9 barvy, pronikav\u00e9 s\u00fdt\u00e9 v\u016fn\u011b a pln\u00e9, u\u0161lechtil\u00e9, v\u00fdrazn\u00e9 o\u0159\u00ed\u0161kov\u00e9 chuti. Vyzkou\u0161ejte jej.<\/p>\n","protected":false},"featured_media":91753,"comment_status":"open","ping_status":"closed","template":"","meta":[],"product_brand":[],"product_cat":[343],"product_tag":[],"class_list":{"0":"post-91700","1":"product","2":"type-product","3":"status-publish","4":"has-post-thumbnail","6":"product_cat-oolong-caj-cisty","8":"first","9":"outofstock","10":"product-type-variable","11":"has-default-attributes"},"_links":{"self":[{"href":"https:\/\/zelenydrak.cz\/velkoobchod\/wp-json\/wp\/v2\/product\/91700","targetHints":{"allow":["GET"]}}],"collection":[{"href":"https:\/\/zelenydrak.cz\/velkoobchod\/wp-json\/wp\/v2\/product"}],"about":[{"href":"https:\/\/zelenydrak.cz\/velkoobchod\/wp-json\/wp\/v2\/types\/product"}],"replies":[{"embeddable":true,"href":"https:\/\/zelenydrak.cz\/velkoobchod\/wp-json\/wp\/v2\/comments?post=91700"}],"wp:featuredmedia":[{"embeddable":true,"href":"https:\/\/zelenydrak.cz\/velkoobchod\/wp-json\/wp\/v2\/media\/91753"}],"wp:attachment":[{"href":"https:\/\/zelenydrak.cz\/velkoobchod\/wp-json\/wp\/v2\/media?parent=91700"}],"wp:term":[{"taxonomy":"product_brand","embeddable":true,"href":"https:\/\/zelenydrak.cz\/velkoobchod\/wp-json\/wp\/v2\/product_brand?post=91700"},{"taxonomy":"product_cat","embeddable":true,"href":"https:\/\/zelenydrak.cz\/velkoobchod\/wp-json\/wp\/v2\/product_cat?post=91700"},{"taxonomy":"product_tag","embeddable":true,"href":"https:\/\/zelenydrak.cz\/velkoobchod\/wp-json\/wp\/v2\/product_tag?post=91700"}],"curies":[{"name":"wp","href":"https:\/\/api.w.org\/{rel}","templated":true}]}}