{"id":91698,"date":"2025-03-05T08:08:18","date_gmt":"2025-03-05T08:08:18","guid":{"rendered":"https:\/\/zelenydrak.cz\/velkoobchod\/?post_type=product&#038;p=91698"},"modified":"2025-03-05T08:08:31","modified_gmt":"2025-03-05T08:08:31","slug":"kava-afrika-rwanda-taba-africka-kava","status":"publish","type":"product","link":"https:\/\/zelenydrak.cz\/velkoobchod\/produkt\/kava-afrika-rwanda-taba-africka-kava\/","title":{"rendered":"K\u00c1VA AFRIKA RWANDA TABA  &#8211; africk\u00e1 k\u00e1va"},"content":{"rendered":"<h2>K\u00c1VA AFRIKA RWANDA TABA  &#8211; africk\u00e1 k\u00e1va<\/h2>\n<p>Slo\u017een\u00ed: \u010dern\u00e1  k\u00e1va 100% Arabika <\/p>\n<p> Africk\u00e1 k\u00e1va V\u00e1s ihned po otev\u0159en\u00ed s\u00e1\u010dku nadchne  \u00fa\u017easnou \u010dokol\u00e1dovou v\u016fn\u00ed s t\u00f3ny ovoce. Tato v\u016fn\u011b se zn\u00e1sob\u00ed jakmile k\u00e1vu zalijeme horkou vodou. Po spr\u00e1vn\u00e9 p\u0159\u00edprav\u011b   V\u00e1s k\u00e1va odm\u011bn\u00ed podmanivou v\u016fn\u00ed a delik\u00e1tn\u00ed chut\u00ed.<\/p>\n<p><strong>O k\u00e1v\u011b z Afriky<\/strong><\/p>\n<p><p>Kvalitn\u00ed k\u00e1va ze zem\u011b tis\u00edce kopc\u016f!<\/p>\n<p>Po desetilet\u00edch \u00fatlaku ze strany koloni\u00e1ln\u00edch p\u00e1n\u016f, zm\u00edtan\u00e9 ob\u010danskou v\u00e1lkou a hladem, mal\u00fd n\u00e1rod pozvolna o\u017eil. K\u00e1va z Rwandy hraje z\u00e1sadn\u00ed roli a nem\u011bla by b\u00fdt p\u0159ehl\u00ed\u017eena milovn\u00edky k\u00e1vy. V sou\u010dasn\u00e9 dob\u011b v Rwand\u011b neexistuje \u017e\u00e1dn\u00e9 v\u011bt\u0161\u00ed mno\u017estv\u00ed rostlin. Kvalita m\u00edsto kvantity se prefuruje v zemi tis\u00edce kopc\u016f. V mal\u00e9 v\u00fdchodoafrick\u00e9 zemi bylo v roce 2017 sklizeno pouze 220 000 pytl\u016f o hmotnosti 60 kg. Ve srovn\u00e1n\u00ed s Etiopi\u00ed (s 7,1 milionu k\u00e1vov\u00fdch pytl\u016f), Rwanda zauj\u00edm\u00e1 n\u00edzk\u00fd pod\u00edl na sv\u011btov\u00e9m trhu pouze 0,2%, ale vybudovala si pozici sv\u011btov\u00e9 \u00farovn\u011b k\u00e1vov\u00fdch specialit.<\/p>\n<p>Rwandsk\u00e1 zem\u011bd\u011blsk\u00e1 politika p\u0159ikl\u00e1d\u00e1 od roku 2000 zvl\u00e1\u0161tn\u00ed v\u00fdznam kultivaci t\u00e9m\u011b\u0159 zapomenut\u00e9 odr\u016fdy Bourbon. V nadmo\u0159sk\u00e9 v\u00fd\u0161ce mezi 1700 a 1900m jsou t\u00e9m\u011b\u0159 v\u00fdhradn\u011b mal\u00e9 zem\u011bd\u011blsk\u00e9 rodiny, kter\u00e9 vyr\u00e1b\u011bj\u00ed k\u00e1vu, \u010d\u00edm\u017e vzrostla jejich nov\u00e1 existence. P\u0159edev\u0161\u00edm p\u011bstuj\u00ed k\u00e1vu v centr\u00e1ln\u00ed Rwand\u011b, provincii Kiyumba a pod\u00e9l jezera Kivu, kter\u00e9 je sotva v\u011bt\u0161\u00ed ne\u017e Mecklenbursko-z\u00e1padn\u00ed Pomo\u0159ansko. Nejvy\u0161\u0161\u00ed bod je Karisimbi, 4507 metr\u016f vysok\u00fd, kter\u00fd se nach\u00e1z\u00ed na severu zem\u011b a pat\u0159\u00ed k sopce Virunga &#8211; domov horsk\u00fdch goril, \u017eij\u00edc\u00edch ve voln\u00e9 p\u0159\u00edrod\u011b.<\/p>\n<p>K\u00e1va je zpracov\u00e1v\u00e1na za mokra a \u0159ad\u00ed se proto mezi om\u00fdvan\u00e9 Arabiky. N\u00e1sleduje su\u0161en\u00ed na slunci a n\u00e1sledn\u00e1 kontrola kvality nebo t\u0159\u00edd\u011bn\u00ed podle velikosti.\u00a0<\/p>\n<p><img decoding=\"async\" src=\"https:\/\/www.zelenydrak.cz\/wp-content\/uploads\/2019\/04\/rwanda-zelenydrak.cz_.jpg\" \/><\/p>\n<h4>V\u00edce o k\u00e1v\u011b:<\/h4>\n<table class=\"table table-bordered\" width=\"594\" border=\"1\" cellspacing=\"1\" cellpadding=\"1\">\n<tbody>\n<tr>\n<td width=\"115\"><strong>Oblast<\/strong><\/td>\n<td width=\"72\">Centr\u00e1ln\u00ed Rwanda Kigali<\/td>\n<\/tr>\n<tr>\n<td><strong>Nadmo\u0159sk\u00e1 v\u00fd\u0161ka<\/strong><\/td>\n<td>1300 &#8211; 1750 m<\/td>\n<\/tr>\n<tr>\n<td><strong>Zpracov\u00e1n\u00ed<\/strong><\/td>\n<td>promyta<\/td>\n<\/tr>\n<tr>\n<td><strong>P\u016fda<\/strong><\/td>\n<td>vulkanick\u00e1 p\u016fda<\/td>\n<\/tr>\n<tr>\n<td><strong>Detail kultivaru<\/strong><\/td>\n<td>Bourbon<\/td>\n<\/tr>\n<tr>\n<td><strong>St\u00edn strom\u016f<\/strong><\/td>\n<td>Ano<\/td>\n<\/tr>\n<tr>\n<td><strong>Kvalita<\/strong><\/td>\n<td>OCIR Standard<\/td>\n<\/tr>\n<\/tbody>\n<\/table>\n<h4>Chu\u0165ov\u00fd profil:<\/h4>\n<table class=\"table table-bordered\" width=\"596\" border=\"2\" cellspacing=\"2\" cellpadding=\"2\">\n<tbody>\n<tr>\n<th width=\"100\" scope=\"row\">Stupe\u0148 pra\u017een\u00ed<\/th>\n<td width=\"100\" bgcolor=\"#4B1211\"><\/td>\n<td width=\"100\" bgcolor=\"#4B1211\"><\/td>\n<td width=\"100\"><\/td>\n<td width=\"100\"><\/td>\n<td width=\"100\"><\/td>\n<\/tr>\n<tr>\n<th scope=\"row\">Aroma<\/th>\n<td bgcolor=\"#4B1211\"><\/td>\n<td bgcolor=\"#4B1211\"><\/td>\n<td bgcolor=\"#4B1211\"><\/td>\n<td bgcolor=\"#4B1211\"><\/td>\n<td><\/td>\n<\/tr>\n<tr>\n<th scope=\"row\">Komplexnost<\/th>\n<td bgcolor=\"#4B1211\"><\/td>\n<td bgcolor=\"#4B1211\"><\/td>\n<td bgcolor=\"#4B1211\"><\/td>\n<td><\/td>\n<td><\/td>\n<\/tr>\n<tr>\n<th scope=\"row\">T\u011blo<\/th>\n<td bgcolor=\"#4B1211\"><\/td>\n<td bgcolor=\"#4B1211\"><\/td>\n<td bgcolor=\"#4B1211\"><\/td>\n<td bgcolor=\"#4B1211\"><\/td>\n<td bgcolor=\"#4B1211\"><\/td>\n<\/tr>\n<tr>\n<th scope=\"row\">Charakter<\/th>\n<td bgcolor=\"#4B1211\"><\/td>\n<td bgcolor=\"#4B1211\"><\/td>\n<td bgcolor=\"#4B1211\"><\/td>\n<td><\/td>\n<td><\/td>\n<\/tr>\n<tr>\n<th scope=\"row\">Ovocnost<\/th>\n<td bgcolor=\"#4B1211\"><\/td>\n<td bgcolor=\"#4B1211\"><\/td>\n<td bgcolor=\"#4B1211\"><\/td>\n<td bgcolor=\"#4B1211\"><\/td>\n<td><\/td>\n<\/tr>\n<tr>\n<th scope=\"row\">Vyv\u00e1\u017eenost<\/th>\n<td bgcolor=\"#4B1211\"><\/td>\n<td bgcolor=\"#4B1211\"><\/td>\n<td bgcolor=\"#4B1211\"><\/td>\n<td><\/td>\n<td><\/td>\n<\/tr>\n<tr>\n<th scope=\"row\">Kr\u00e9ma<\/th>\n<td bgcolor=\"#4B1211\"><\/td>\n<td><\/td>\n<td><\/td>\n<td><\/td>\n<td><\/td>\n<\/tr>\n<\/tbody>\n<\/table>\n<p>\u00a0<\/p>\n<p>\u010caj je mi l\u00e1skou, k\u00e1va v\u00e1\u0161n\u00ed<\/p>\n<p>(LEA)<\/p>\n<h4><img decoding=\"async\" src=\"https:\/\/caj-a-kava.cz\/obrazky\/uvod\/dobalouhovani\/kava.jpg\" alt=\"Prodej prav\u00e9 zrnkov\u00e9 k\u00e1vy. P\u0159\u00edprava k\u00e1vy od Zelen\u00fd Drak\"><\/h4>\n","protected":false},"excerpt":{"rendered":"<p>K\u00e1vu Tabu z centr\u00e1ln\u00ed plo\u0161iny Rwandy vn\u00edm\u00e1me jako k\u00e1vu s klasickou kv\u011btinov\u011b-ovocnou v\u016fn\u00ed, m\u00edrnou chut\u00ed a podt\u00f3nem javorov\u00e9ho sirupu a \u010dokol\u00e1dov\u00e9ho t\u00f3nu. Je opravdu pozoruhodn\u00e9, \u017ee v t\u00e9to mal\u00e9 zemi lze nal\u00e9zt pom\u011brn\u011b velk\u00e9 mno\u017estv\u00ed r\u016fzn\u00fdch chut\u00ed. To tak\u00e9 plat\u00ed a je dobr\u00e9 experimentovat s na\u0161\u00ed k\u00e1vou Tabou. Dosp\u011bli jsme k z\u00e1v\u011bru, \u017ee p\u0159i r\u016fzn\u00fdch p\u0159\u00edprav\u00e1ch se do\u010dk\u00e1me r\u016fzn\u00fdch chut\u00ed od sv\u011b\u017e\u00ed kyselinky a\u017e po v\u00fdraznou sladkost. K\u00e1va Taba je pln\u00e1 k\u00e1va s jemnou pikantn\u00ed chut\u00ed. Dobrou chu\u0165.<\/p>\n","protected":false},"featured_media":91745,"comment_status":"open","ping_status":"closed","template":"","meta":[],"product_brand":[],"product_cat":[327],"product_tag":[],"class_list":{"0":"post-91698","1":"product","2":"type-product","3":"status-publish","4":"has-post-thumbnail","6":"product_cat-kava-cista","8":"first","9":"outofstock","10":"product-type-variable","11":"has-default-attributes"},"_links":{"self":[{"href":"https:\/\/zelenydrak.cz\/velkoobchod\/wp-json\/wp\/v2\/product\/91698","targetHints":{"allow":["GET"]}}],"collection":[{"href":"https:\/\/zelenydrak.cz\/velkoobchod\/wp-json\/wp\/v2\/product"}],"about":[{"href":"https:\/\/zelenydrak.cz\/velkoobchod\/wp-json\/wp\/v2\/types\/product"}],"replies":[{"embeddable":true,"href":"https:\/\/zelenydrak.cz\/velkoobchod\/wp-json\/wp\/v2\/comments?post=91698"}],"wp:featuredmedia":[{"embeddable":true,"href":"https:\/\/zelenydrak.cz\/velkoobchod\/wp-json\/wp\/v2\/media\/91745"}],"wp:attachment":[{"href":"https:\/\/zelenydrak.cz\/velkoobchod\/wp-json\/wp\/v2\/media?parent=91698"}],"wp:term":[{"taxonomy":"product_brand","embeddable":true,"href":"https:\/\/zelenydrak.cz\/velkoobchod\/wp-json\/wp\/v2\/product_brand?post=91698"},{"taxonomy":"product_cat","embeddable":true,"href":"https:\/\/zelenydrak.cz\/velkoobchod\/wp-json\/wp\/v2\/product_cat?post=91698"},{"taxonomy":"product_tag","embeddable":true,"href":"https:\/\/zelenydrak.cz\/velkoobchod\/wp-json\/wp\/v2\/product_tag?post=91698"}],"curies":[{"name":"wp","href":"https:\/\/api.w.org\/{rel}","templated":true}]}}