{"id":91690,"date":"2025-03-05T08:08:17","date_gmt":"2025-03-05T08:08:17","guid":{"rendered":"https:\/\/zelenydrak.cz\/velkoobchod\/?post_type=product&#038;p=91690"},"modified":"2025-03-05T08:08:46","modified_gmt":"2025-03-05T08:08:46","slug":"rwanda-rukeri-bio-pravy-cerny-sypany-caj","status":"publish","type":"product","link":"https:\/\/zelenydrak.cz\/velkoobchod\/produkt\/rwanda-rukeri-bio-pravy-cerny-sypany-caj\/","title":{"rendered":"RWANDA RUKERI BIO &#8211; prav\u00fd \u010dern\u00fd sypan\u00fd \u010daj"},"content":{"rendered":"<h2>RWANDA RUKERI BIO &#8211; prav\u00fd \u010dern\u00fd sypan\u00fd \u010daj<\/h2>\n<p>Slo\u017een\u00ed: prav\u00fd \u010dern\u00fd \u010daj 100% z Rwandy. \u010caj excelentn\u00ed kvality.<\/p>\n<p> Rukeri V\u00e1s ihned po otev\u0159en\u00ed s\u00e1\u010dku nadchne aromatickou sladovou v\u016fn\u00ed s ovocn\u00fdmi t\u00f3ny. Tato v\u016fn\u011b se zn\u00e1sob\u00ed jakmile \u010daj zalijeme horkou vodou a nech\u00e1me vylouhovat. Po t\u0159ech a\u017e p\u011bti minut\u00e1ch louhov\u00e1n\u00ed V\u00e1s \u010daj odm\u011bn\u00ed podmanivou v\u016fn\u00ed a atraktivn\u00ed tmav\u011b \u010dervenou barvou n\u00e1levu. <\/p>\n<p> O rwandsk\u00e9m \u010daji<\/p>\n<p>  \u010caj je slo\u017een z kr\u00e1sn\u00fdch, mlad\u00fdch list\u016f s \u010dajov\u00fdmi tipy. Tento siln\u00fd \u010dern\u00fd \u010daj s m\u00edrn\u00fdmi t\u00f3ny su\u0161en\u00e9ho ovoce a sladov\u00fdm, jemn\u011b sv\u00edrav\u00fdm aroma d\u00e1v\u00e1 jiskrn\u00fd tmav\u011b \u010derven\u00fd n\u00e1lev.<\/p>\n<p>Oblast Rukeri se nach\u00e1z\u00ed ve st\u0159edn\u00ed a v\u00fdchodn\u00ed Africe. Rwanda nab\u00edz\u00ed vysokou nadmo\u0159skou v\u00fd\u0161ku, tropick\u00e9 klima vyso\u010diny a bohatou vulkanickou p\u016fdu, kter\u00e1 podporuje prosperuj\u00edc\u00ed \u010dajov\u00e9 zahrady. <\/p>\n<p>\u010caj ve Rwand\u011b je pova\u017eov\u00e1n za velk\u00fd byznys s ka\u017edoro\u010dn\u00edmi investicemi a \u0161kolen\u00edm, kter\u00e9 zaru\u010duj\u00ed prosperitu.\u00a0Jeden\u00e1ct z 30 okres\u016f v zemi jsou aktivn\u00ed oblasti produkuj\u00edc\u00ed \u010daj s v\u00edce ne\u017e 30 000 mal\u00fdmi podniky a 60 000 dom\u00e1cnost\u00ed, kter\u00e9 si z p\u011bstov\u00e1n\u00ed \u010daje \u017eij\u00ed.\u00a0Postaven\u00ed Rwandy jako jednoho z nejkvalitn\u011bj\u0161\u00edch v\u00fdrobc\u016f \u010daje na sv\u011bt\u011b je n\u011bkdy zast\u00edn\u011bno bou\u0159livou minulost\u00ed t\u00e9to zem\u011b.\u00a0Hojnost rwandsk\u00fdch p\u0159\u00edrodn\u00edch zaj\u00edmavost\u00ed, jako jsou sope\u010dn\u00e9 hory, hlubok\u00e1 jezera a voln\u011b \u017eij\u00edc\u00ed \u017eivo\u010dichov\u00e9 v chr\u00e1n\u011bn\u00fdch oblastech, l\u00e1kaj\u00ed do t\u00e9to destinace turisty. N\u00e1v\u0161t\u011bvn\u00edci si zde vychutn\u00e1vaj\u00ed tento \u010daj podobn\u00fd svou povahou \u010daj\u016fm ass\u00e1msk\u00fdm a ke\u0148sk\u00fdm. Odv\u00e1\u017en\u00ed, do \u010daje p\u0159id\u00e1vaj\u00ed trochu smetany, kter\u00e1 dle na\u0161eho n\u00e1zoru do tohoto \u010daje vylo\u017een\u011b pat\u0159\u00ed. Spojte rostouc\u00ed ekonomiku s nedot\u010denou p\u0159\u00edrodn\u00ed kr\u00e1sou a hust\u00fdmi lesy a je snadn\u00e9 pochopit, pro\u010d se Rwanda stala r\u00e1jem  jedine\u010dn\u00fdch pt\u00e1k\u016f, voln\u011b \u017eij\u00edc\u00edch \u017eivo\u010dich\u016f a host\u00ed n\u011bkter\u00e9 z posledn\u00edch zb\u00fdvaj\u00edc\u00edch <strong>horsk\u00fdch goril<\/strong> na planet\u011b.<\/p>\n<p>Stejn\u011b jako ve v\u011bt\u0161in\u011b oblast\u00ed produkuj\u00edc\u00edch \u010daj ve v\u00fdchodn\u00ed Africe se \u010daj ve Rwand\u011b p\u011bstuje na velk\u00fdch plant\u00e1\u017e\u00edch, kter\u00e9 vlastn\u00ed jak vl\u00e1dn\u00ed, tak soukrom\u00fd sektor. Sv\u011b\u017e\u00ed zelen\u00e9 kopcese se rozprost\u00edraj\u00ed na 17 220 ha a \u010dasto se ozna\u010duj\u00ed  jako Zem\u011b tis\u00edce kopc\u016f.<\/p>\n<p>Mezi nejzn\u00e1m\u011bj\u0161\u00ed \u010dajov\u00e9 z\u00e1vody v Rwand\u011b pat\u0159\u00ed mimo jin\u00e9 Rwanda Mountain Tea, \u010dajov\u00e1 plant\u00e1\u017e Kitabi Tea, Mulindi, plant\u00e1\u017e Gisakura a Mata.\u00a0Od roku 1995 vzrostla v\u00fdroba \u010daje ve Rwand\u011b na 23 000 tun za rok z 5 414 tun.\u00a0Se zapojen\u00edm vl\u00e1dy a nevl\u00e1dn\u00edch organizac\u00ed, jako je Wilderness Foundation Africa (WFA), roste produkce \u010daje exponenci\u00e1ln\u011b.\u00a0P\u0159\u00edzniv\u00e9 podm\u00ednky pro vulkanickou p\u016fdu \u010din\u00ed v\u00fdrobu \u010daje ide\u00e1ln\u00ed.<\/p>\n<p>Neslavn\u00e1 a ne\u0161\u0165astn\u00e1 genocida mo\u017en\u00e1 v 90. letech minul\u00e9ho stolet\u00ed zkomplikovala v\u00fdrobu \u010daje, ale nyn\u00ed je v\u0161e uklidn\u011bn\u00e9 a p\u011bstov\u00e1n\u00ed \u010daje nyn\u00ed vyd\u011bl\u00e1v\u00e1 pen\u00edze zem\u011bd\u011blc\u016fm v hornat\u00fdch oblastech zem\u011b.\u00a0\u017d\u00e1dn\u00e1 n\u00e1v\u0161t\u011bva Rwandy nen\u00ed \u00fapln\u00e1 bez v\u00fdletu na Gisenyi, kde se  zelen\u00e9 kopce t\u00e1hnou na m\u00edle daleko.<\/p>\n<p>\u010caj je mi l\u00e1skou, k\u00e1va v\u00e1\u0161n\u00ed<\/p>\n<p>(LEA)<\/p>\n<p><p><img decoding=\"async\" src=\"https:\/\/caj-a-kava.cz\/obrazky\/uvod\/dobalouhovani\/cerny_caj.jpg\" alt=\"Prodej \u010dern\u00e9ho \u010daje. P\u0159\u00edprava \u010dern\u00e9ho \u010daje od Zelen\u00fd Drak \u010daj a k\u00e1va\" \/><\/p>\n","protected":false},"excerpt":{"rendered":"<p><img loading=\"lazy\" decoding=\"async\" class=\"size-full wp-image-2970 alignleft\" src=\"https:\/\/zelenydrak.cz\/wp-content\/uploads\/2024\/08\/konvice-caj.png\" alt=\"\" width=\"48\" height=\"48\" \/>   V\u016fn\u011b a chu\u0165:m\u00edrn\u00e1 sladov\u00e1 chu\u0165 s t\u00f3ny ovoce.  Rwanda nab\u00edz\u00ed vysokou nadmo\u0159skou v\u00fd\u0161ku, tropick\u00e9 klima vyso\u010diny a bohatou vulkanickou p\u016fdu, kter\u00e1 podporuje prosperuj\u00edc\u00ed \u010dajov\u00e9 zahrady produkuj\u00edc\u00ed fam\u00f3zn\u00ed \u010daje. Spojte rostouc\u00ed ekonomiku s nedot\u010denou p\u0159\u00edrodn\u00ed kr\u00e1sou a hust\u00fdmi lesy a je snadn\u00e9 pochopit, pro\u010d se Rwanda stala r\u00e1jem voln\u011b \u017eij\u00edc\u00edch \u017eivo\u010dich\u016f a host\u00ed n\u011bkter\u00e9 z posledn\u00edch zb\u00fdvaj\u00edc\u00edch <strong>horsk\u00fdch goril<\/strong> na planet\u011b. <\/p>\n","protected":false},"featured_media":91702,"comment_status":"open","ping_status":"closed","template":"","meta":[],"product_brand":[],"product_cat":[292,318],"product_tag":[],"class_list":{"0":"post-91690","1":"product","2":"type-product","3":"status-publish","4":"has-post-thumbnail","6":"product_cat-cerny-caj-cisty","7":"product_cat-cerny-caj-cisty-bio","9":"first","10":"instock","11":"product-type-variable","12":"has-default-attributes"},"_links":{"self":[{"href":"https:\/\/zelenydrak.cz\/velkoobchod\/wp-json\/wp\/v2\/product\/91690","targetHints":{"allow":["GET"]}}],"collection":[{"href":"https:\/\/zelenydrak.cz\/velkoobchod\/wp-json\/wp\/v2\/product"}],"about":[{"href":"https:\/\/zelenydrak.cz\/velkoobchod\/wp-json\/wp\/v2\/types\/product"}],"replies":[{"embeddable":true,"href":"https:\/\/zelenydrak.cz\/velkoobchod\/wp-json\/wp\/v2\/comments?post=91690"}],"wp:featuredmedia":[{"embeddable":true,"href":"https:\/\/zelenydrak.cz\/velkoobchod\/wp-json\/wp\/v2\/media\/91702"}],"wp:attachment":[{"href":"https:\/\/zelenydrak.cz\/velkoobchod\/wp-json\/wp\/v2\/media?parent=91690"}],"wp:term":[{"taxonomy":"product_brand","embeddable":true,"href":"https:\/\/zelenydrak.cz\/velkoobchod\/wp-json\/wp\/v2\/product_brand?post=91690"},{"taxonomy":"product_cat","embeddable":true,"href":"https:\/\/zelenydrak.cz\/velkoobchod\/wp-json\/wp\/v2\/product_cat?post=91690"},{"taxonomy":"product_tag","embeddable":true,"href":"https:\/\/zelenydrak.cz\/velkoobchod\/wp-json\/wp\/v2\/product_tag?post=91690"}],"curies":[{"name":"wp","href":"https:\/\/api.w.org\/{rel}","templated":true}]}}