{"id":91634,"date":"2025-03-05T08:08:05","date_gmt":"2025-03-05T08:08:05","guid":{"rendered":"https:\/\/zelenydrak.cz\/velkoobchod\/?post_type=product&#038;p=91634"},"modified":"2025-03-05T08:08:17","modified_gmt":"2025-03-05T08:08:17","slug":"java-halimun-red-dragon-organic-pravy-cerveny-caj","status":"publish","type":"product","link":"https:\/\/zelenydrak.cz\/velkoobchod\/produkt\/java-halimun-red-dragon-organic-pravy-cerveny-caj\/","title":{"rendered":"JAVA HALIMUN RED DRAGON ORGANIC &#8211; prav\u00fd \u010derven\u00fd \u010daj"},"content":{"rendered":"<h2>JAVA HALIMUN RED DRAGON ORGANIC &#8211; prav\u00fd \u010derven\u00fd \u010daj<\/h2>\n<p>Slo\u017een\u00ed: prav\u00fd \u010derven\u00fd \u010daj 100%. Pr\u00e9miov\u00e1 kvalita. BIO Rarita. \u010caj poch\u00e1z\u00ed z kontrolovan\u00e9 ekologick\u00e9 oblasti.<\/p>\n<p> \u010cerven\u00fd \u010dajV\u00e1s ihned po otev\u0159en\u00ed s\u00e1\u010dku nadchne jemnou, \u010distou v\u016fn\u00ed, bez jak\u00e9koli ho\u0159kosti s t\u00f3ny lesn\u00edho medu. Tato v\u016fn\u011b se zn\u00e1sob\u00ed jakmile \u010daj zalijeme horkou vodou a nech\u00e1me vylouhovat. Po t\u0159ech a\u017e p\u011bti minut\u00e1ch louhov\u00e1n\u00ed V\u00e1s \u010daj odm\u011bn\u00ed podmanivou v\u016fn\u00ed a atraktivn\u00ed jiskrn\u011b \u010dervenou barvou n\u00e1levu. <\/p>\n<p> O Red Dragon<\/p>\n<p>P\u0159ed n\u011bkolika lety byla v n\u00e1rodn\u00edm parku Gunung Halimun v z\u00e1padn\u00ed Jav\u011b z\u0159\u00edzena nov\u00e1 \u010dajov\u00e1 farma s c\u00edlem vyr\u00e1b\u011bt pouze pr\u00e9miov\u00e9 organick\u00e9 celolistov\u00e9 \u010daje.\u00a0Se spoustou znalost\u00ed o \u010daji a komplikovanou ru\u010dn\u00ed prac\u00ed se ve strm\u00e9m horsk\u00e9m regionu vytv\u00e1\u0159ej\u00ed \u010daje mimo\u0159\u00e1dn\u00e9 kvality.\u00a0V \u010dist\u00e9m vzduchu a v pom\u011brn\u011b chladn\u00e9m klimatu se da\u0159\u00ed speci\u00e1ln\u00edmu \u010dajov\u00e9mu ke\u0159i, kter\u00fd produkuje pomalu rostouc\u00ed velk\u00e9 listy s velmi \u0161irokou paletou p\u0159ekvapiv\u00fdch chut\u00ed.<\/p>\n<p>Je tedy daleko od v\u0161ech m\u011bstsk\u00fdch center  idylick\u00e1 hora Halimun, kde ve v\u00fd\u0161ce 1000 metr\u016f nad mo\u0159em roste Naga Merah (\u010cerven\u00fd drak), py\u0161n\u00edc\u00ed se kr\u00e1sn\u00fdmi  tmav\u00fdmi  listy.\u00a0<\/p>\n<p>  Tento \u010daj je velmi jemn\u00fd, v n\u011bkolika kroc\u00edch a  po dlouhou dobu fermentovan\u00fd.\u00a0To vytv\u00e1\u0159\u00ed cenn\u00e9 enzymy, d\u00edky nim\u017e je \u010daj zvl\u00e1\u0161t\u011b straviteln\u00fd a chu\u0165 je velmi jemn\u00e1 a m\u011bkk\u00e1.\u00a0V\u016fn\u011b p\u0159ipom\u00edn\u00e1 lesn\u00ed med, tepl\u00e9 t\u00f3ny d\u0159eva a tmav\u00fd cukr.<\/p>\n<p>  Pr\u00e9miovou v\u016fni a chu\u0165 nezasahuje v\u016fbec \u017e\u00e1dn\u00e1 ho\u0159kost.\u00a0Tento speci\u00e1ln\u00ed \u010daj  je m\u00edrn\u00fd a p\u0159esto siln\u00fd, p\u0159ekvap\u00ed i zku\u0161en\u00e9 pij\u00e1ky \u010daje.<\/p>\n<p>  \u010caj je mi l\u00e1skou, k\u00e1va v\u00e1\u0161n\u00ed<\/p>\n<p><em>(LEA)<\/em><\/p>\n<p><p><img decoding=\"async\" src=\"https:\/\/caj-a-kava.cz\/obrazky\/uvod\/dobalouhovani\/cerveny_caj.jpg\" \/><\/p>\n","protected":false},"excerpt":{"rendered":"<p><img loading=\"lazy\" decoding=\"async\" class=\"size-full wp-image-2970 alignleft\" src=\"https:\/\/zelenydrak.cz\/wp-content\/uploads\/2024\/08\/konvice-caj.png\" alt=\"\" width=\"48\" height=\"48\" \/>   V\u016fn\u011b a chu\u0165: jemn\u00e1, \u010dist\u00e1 v\u016fn\u011b bez jak\u00e9koli ho\u0159kosti s t\u00f3ny lesn\u00edho medu. V \u010dist\u00e9m vzduchu a v pom\u011brn\u011b chladn\u00e9m klimatu se da\u0159\u00ed speci\u00e1ln\u00edmu \u010dajov\u00e9mu ke\u0159i, kter\u00fd produkuje pomalu rostouc\u00ed velk\u00e9 listy s velmi \u0161irokou paletou p\u0159ekvapiv\u00fdch chut\u00ed.<\/p>\n<p>Je daleko od v\u0161ech m\u011bstsk\u00fdch center idylick\u00e1 hora Halimun, kde ve v\u00fd\u0161ce 1000 metr\u016f nad mo\u0159em roste Naga Merah (\u010cerven\u00fd drak), py\u0161n\u00edc\u00ed se kr\u00e1sn\u00fdmi tmav\u00fdmi listy. <\/p>\n","protected":false},"featured_media":91664,"comment_status":"open","ping_status":"closed","template":"","meta":[],"product_brand":[],"product_cat":[292,318,368,367,301],"product_tag":[],"class_list":{"0":"post-91634","1":"product","2":"type-product","3":"status-publish","4":"has-post-thumbnail","6":"product_cat-cerny-caj-cisty","7":"product_cat-cerny-caj-cisty-bio","8":"product_cat-cerveny-caj","9":"product_cat-cerveny-caj-bio","10":"product_cat-rarity-a-premiove-caje","12":"first","13":"instock","14":"product-type-variable","15":"has-default-attributes"},"_links":{"self":[{"href":"https:\/\/zelenydrak.cz\/velkoobchod\/wp-json\/wp\/v2\/product\/91634","targetHints":{"allow":["GET"]}}],"collection":[{"href":"https:\/\/zelenydrak.cz\/velkoobchod\/wp-json\/wp\/v2\/product"}],"about":[{"href":"https:\/\/zelenydrak.cz\/velkoobchod\/wp-json\/wp\/v2\/types\/product"}],"replies":[{"embeddable":true,"href":"https:\/\/zelenydrak.cz\/velkoobchod\/wp-json\/wp\/v2\/comments?post=91634"}],"wp:featuredmedia":[{"embeddable":true,"href":"https:\/\/zelenydrak.cz\/velkoobchod\/wp-json\/wp\/v2\/media\/91664"}],"wp:attachment":[{"href":"https:\/\/zelenydrak.cz\/velkoobchod\/wp-json\/wp\/v2\/media?parent=91634"}],"wp:term":[{"taxonomy":"product_brand","embeddable":true,"href":"https:\/\/zelenydrak.cz\/velkoobchod\/wp-json\/wp\/v2\/product_brand?post=91634"},{"taxonomy":"product_cat","embeddable":true,"href":"https:\/\/zelenydrak.cz\/velkoobchod\/wp-json\/wp\/v2\/product_cat?post=91634"},{"taxonomy":"product_tag","embeddable":true,"href":"https:\/\/zelenydrak.cz\/velkoobchod\/wp-json\/wp\/v2\/product_tag?post=91634"}],"curies":[{"name":"wp","href":"https:\/\/api.w.org\/{rel}","templated":true}]}}