{"id":91631,"date":"2025-03-05T08:08:05","date_gmt":"2025-03-05T08:08:05","guid":{"rendered":"https:\/\/zelenydrak.cz\/velkoobchod\/?post_type=product&#038;p=91631"},"modified":"2025-03-05T08:08:17","modified_gmt":"2025-03-05T08:08:17","slug":"south-korea-woojeon-green-organic-pravy-zeleny-caj","status":"publish","type":"product","link":"https:\/\/zelenydrak.cz\/velkoobchod\/produkt\/south-korea-woojeon-green-organic-pravy-zeleny-caj\/","title":{"rendered":"SOUTH KOREA WOOJEON GREEN ORGANIC &#8211; prav\u00fd zelen\u00fd \u010daj"},"content":{"rendered":"<h2>SOUTH KOREA WOOJEON GREEN ORGANIC &#8211; prav\u00fd zelen\u00fd \u010daj<\/h2>\n<p>Slo\u017een\u00ed: prav\u00fd zelen\u00fd \u010daj z Ji\u017en\u00ed Koreji 100%. Pr\u00e9miov\u00e1 kvalita. <\/p>\n<p><img loading=\"lazy\" decoding=\"async\" style=\"float: left;\" title=\"konvice \u010caj-a-K\u00e1va.cz\" src=\"https:\/\/caj-a-kava.cz\/img\/cms\/konvice_zelenydrak.png\" alt=\"konvice \u010caj-a-K\u00e1va.cz\" width=\"100\" height=\"100\" \/><\/p>\n<p>\u010caj V\u00e1s hned p\u0159i otev\u0159en\u00ed s\u00e1\u010dku nadchne  m\u00edrnou nasl\u00e1dlou v\u016fn\u00ed. Tato v\u016fn\u011b se zn\u00e1sob\u00ed jakmile \u010daj zalijeme teplou kvalitn\u00ed vodou a nech\u00e1me vylouhovat. Po dvou a\u017e t\u0159ech minut\u00e1ch louhov\u00e1n\u00ed V\u00e1s \u010daj odm\u011bn\u00ed podmanivou v\u016fn\u00ed a n\u00e1dhernou sv\u011btle zelenou barvou n\u00e1levu.<\/p>\n<p>SOUTH KOREA WOOJEON GREEN ORGANIC<\/p>\n<p> Listy zelen\u00e9ho \u010daje Woojeon se skl\u00edzej\u00ed velmi pe\u010dliv\u011b u\u017e p\u0159edt\u00edm ne\u017e se zapo\u010dne s v\u00fdrobou \u010daje Gokwoo a to p\u0159ed prvn\u00edma sr\u00e1\u017ekama. Vlastn\u011b samotn\u00fd n\u00e1zev \u010daje by se dal p\u0159elo\u017eit jako P\u0159ed de\u0161t\u011bm. Tyto podm\u00ednky ur\u010den\u00e9 pro sb\u011br Woojeon \u010daje z n\u011bj d\u011blaj\u00ed opravdovou raritu. Jen ty nejlep\u0161\u00ed a nejv\u00edce jemn\u00e9 l\u00edstky jsou d\u00e1le zpracov\u00e1v\u00e1ny podle japonsk\u00e9 tradice, kter\u00e1 stoj\u00ed za vznikem tohoto vz\u00e1cn\u00e9ho, speci\u00e1ln\u00edho \u010daje. <\/p>\n<p>\u010caj je velmi neobvykl\u00fd s pln\u00fdm t\u011blem, m\u00edrnou o\u0159\u00ed\u0161kovo tr\u00e1vovou chut\u00ed a sladkou dochut\u00ed. Vynik\u00e1 kr\u00e1sn\u011b zelinkav\u00fdm, jiskrn\u00fdm n\u00e1levem. \u010caj chut\u00ed p\u0159ipom\u00edn\u00e1 \u0161pi\u010dkov\u00e9 japonsk\u00e9 \u010daje z prvn\u00edch sklizn\u00ed. WOOJEON poch\u00e1z\u00ed z kontrolovan\u00e9ho ekologick\u00e9ho zem\u011bd\u011blstv\u00ed.<\/p>\n<p><img decoding=\"async\" src=\"https:\/\/www.zelenydrak.cz\/wp-content\/uploads\/2019\/09\/ledov\u00fd-\u010daj-zelen\u00fd-drak.cz_.jpg\" alt=\"Prodej zelen\u00e9ho, sypan\u00e9ho BIO \u010daje.\" \/><\/p>\n<p>\u010caj je mi l\u00e1skou, k\u00e1va v\u00e1\u0161n\u00ed<\/p>\n<p>LEA<\/p>\n<p><p><img decoding=\"async\" src=\"https:\/\/caj-a-kava.cz\/obrazky\/uvod\/dobalouhovani\/zeleny_caj.jpg\" alt=\"Prodej zelen\u00e9ho, sypan\u00e9ho BIO \u010daje. P\u0159\u00edprava \u010daje od Zelen\u00fd Drak \u010daj a k\u00e1va\" \/><\/p>\n","protected":false},"excerpt":{"rendered":"<p><img loading=\"lazy\" decoding=\"async\" class=\"size-full wp-image-2970 alignleft\" src=\"https:\/\/zelenydrak.cz\/wp-content\/uploads\/2024\/08\/konvice-caj.png\" alt=\"\" width=\"48\" height=\"48\" \/>   V\u016fn\u011b a chu\u0165: sladk\u00e1 s m\u00edrnou o\u0159\u00ed\u0161kovo tr\u00e1vovou dochut\u00ed.  Listy zelen\u00e9ho \u010daje Woojeon se skl\u00edzej\u00ed velmi pe\u010dliv\u011b u\u017e p\u0159edt\u00edm ne\u017e se zapo\u010dne s v\u00fdrobou \u010daje Gokwoo a to p\u0159ed prvn\u00edma sr\u00e1\u017ekama. Vlastn\u011b samotn\u00fd n\u00e1zev \u010daje by se dal p\u0159elo\u017eit jako P\u0159ed de\u0161t\u011bm. Tyto podm\u00ednky ur\u010den\u00e9 pro sb\u011br Woojeon \u010daje z n\u011bj d\u011blaj\u00ed opravdovou raritu.  <\/p>\n","protected":false},"featured_media":91654,"comment_status":"open","ping_status":"closed","template":"","meta":[],"product_brand":[],"product_cat":[301,295,311],"product_tag":[],"class_list":{"0":"post-91631","1":"product","2":"type-product","3":"status-publish","4":"has-post-thumbnail","6":"product_cat-rarity-a-premiove-caje","7":"product_cat-zeleny-caj-cisty","8":"product_cat-zeleny-caj-cisty-bio","10":"first","11":"instock","12":"product-type-variable","13":"has-default-attributes"},"_links":{"self":[{"href":"https:\/\/zelenydrak.cz\/velkoobchod\/wp-json\/wp\/v2\/product\/91631","targetHints":{"allow":["GET"]}}],"collection":[{"href":"https:\/\/zelenydrak.cz\/velkoobchod\/wp-json\/wp\/v2\/product"}],"about":[{"href":"https:\/\/zelenydrak.cz\/velkoobchod\/wp-json\/wp\/v2\/types\/product"}],"replies":[{"embeddable":true,"href":"https:\/\/zelenydrak.cz\/velkoobchod\/wp-json\/wp\/v2\/comments?post=91631"}],"wp:featuredmedia":[{"embeddable":true,"href":"https:\/\/zelenydrak.cz\/velkoobchod\/wp-json\/wp\/v2\/media\/91654"}],"wp:attachment":[{"href":"https:\/\/zelenydrak.cz\/velkoobchod\/wp-json\/wp\/v2\/media?parent=91631"}],"wp:term":[{"taxonomy":"product_brand","embeddable":true,"href":"https:\/\/zelenydrak.cz\/velkoobchod\/wp-json\/wp\/v2\/product_brand?post=91631"},{"taxonomy":"product_cat","embeddable":true,"href":"https:\/\/zelenydrak.cz\/velkoobchod\/wp-json\/wp\/v2\/product_cat?post=91631"},{"taxonomy":"product_tag","embeddable":true,"href":"https:\/\/zelenydrak.cz\/velkoobchod\/wp-json\/wp\/v2\/product_tag?post=91631"}],"curies":[{"name":"wp","href":"https:\/\/api.w.org\/{rel}","templated":true}]}}