{"id":91628,"date":"2025-03-05T08:08:05","date_gmt":"2025-03-05T08:08:05","guid":{"rendered":"https:\/\/zelenydrak.cz\/velkoobchod\/?post_type=product&#038;p=91628"},"modified":"2025-03-05T08:08:17","modified_gmt":"2025-03-05T08:08:17","slug":"kava-indonesie-sumatra-lintong","status":"publish","type":"product","link":"https:\/\/zelenydrak.cz\/velkoobchod\/produkt\/kava-indonesie-sumatra-lintong\/","title":{"rendered":"K\u00c1VA INDONESIE SUMATRA LINTONG"},"content":{"rendered":"<h2>INDONESIEN SUMATRA LINTONG &#8211; k\u00e1va ze Sumatry s velmi jemnou kyselinkou<\/h2>\n<p>Slo\u017een\u00ed: \u010dern\u00e1  k\u00e1va 100% Arabika.<\/p>\n<p> K\u00e1va ze Sumatry V\u00e1s ihned po otev\u0159en\u00ed s\u00e1\u010dku nadchne  \u00fa\u017easnou k\u00e1vovou v\u016fn\u00ed s t\u00f3ny bylin a sladk\u00e9 \u010dokol\u00e1dy. Tato v\u016fn\u011b se zn\u00e1sob\u00ed jakmile k\u00e1vu zalijeme horkou vodou. Po spr\u00e1vn\u00e9 p\u0159\u00edprav\u011b   V\u00e1s k\u00e1va odm\u011bn\u00ed podmanivou v\u016fn\u00ed a delik\u00e1tn\u00ed chut\u00ed.<\/p>\n<p><strong>O k\u00e1v\u011b ze Sumatry<\/strong><\/p>\n<p>Sumatersk\u00e1 k\u00e1va je vlastn\u00edkem jednoho z nejpozoruhodn\u011bj\u0161\u00edch a nejrozeznatel\u011bj\u0161\u00edch profil\u016f v k\u00e1vov\u00e9m sv\u011bt\u011b. K\u00e1va vynik\u00e1 zemitost\u00ed, pln\u00fdm t\u011blem a jemnou kyselost\u00ed. Sladkost Lintong je dopln\u011bna m\u00edrn\u011b \u010dokol\u00e1dovou dochut\u00ed.<\/p>\n<p>Zat\u00edmco v\u011bt\u0161ina z n\u00e1s je obezn\u00e1mena s druhy Mandehling a Gayo, tak druh zn\u00e1m\u00fd jako Lintong (odvozuje sv\u016fj n\u00e1zev od sv\u00e9ho domova v okrese Lintongnihuta), t\u00e9m\u011b\u0159 nikdo nezn\u00e1. <\/p>\n<p>Lintong je oblast le\u017e\u00edc\u00ed na jihoz\u00e1pad od jezera Toba, kter\u00e9 se py\u0161n\u00ed jednou z nejv\u011bt\u0161\u00edch a nejhlub\u0161\u00ed vnitrozemsk\u00fdch vodn\u00edch ploch na sv\u011bt\u011b. P\u016fda v tomto regionu vysoko na n\u00e1horn\u00ed plo\u0161in\u011b poskytuje v\u0161e pot\u0159ebn\u00e9 pro p\u011bstov\u00e1n\u00ed Arabiky. Unik\u00e1tn\u00ed pou\u017eit\u00e1 metoda zpracov\u00e1n\u00ed zrn Giling Basah m\u00e1 velk\u00fd vliv na kone\u010dnou v\u00fdslednou chu\u0165 zdobenou bylinn\u00fdmi nuancemi. <\/p>\n<p>\u00a0Giling Basah, tradi\u010dn\u00ed zp\u016fsob zpracov\u00e1n\u00ed k\u00e1vy ze Sumatry zahrnuje vytrh\u00e1v\u00e1n\u00ed k\u00e1vy z fazole p\u0159i zhruba 50% obsahu vlhkosti oproti 10 a\u017e 12% vlhkosti, kter\u00e1 je b\u011b\u017en\u00e1 ve v\u011bt\u0161in\u011b ostatn\u00edch region\u016f.<\/p>\n<p>V\u00fdsledkem tohoto jedine\u010dn\u00e9ho procesu je v\u00fdrazn\u00fd chu\u0165ov\u00fd profil: cel\u00e9 t\u011blo, n\u00edzk\u00e1 kyselost, ko\u0159enit\u00e1, bylinn\u00e1 a \u010dokol\u00e1dov\u00e1  v\u016fn\u011b a bohatost, kter\u00e1 p\u0159etrv\u00e1v\u00e1 dlouho na pat\u0159e.<\/p>\n<p>Vysoce kvalitn\u00ed lintongy se odli\u0161uj\u00ed od ostatn\u00edch k\u00e1v ze Sumatry sv\u00fdm \u010dist\u00fdm pocitem v \u00fastech a obzvl\u00e1\u0161t\u011b jasnou kyselost\u00ed.<\/p>\n<p>\u00a0<\/p>\n<p><img decoding=\"async\" src=\"https:\/\/www.zelenydrak.cz\/wp-content\/uploads\/2019\/04\/sumatra-zelen\u00fddrak.cz_.jpg\" \/><\/p>\n<h4>V\u00edce o k\u00e1v\u011b:<\/h4>\n<table class=\"table table-bordered\" width=\"594\" border=\"1\" cellspacing=\"1\" cellpadding=\"1\">\n<tbody>\n<tr>\n<td width=\"115\"><strong>Oblast<\/strong><\/td>\n<td width=\"72\"> Sumatra &#8211; Severn\u00ed Sumatra<\/td>\n<\/tr>\n<tr>\n<td><strong>Nadmo\u0159sk\u00e1 v\u00fd\u0161ka<\/strong><\/td>\n<td>1000 &#8211; 1600 m<\/td>\n<\/tr>\n<tr>\n<td><strong>Zpracov\u00e1n\u00ed<\/strong><\/td>\n<td>Giling Basah<\/td>\n<\/tr>\n<tr>\n<td><strong>P\u016fda<\/strong><\/td>\n<td>Zbytkov\u00e1 vulkanick\u00e1<\/td>\n<\/tr>\n<tr>\n<td><strong>Detail kultivaru<\/strong><\/td>\n<td>Ateng \/ Djember \/ Tim Tim<\/td>\n<\/tr>\n<tr>\n<td><strong>St\u00edn strom\u016f<\/strong><\/td>\n<td>Ano<\/td>\n<\/tr>\n<tr>\n<td><strong>Kvalita<\/strong><\/td>\n<td>Grade 1<\/td>\n<\/tr>\n<\/tbody>\n<\/table>\n<h4>Chu\u0165ov\u00fd profil:<\/h4>\n<table class=\"table table-bordered\" width=\"596\" border=\"2\" cellspacing=\"2\" cellpadding=\"2\">\n<tbody>\n<tr>\n<th width=\"100\" scope=\"row\">Stupe\u0148 pra\u017een\u00ed<\/th>\n<td width=\"100\" bgcolor=\"#4B1211\"><\/td>\n<td width=\"100\" bgcolor=\"#4B1211\"><\/td>\n<td width=\"100\"><\/td>\n<td width=\"100\"><\/td>\n<td width=\"100\"><\/td>\n<\/tr>\n<tr>\n<th scope=\"row\">Aroma<\/th>\n<td bgcolor=\"#4B1211\"><\/td>\n<td bgcolor=\"#4B1211\"><\/td>\n<td bgcolor=\"#4B1211\"><\/td>\n<td bgcolor=\"#4B1211\"><\/td>\n<td><\/td>\n<\/tr>\n<tr>\n<th scope=\"row\">Komplexnost<\/th>\n<td bgcolor=\"#4B1211\"><\/td>\n<td bgcolor=\"#4B1211\"><\/td>\n<td bgcolor=\"#4B1211\"><\/td>\n<td bgcolor=\"#4B1211\"><\/td>\n<td><\/td>\n<\/tr>\n<tr>\n<th scope=\"row\">T\u011blo<\/th>\n<td bgcolor=\"#4B1211\"><\/td>\n<td bgcolor=\"#4B1211\"><\/td>\n<td bgcolor=\"#4B1211\"><\/td>\n<td bgcolor=\"#4B1211\"><\/td>\n<td><\/td>\n<\/tr>\n<tr>\n<th scope=\"row\">Charakter<\/th>\n<td bgcolor=\"#4B1211\"><\/td>\n<td bgcolor=\"#4B1211\"><\/td>\n<td bgcolor=\"#4B1211\"><\/td>\n<td><\/td>\n<td><\/td>\n<\/tr>\n<tr>\n<th scope=\"row\">Ovocnost<\/th>\n<td bgcolor=\"#4B1211\"><\/td>\n<td bgcolor=\"#4B1211\"><\/td>\n<td bgcolor=\"#4B1211\"><\/td>\n<td><\/td>\n<td><\/td>\n<\/tr>\n<tr>\n<th scope=\"row\">Vyv\u00e1\u017eenost<\/th>\n<td bgcolor=\"#4B1211\"><\/td>\n<td bgcolor=\"#4B1211\"><\/td>\n<td><\/td>\n<td><\/td>\n<td><\/td>\n<\/tr>\n<tr>\n<th scope=\"row\">Kr\u00e9ma<\/th>\n<td bgcolor=\"#4B1211\"><\/td>\n<td><\/td>\n<td><\/td>\n<td><\/td>\n<td><\/td>\n<\/tr>\n<\/tbody>\n<\/table>\n<p>\u00a0<\/p>\n<p>\u00a0\u010caj je mi l\u00e1skou, k\u00e1va v\u00e1\u0161n\u00ed<\/p>\n<p>(LEA)<\/p>\n<p><img decoding=\"async\" src=\"https:\/\/caj-a-kava.cz\/obrazky\/uvod\/dobalouhovani\/kava.jpg\" alt=\"Prodej prav\u00e9 zrnkov\u00e9 k\u00e1vy. P\u0159\u00edprava k\u00e1vy od Zelen\u00fd Drak\"><\/p>\n","protected":false},"excerpt":{"rendered":"<p>Sumatra produkuje jedny z nejpozoruhodn\u011bj\u0161\u00edch a nejzn\u00e1m\u011bj\u0161\u00edch k\u00e1vov\u00fdch profil\u016f. Zemit\u00e9, pln\u00e9 cedru a ko\u0159en\u00ed.<\/p>\n","protected":false},"featured_media":91645,"comment_status":"open","ping_status":"closed","template":"","meta":[],"product_brand":[],"product_cat":[327],"product_tag":[],"class_list":{"0":"post-91628","1":"product","2":"type-product","3":"status-publish","4":"has-post-thumbnail","6":"product_cat-kava-cista","8":"first","9":"instock","10":"product-type-variable","11":"has-default-attributes"},"_links":{"self":[{"href":"https:\/\/zelenydrak.cz\/velkoobchod\/wp-json\/wp\/v2\/product\/91628","targetHints":{"allow":["GET"]}}],"collection":[{"href":"https:\/\/zelenydrak.cz\/velkoobchod\/wp-json\/wp\/v2\/product"}],"about":[{"href":"https:\/\/zelenydrak.cz\/velkoobchod\/wp-json\/wp\/v2\/types\/product"}],"replies":[{"embeddable":true,"href":"https:\/\/zelenydrak.cz\/velkoobchod\/wp-json\/wp\/v2\/comments?post=91628"}],"wp:featuredmedia":[{"embeddable":true,"href":"https:\/\/zelenydrak.cz\/velkoobchod\/wp-json\/wp\/v2\/media\/91645"}],"wp:attachment":[{"href":"https:\/\/zelenydrak.cz\/velkoobchod\/wp-json\/wp\/v2\/media?parent=91628"}],"wp:term":[{"taxonomy":"product_brand","embeddable":true,"href":"https:\/\/zelenydrak.cz\/velkoobchod\/wp-json\/wp\/v2\/product_brand?post=91628"},{"taxonomy":"product_cat","embeddable":true,"href":"https:\/\/zelenydrak.cz\/velkoobchod\/wp-json\/wp\/v2\/product_cat?post=91628"},{"taxonomy":"product_tag","embeddable":true,"href":"https:\/\/zelenydrak.cz\/velkoobchod\/wp-json\/wp\/v2\/product_tag?post=91628"}],"curies":[{"name":"wp","href":"https:\/\/api.w.org\/{rel}","templated":true}]}}