{"id":91585,"date":"2025-03-05T08:07:55","date_gmt":"2025-03-05T08:07:55","guid":{"rendered":"https:\/\/zelenydrak.cz\/velkoobchod\/produkt\/vietnamska-kava-espreso-smes-arabica-a-robusta\/"},"modified":"2025-03-05T08:07:55","modified_gmt":"2025-03-05T08:07:55","slug":"vietnamska-kava-espreso-smes-arabica-a-robusta","status":"publish","type":"product","link":"https:\/\/zelenydrak.cz\/velkoobchod\/produkt\/vietnamska-kava-espreso-smes-arabica-a-robusta\/","title":{"rendered":"VIETNAMSK\u00c1 K\u00c1VA ESPRESO SM\u011aS ARABICA A ROBUSTA"},"content":{"rendered":"<h2>VIETNAMSK\u00c1 K\u00c1VA ESPRESO SM\u011aS ARABICA A ROBUSTA<\/h2>\n<p>Slo\u017een\u00ed: \u010dern\u00e1 k\u00e1va p\u0159edn\u00edho vietnamsk\u00e9ho v\u00fdrobce TRUNG NGUYEN COFFEE. <\/p>\n<p>V\u00edce o k\u00e1v\u011b: Speci\u00e1ln\u00ed kombinace kvalitn\u00edch k\u00e1vov\u00fdch zrn. D\u00edky spole\u010dn\u00e9mu pra\u017een\u00ed vynik\u00e1 znamenit\u00e9 aroma a pln\u00e1, bohat\u00e1 chu\u0165 k\u00e1vy.K\u00e1va je vhodn\u00e1 pro p\u0159\u00edpravu espressa.<\/p>\n<p><img decoding=\"async\" src=\"http:\/\/caj-a-kava.cz\/obrazky\/uvod\/dobalouhovani\/kava.jpg\" alt=\"Prodej prav\u00e9 zrnkov\u00e9 k\u00e1vy. P\u0159\u00edprava k\u00e1vy od Zelen\u00fd Drak\"><\/p>\n","protected":false},"excerpt":{"rendered":"<p>Vnikaj\u00edc\u00ed Vietnamsk\u00e1 k\u00e1vov\u00e1 sm\u011bs arabiky a robusty. Hmotnost 500g.<\/p>\n","protected":false},"featured_media":91584,"comment_status":"open","ping_status":"closed","template":"","meta":[],"product_brand":[],"product_cat":[327],"product_tag":[],"class_list":{"0":"post-91585","1":"product","2":"type-product","3":"status-publish","4":"has-post-thumbnail","6":"product_cat-kava-cista","8":"first","9":"instock","10":"product-type-simple"},"_links":{"self":[{"href":"https:\/\/zelenydrak.cz\/velkoobchod\/wp-json\/wp\/v2\/product\/91585","targetHints":{"allow":["GET"]}}],"collection":[{"href":"https:\/\/zelenydrak.cz\/velkoobchod\/wp-json\/wp\/v2\/product"}],"about":[{"href":"https:\/\/zelenydrak.cz\/velkoobchod\/wp-json\/wp\/v2\/types\/product"}],"replies":[{"embeddable":true,"href":"https:\/\/zelenydrak.cz\/velkoobchod\/wp-json\/wp\/v2\/comments?post=91585"}],"wp:featuredmedia":[{"embeddable":true,"href":"https:\/\/zelenydrak.cz\/velkoobchod\/wp-json\/wp\/v2\/media\/91584"}],"wp:attachment":[{"href":"https:\/\/zelenydrak.cz\/velkoobchod\/wp-json\/wp\/v2\/media?parent=91585"}],"wp:term":[{"taxonomy":"product_brand","embeddable":true,"href":"https:\/\/zelenydrak.cz\/velkoobchod\/wp-json\/wp\/v2\/product_brand?post=91585"},{"taxonomy":"product_cat","embeddable":true,"href":"https:\/\/zelenydrak.cz\/velkoobchod\/wp-json\/wp\/v2\/product_cat?post=91585"},{"taxonomy":"product_tag","embeddable":true,"href":"https:\/\/zelenydrak.cz\/velkoobchod\/wp-json\/wp\/v2\/product_tag?post=91585"}],"curies":[{"name":"wp","href":"https:\/\/api.w.org\/{rel}","templated":true}]}}