{"id":91570,"date":"2025-03-05T08:07:53","date_gmt":"2025-03-05T08:07:53","guid":{"rendered":"https:\/\/zelenydrak.cz\/velkoobchod\/?post_type=product&#038;p=91570"},"modified":"2025-03-05T08:08:04","modified_gmt":"2025-03-05T08:08:04","slug":"kava-guatemala-la-cascada-estate","status":"publish","type":"product","link":"https:\/\/zelenydrak.cz\/velkoobchod\/produkt\/kava-guatemala-la-cascada-estate\/","title":{"rendered":"K\u00c1VA GUATEMALA LA CASCADA ESTATE"},"content":{"rendered":"<h2>GUATEMALA LA CASCADA ESTATE \u2013 guatemalsk\u00e1 k\u00e1va <\/h2>\n<p>Slo\u017een\u00ed: \u010dern\u00e1  k\u00e1va 100% Arabika.<\/p>\n<p> K\u00e1va  V\u00e1s ihned po otev\u0159en\u00ed s\u00e1\u010dku nadchne  \u00fa\u017easnou k\u00e1vovou v\u016fn\u00ed  se siln\u00fdmi t\u00f3ny \u010dokol\u00e1dy a karamelu. Tato v\u016fn\u011b se zn\u00e1sob\u00ed jakmile k\u00e1vu zalijeme horkou vodou. Po spr\u00e1vn\u00e9 p\u0159\u00edprav\u011b   V\u00e1s k\u00e1va odm\u011bn\u00ed podmanivou v\u016fn\u00ed a delik\u00e1tn\u00ed chut\u00ed.<\/p>\n<p>O k\u00e1v\u011b <\/p>\n<p>Asi p\u0159ed 20 lety koupil Horst Spitzke sv\u011b\u017e\u00ed farmu Flor del Rosario v Cob\u00e1nu, hlavn\u00edm m\u011bst\u011b severn\u00edho departementu Alta Verapaz v Guatemale.<\/p>\n<p>Don Horst m\u011bl v \u00famyslu p\u00e1st  skot, ale nakonec na to byl p\u0159\u00edli\u0161 ne\u0161ikovn\u00fd a tak se dal do p\u011bstov\u00e1n\u00ed k\u00e1vy.\u00a0Rozhodl se, \u017ee se nau\u010d\u00ed v\u0161e, co bude v jeho sil\u00e1ch s v\u00e1\u0161n\u00ed a pozornost\u00ed k detail\u016fm, d\u00edky nim\u017e se stal \u00fasp\u011b\u0161n\u00fdm in\u017een\u00fdrem v jeho d\u0159\u00edv\u011bj\u0161\u00edm \u017eivot\u011b v N\u011bmecku. Toto dnes vysv\u011btluje \u00fasp\u011bch v konzistenci jeho k\u00e1v.<\/p>\n<p>Obchodn\u00edci nakupuj\u00ed  od Dona Horsta t\u00e9m\u011b\u0159 des\u00edtky let a ka\u017ed\u00fd rok dost\u00e1vaj\u00ed to \u010d\u00edm Flor del Rosario vynik\u00e1: sv\u011b\u017e\u00ed, vyv\u00e1\u017eenou k\u00e1vu s pln\u00fdm t\u011blem a \u010dokol\u00e1dov\u00fdmi, kv\u011btinov\u00fdmi a citrusov\u00fdmi t\u00f3ny. \u00a0Mezi obchodn\u00edky panuje  shoda v tom, \u017ee tato k\u00e1va je nejlep\u0161\u00ed, kdy\u017e se va\u0159\u00ed tradi\u010dn\u00ed metodou.<\/p>\n<p>Flor del Rosario m\u00e1 rozlohu p\u0159ibli\u017en\u011b 500 hektar\u016f, z toho 150 hektar\u016f je k\u00e1va, zbytek tvo\u0159\u00ed p\u0159\u00edrodn\u00ed les.\u00a0A p\u0159esto, nejobl\u00edben\u011bj\u0161\u00ed atrakc\u00ed t\u00e9to nemovitosti je jej\u00ed v\u00edcepodla\u017en\u00ed vodop\u00e1d &#8211;\u00a0\u00a0<em>la cascada -,\u00a0<\/em>\u00a0od kter\u00e9ho se tato k\u00e1va jmenuje.\u00a0Pokud jde o zpracov\u00e1n\u00ed, proto\u017ee Cob\u00e1n je velmi zaml\u017een\u00e1 oblast, Don Horst su\u0161\u00ed k\u00e1vu na betonov\u00e9 terase po dobu dvou dn\u016f a pot\u00e9 ji ode\u0161le, aby se pln\u011b vysu\u0161ila strojem.<\/p>\n<p>\u00a0La Cascada m\u00e1 siln\u00e9 t\u00f3ny \u010dokol\u00e1dy a karamelu, jasnou kyselost s pomeran\u010dov\u00fdmi a citronov\u00fdmi t\u00f3ny, opravdu kr\u00e1snou kulatost a pocit v \u00fastech a sladk\u00fd a \u010dist\u00fd povrch.<\/p>\n<p>\u00a0<\/p>\n<p><img decoding=\"async\" src=\"https:\/\/www.zelenydrak.cz\/wp-content\/uploads\/2019\/04\/guatemala-zelen\u00fddrak.cz_.jpg\" alt=\"Prodej prav\u00e9 zrnkov\u00e9 k\u00e1vy.\" \/><\/p>\n<h4>V\u00edce o k\u00e1v\u011b:<\/h4>\n<table class=\"table table-bordered\" width=\"594\" border=\"1\" cellspacing=\"1\" cellpadding=\"1\">\n<tbody>\n<tr>\n<td width=\"115\"><strong>Oblast<\/strong><\/td>\n<td width=\"72\">La Cascada Estate<\/td>\n<\/tr>\n<tr>\n<td><strong>Nadmo\u0159sk\u00e1 v\u00fd\u0161ka<\/strong><\/td>\n<td>1200 &#8211; 1500 m<\/td>\n<\/tr>\n<tr>\n<td><strong>Zpracov\u00e1n\u00ed<\/strong><\/td>\n<td>promyta<\/td>\n<\/tr>\n<tr>\n<td><strong>P\u016fda<\/strong><\/td>\n<td>vulkanicky zv\u011btral\u00e1 zem<\/td>\n<\/tr>\n<tr>\n<td><strong>Detail kultivaru<\/strong><\/td>\n<td>Arabica Caturra<\/td>\n<\/tr>\n<tr>\n<td><strong>St\u00edn strom\u016f<\/strong><\/td>\n<td>Ano<\/td>\n<\/tr>\n<tr>\n<td><strong>Kvalita<\/strong><\/td>\n<td>Fancy SHB<\/td>\n<\/tr>\n<\/tbody>\n<\/table>\n<h4>Chu\u0165ov\u00fd profil:<\/h4>\n<table class=\"table table-bordered\" width=\"596\" border=\"2\" cellspacing=\"2\" cellpadding=\"2\">\n<tbody>\n<tr>\n<th width=\"100\" scope=\"row\">Stupe\u0148 pra\u017een\u00ed<\/th>\n<td width=\"100\" bgcolor=\"#4B1211\"><\/td>\n<td width=\"100\" bgcolor=\"#4B1211\"><\/td>\n<td width=\"100\"><\/td>\n<td width=\"100\"><\/td>\n<td width=\"100\"><\/td>\n<\/tr>\n<tr>\n<th scope=\"row\">Aroma<\/th>\n<td bgcolor=\"#4B1211\"><\/td>\n<td bgcolor=\"#4B1211\"><\/td>\n<td bgcolor=\"#4B1211\"><\/td>\n<td><\/td>\n<td><\/td>\n<\/tr>\n<tr>\n<th scope=\"row\">Komplexnost<\/th>\n<td bgcolor=\"#4B1211\"><\/td>\n<td bgcolor=\"#4B1211\"><\/td>\n<td bgcolor=\"#4B1211\"><\/td>\n<td><\/td>\n<td><\/td>\n<\/tr>\n<tr>\n<th scope=\"row\">T\u011blo<\/th>\n<td bgcolor=\"#4B1211\"><\/td>\n<td bgcolor=\"#4B1211\"><\/td>\n<td bgcolor=\"#4B1211\"><\/td>\n<td bgcolor=\"#4B1211\"><\/td>\n<td><\/td>\n<\/tr>\n<tr>\n<th scope=\"row\">Charakter<\/th>\n<td bgcolor=\"#4B1211\"><\/td>\n<td bgcolor=\"#4B1211\"><\/td>\n<td bgcolor=\"#4B1211\"><\/td>\n<td bgcolor=\"#4B1211\"><\/td>\n<td><\/td>\n<\/tr>\n<tr>\n<th scope=\"row\">Ovocnost<\/th>\n<td bgcolor=\"#4B1211\"><\/td>\n<td bgcolor=\"#4B1211\"><\/td>\n<td bgcolor=\"#4B1211\"><\/td>\n<td><\/td>\n<td><\/td>\n<\/tr>\n<tr>\n<th scope=\"row\">Vyv\u00e1\u017eenost<\/th>\n<td bgcolor=\"#4B1211\"><\/td>\n<td bgcolor=\"#4B1211\"><\/td>\n<td bgcolor=\"#4B1211\"><\/td>\n<td bgcolor=\"#4B1211\"><\/td>\n<td><\/td>\n<\/tr>\n<tr>\n<th scope=\"row\">Kr\u00e9ma<\/th>\n<td bgcolor=\"#4B1211\"><\/td>\n<td><\/td>\n<td><\/td>\n<td><\/td>\n<td><\/td>\n<\/tr>\n<\/tbody>\n<\/table>\n<p>\u00a0<\/p>\n<p>\u00a0\u010caj je mi l\u00e1skou, k\u00e1va v\u00e1\u0161n\u00ed<\/p>\n<p>(LEA)<\/p>\n<p><img decoding=\"async\" src=\"https:\/\/caj-a-kava.cz\/obrazky\/uvod\/dobalouhovani\/kava.jpg\" alt=\"Prodej prav\u00e9 zrnkov\u00e9 k\u00e1vy. P\u0159\u00edprava k\u00e1vy od Zelen\u00fd Drak\"><\/p>\n","protected":false},"excerpt":{"rendered":"<p>Sv\u011b\u017e\u00ed, vyv\u00e1\u017een\u00e1 k\u00e1va s pln\u00fdm t\u011blem a \u010dokol\u00e1dov\u00fdmi, kv\u011btinov\u00fdmi a citrusov\u00fdmi t\u00f3ny. Mezi obchodn\u00edky panuje  shoda v tom, \u017ee tato k\u00e1va je nejlep\u0161\u00ed, kdy\u017e se va\u0159\u00ed tradi\u010dn\u00ed metodou.<\/p>\n","protected":false},"featured_media":91607,"comment_status":"open","ping_status":"closed","template":"","meta":[],"product_brand":[],"product_cat":[327],"product_tag":[],"class_list":{"0":"post-91570","1":"product","2":"type-product","3":"status-publish","4":"has-post-thumbnail","6":"product_cat-kava-cista","8":"first","9":"instock","10":"product-type-variable","11":"has-default-attributes"},"_links":{"self":[{"href":"https:\/\/zelenydrak.cz\/velkoobchod\/wp-json\/wp\/v2\/product\/91570","targetHints":{"allow":["GET"]}}],"collection":[{"href":"https:\/\/zelenydrak.cz\/velkoobchod\/wp-json\/wp\/v2\/product"}],"about":[{"href":"https:\/\/zelenydrak.cz\/velkoobchod\/wp-json\/wp\/v2\/types\/product"}],"replies":[{"embeddable":true,"href":"https:\/\/zelenydrak.cz\/velkoobchod\/wp-json\/wp\/v2\/comments?post=91570"}],"wp:featuredmedia":[{"embeddable":true,"href":"https:\/\/zelenydrak.cz\/velkoobchod\/wp-json\/wp\/v2\/media\/91607"}],"wp:attachment":[{"href":"https:\/\/zelenydrak.cz\/velkoobchod\/wp-json\/wp\/v2\/media?parent=91570"}],"wp:term":[{"taxonomy":"product_brand","embeddable":true,"href":"https:\/\/zelenydrak.cz\/velkoobchod\/wp-json\/wp\/v2\/product_brand?post=91570"},{"taxonomy":"product_cat","embeddable":true,"href":"https:\/\/zelenydrak.cz\/velkoobchod\/wp-json\/wp\/v2\/product_cat?post=91570"},{"taxonomy":"product_tag","embeddable":true,"href":"https:\/\/zelenydrak.cz\/velkoobchod\/wp-json\/wp\/v2\/product_tag?post=91570"}],"curies":[{"name":"wp","href":"https:\/\/api.w.org\/{rel}","templated":true}]}}