{"id":91568,"date":"2025-03-05T08:07:53","date_gmt":"2025-03-05T08:07:53","guid":{"rendered":"https:\/\/zelenydrak.cz\/velkoobchod\/?post_type=product&#038;p=91568"},"modified":"2025-03-05T08:08:04","modified_gmt":"2025-03-05T08:08:04","slug":"brazilska-kava-fazenda-nossa-senhora-de-fatima-bio","status":"publish","type":"product","link":"https:\/\/zelenydrak.cz\/velkoobchod\/produkt\/brazilska-kava-fazenda-nossa-senhora-de-fatima-bio\/","title":{"rendered":"BRAZILSK\u00c1 K\u00c1VA FAZENDA NOSSA SENHORA DE FATIMA BIO"},"content":{"rendered":"<h2>BRAZILSK\u00c1 K\u00c1VA FAZENDA NOSSA SENHORA DE FATIMA BIO <\/h2>\n<p>Slo\u017een\u00ed: \u010dern\u00e1  k\u00e1va 100% Arabika.<\/p>\n<p> K\u00e1va V\u00e1s ihned po otev\u0159en\u00ed s\u00e1\u010dku nadchne  sv\u011b\u017e\u00ed ovocnou v\u016fni s n\u00e1dechem \u010dokol\u00e1dy a lehce zemitou chut\u00ed. Tato v\u016fn\u011b se zn\u00e1sob\u00ed jakmile k\u00e1vu zalijeme horkou vodou. Po spr\u00e1vn\u00e9 p\u0159\u00edprav\u011b   V\u00e1s k\u00e1va odm\u011bn\u00ed podmanivou v\u016fn\u00ed a delik\u00e1tn\u00ed chut\u00ed.<\/p>\n<p>Fazenda Nossa Senhora de Fatima se nach\u00e1z\u00ed v oblasti Triangulo Mineiro, v proslul\u00e9 oblasti Cerrado.\u00a0K\u00e1vy z t\u00e9to oblasti jsou \u010dasto nab\u00edzeny jako jedny z nejlep\u0161\u00edch, kter\u00e9 m\u016f\u017ee Braz\u00edlie nab\u00eddnout.\u00a0Tmav\u011b \u010derven\u00e1 p\u016fda typick\u00e1 pro tuto oblast tvo\u0159\u00ed z\u00e1klad pro vynikaj\u00edc\u00ed produkci k\u00e1vy.<\/p>\n<p>Tato farma produkuje pouze 100% organickou k\u00e1vu.\u00a0Jej\u00ed 895 000 k\u00e1vov\u00fdch strom\u016f je pe\u010dliv\u011b sledov\u00e1no zem\u011bd\u011blsk\u00fdm technikem (Ricardo Aguiar Resende) na pln\u00fd \u00favazek, aby byla zaji\u0161t\u011bna konzistence a kvalita.<\/p>\n<p>Fazenda Nossa Senhora de Fatima  p\u0159ekonala sv\u00e9 z\u00e1vazky k soci\u00e1ln\u00ed a environment\u00e1ln\u00ed rovnosti.\u00a075-110 pracovn\u00edk\u016f pracuj\u00edc\u00edch na t\u00e9to farm\u011b cestuje ka\u017ed\u00fd den ze t\u0159\u00ed m\u011bst: Perdizes, Patrocinio a Igrejinha da Macega.\u00a0Ricardo zaji\u0161\u0165uje dopravu pro d\u011bln\u00edky ka\u017ed\u00fd den. Pravdou je, \u017ee n\u011bkte\u0159\u00ed pracovn\u00edci na farm\u011b tak\u00e9 \u017eij\u00ed.\u00a0Fazenda Nossa Senhora de Fatima se sna\u017e\u00ed produkovat ve\u0161kerou energii a v\u011bt\u0161inu v\u011bc\u00ed pot\u0159ebn\u00fdch pro v\u00fdrobu k\u00e1vy.\u00a0Prob\u00edh\u00e1 op\u011btovn\u00e9 zales\u0148ov\u00e1n\u00ed p\u016fvodn\u00edch strom\u016f, kter\u00e9 k farm\u011b p\u0159id\u00e1v\u00e1 \u010d\u00e1st k\u00e1vy p\u011bstovan\u00e9 ve st\u00ednu, kter\u00e1 se v Braz\u00edlii b\u011b\u017en\u011b nenach\u00e1z\u00ed.<\/p>\n<p>Zaj\u00edmavost\u00ed je, \u017ee v lednu 2012 se farma stala prvn\u00ed kavovou farmou na sv\u011bt\u011b certifikovanou jako  Fair Trade Certified \u2122.\u00a0<\/p>\n<p><img decoding=\"async\" src=\"https:\/\/www.zelenydrak.cz\/wp-content\/uploads\/2019\/04\/brazilie-zelen\u00fddrak.cz_.jpg\" alt=\"Prodej prav\u00e9 zrnkov\u00e9 k\u00e1vy.\" \/><\/p>\n<h4>V\u00edce o k\u00e1v\u011b:<\/h4>\n<table class=\"table table-bordered\" width=\"594\" border=\"1\" cellspacing=\"1\" cellpadding=\"1\">\n<tbody>\n<tr>\n<td width=\"115\"><strong>Oblast<\/strong><\/td>\n<td width=\"72\"> Fazenda Nossa Senhora de Fatima, region Cerrado<\/td>\n<\/tr>\n<tr>\n<td><strong>Nadmo\u0159sk\u00e1 v\u00fd\u0161ka<\/strong><\/td>\n<td>1350 m.<\/td>\n<\/tr>\n<tr>\n<td><strong>Zpracov\u00e1n\u00ed<\/strong><\/td>\n<td>Promyt\u00edm<\/td>\n<\/tr>\n<tr>\n<td><strong>P\u016fda<\/strong><\/td>\n<td>\u00darodn\u00e1 p\u016fda de\u0161tn\u00e9ho pralesa<\/td>\n<\/tr>\n<tr>\n<td><strong>Detail kultivaru<\/strong><\/td>\n<td>Arabica Icatu<\/td>\n<\/tr>\n<tr>\n<td><strong>St\u00edn strom\u016f<\/strong><\/td>\n<td>Ano<\/td>\n<\/tr>\n<tr>\n<td><strong>Kvalita<\/strong><\/td>\n<td>Kvalita: 2\/3 NY<\/td>\n<\/tr>\n<\/tbody>\n<\/table>\n<h4>Chu\u0165ov\u00fd profil:<\/h4>\n<table class=\"table table-bordered\" width=\"596\" border=\"2\" cellspacing=\"2\" cellpadding=\"2\">\n<tbody>\n<tr>\n<th width=\"100\" scope=\"row\">Stupe\u0148 pra\u017een\u00ed<\/th>\n<td width=\"100\" bgcolor=\"#4B1211\"><\/td>\n<td width=\"100\" bgcolor=\"#4B1211\"><\/td>\n<td width=\"100\"><\/td>\n<td width=\"100\"><\/td>\n<td width=\"100\"><\/td>\n<\/tr>\n<tr>\n<th scope=\"row\">Aroma<\/th>\n<td bgcolor=\"#4B1211\"><\/td>\n<td bgcolor=\"#4B1211\"><\/td>\n<td bgcolor=\"#4B1211\"><\/td>\n<td bgcolor=\"#4B1211\"><\/td>\n<td><\/td>\n<\/tr>\n<tr>\n<th scope=\"row\">Komplexnost<\/th>\n<td bgcolor=\"#4B1211\"><\/td>\n<td bgcolor=\"#4B1211\"><\/td>\n<td bgcolor=\"#4B1211\"><\/td>\n<td><\/td>\n<td><\/td>\n<\/tr>\n<tr>\n<th scope=\"row\">T\u011blo<\/th>\n<td bgcolor=\"#4B1211\"><\/td>\n<td bgcolor=\"#4B1211\"><\/td>\n<td bgcolor=\"#4B1211\"><\/td>\n<td><\/td>\n<td><\/td>\n<\/tr>\n<tr>\n<th scope=\"row\">Charakter<\/th>\n<td bgcolor=\"#4B1211\"><\/td>\n<td bgcolor=\"#4B1211\"><\/td>\n<td bgcolor=\"#4B1211\"><\/td>\n<td bgcolor=\"#4B1211\"><\/td>\n<td bgcolor=\"#4B1211\"><\/td>\n<\/tr>\n<tr>\n<th scope=\"row\">Ovocnost<\/th>\n<td bgcolor=\"#4B1211\"><\/td>\n<td bgcolor=\"#4B1211\"><\/td>\n<td bgcolor=\"#4B1211\"><\/td>\n<td><\/td>\n<td><\/td>\n<\/tr>\n<tr>\n<th scope=\"row\">Vyv\u00e1\u017eenost<\/th>\n<td bgcolor=\"#4B1211\"><\/td>\n<td bgcolor=\"#4B1211\"><\/td>\n<td bgcolor=\"#4B1211\"><\/td>\n<td bgcolor=\"#4B1211\"><\/td>\n<td><\/td>\n<\/tr>\n<tr>\n<th scope=\"row\">Kr\u00e9ma<\/th>\n<td bgcolor=\"#4B1211\"><\/td>\n<td><\/td>\n<td><\/td>\n<td><\/td>\n<td><\/td>\n<\/tr>\n<\/tbody>\n<\/table>\n<p>\u00a0<\/p>\n<p>\u00a0\u010caj je mi l\u00e1skou, k\u00e1va v\u00e1\u0161n\u00ed<\/p>\n<p>(LEA)<\/p>\n<p>&nbsp;<\/p>\n<p><img decoding=\"async\" src=\"https:\/\/caj-a-kava.cz\/obrazky\/uvod\/dobalouhovani\/kava.jpg\" alt=\"Prodej prav\u00e9 zrnkov\u00e9 k\u00e1vy. P\u0159\u00edprava k\u00e1vy od Zelen\u00fd Drak\"><\/p>\n","protected":false},"excerpt":{"rendered":"<p>Fazenda Nossa Senhora de Fatima se nach\u00e1z\u00ed v oblasti Triangulo Mineiro, v proslul\u00e9 oblasti Cerrado.\u00a0K\u00e1vy z t\u00e9to oblasti jsou \u010dasto nab\u00edzeny jako jedny z nejlep\u0161\u00edch, kter\u00e9 m\u016f\u017ee Braz\u00edlie nab\u00eddnout.\u00a0<\/p>\n","protected":false},"featured_media":91599,"comment_status":"open","ping_status":"closed","template":"","meta":[],"product_brand":[],"product_cat":[344,327],"product_tag":[],"class_list":{"0":"post-91568","1":"product","2":"type-product","3":"status-publish","4":"has-post-thumbnail","6":"product_cat-kava-bio","7":"product_cat-kava-cista","9":"first","10":"instock","11":"product-type-variable","12":"has-default-attributes"},"_links":{"self":[{"href":"https:\/\/zelenydrak.cz\/velkoobchod\/wp-json\/wp\/v2\/product\/91568","targetHints":{"allow":["GET"]}}],"collection":[{"href":"https:\/\/zelenydrak.cz\/velkoobchod\/wp-json\/wp\/v2\/product"}],"about":[{"href":"https:\/\/zelenydrak.cz\/velkoobchod\/wp-json\/wp\/v2\/types\/product"}],"replies":[{"embeddable":true,"href":"https:\/\/zelenydrak.cz\/velkoobchod\/wp-json\/wp\/v2\/comments?post=91568"}],"wp:featuredmedia":[{"embeddable":true,"href":"https:\/\/zelenydrak.cz\/velkoobchod\/wp-json\/wp\/v2\/media\/91599"}],"wp:attachment":[{"href":"https:\/\/zelenydrak.cz\/velkoobchod\/wp-json\/wp\/v2\/media?parent=91568"}],"wp:term":[{"taxonomy":"product_brand","embeddable":true,"href":"https:\/\/zelenydrak.cz\/velkoobchod\/wp-json\/wp\/v2\/product_brand?post=91568"},{"taxonomy":"product_cat","embeddable":true,"href":"https:\/\/zelenydrak.cz\/velkoobchod\/wp-json\/wp\/v2\/product_cat?post=91568"},{"taxonomy":"product_tag","embeddable":true,"href":"https:\/\/zelenydrak.cz\/velkoobchod\/wp-json\/wp\/v2\/product_tag?post=91568"}],"curies":[{"name":"wp","href":"https:\/\/api.w.org\/{rel}","templated":true}]}}