{"id":91528,"date":"2025-03-05T08:07:45","date_gmt":"2025-03-05T08:07:45","guid":{"rendered":"https:\/\/zelenydrak.cz\/velkoobchod\/?post_type=product&#038;p=91528"},"modified":"2025-03-05T08:07:52","modified_gmt":"2025-03-05T08:07:52","slug":"kava-tanzanie-aa-machare-estate-bio-prava-kava","status":"publish","type":"product","link":"https:\/\/zelenydrak.cz\/velkoobchod\/produkt\/kava-tanzanie-aa-machare-estate-bio-prava-kava\/","title":{"rendered":"K\u00c1VA TANZANIE AA+ MACHARE ESTATE BIO &#8211; prav\u00e1 k\u00e1va"},"content":{"rendered":"<h2>K\u00c1VA TANZANIE AA+ MACHARE ESTATE BIO <\/h2>\n<p>Slo\u017een\u00ed: \u010dern\u00e1 k\u00e1va 100% Arabika. <\/p>\n<p>Tato k\u00e1va je p\u011bstov\u00e1na na svaz\u00edch nejvy\u0161\u0161\u00ed hory Afriky Kilimand\u017e\u00e1ra. Machare Estate je jedna z nejv\u00fd\u0161e le\u017e\u00edc\u00edch a nejp\u016fsobiv\u011bj\u0161\u00edch farem, ze svah\u016f Kilimand\u017e\u00e1ra v Tanz\u00e1nii. Nach\u00e1z\u00ed se p\u0159\u00edmo pod de\u0161tn\u00fdm pralesem. Pln\u011b dosp\u011bl\u00e9 k\u00e1vovn\u00edky si u\u017e\u00edvaj\u00ed chladn\u00e9ho, zdrav\u00e9ho horsk\u00e9ho vzduchu ve st\u00ednu obrovsk\u00fdch strom\u016f, kter\u00e9 d\u00e1vaj\u00ed farm\u011b jej\u00ed sv\u011b\u017e\u00ed zelenou barvu. Na t\u0159iceti osmi hektarech naprosto neporu\u0161en\u00e9 p\u0159\u00edrodn\u00ed rezervace maj\u00ed sv\u00e9 m\u00edsto i voln\u011b \u017eij\u00edc\u00ed zv\u00ed\u0159ata v\u010detn\u011b opi\u010dek komba. Farma Machare Estate k\u00e1vu p\u011bstuje trvale udr\u017eiteln\u00fdm zp\u016fsobem. Tato vynikaj\u00edc\u00ed k\u00e1va ze svah\u016f Kilimand\u017e\u00e1ra m\u00e1 siln\u00e9 t\u011blo, lehce ovocnou, sladkou, kv\u011btinovou chu\u0165 s n\u00e1dechem citrus\u016f a p\u0159\u00edjemnou jemnou kyselinkou, ale ne dominantn\u00ed kyselost\u00ed, kter\u00e1 je vyva\u017eov\u00e1na jemnou ho\u0159kou dochut\u00ed. <\/p>\n<p>V\u00edce o k\u00e1v\u011b<\/p>\n<p>Region: Moshi. <\/p>\n<p>Odr\u016fda: Arabica bourbon. <\/p>\n<p>Nadmo\u0159sk\u00e1 v\u00fd\u0161ka: 1400 m. <\/p>\n<p>Kvalita: AA<\/p>\n<p>P\u016fda: hlinit\u00e1 miner\u00e1ln\u00ed<\/p>\n<p>St\u00edn strom\u016f: ano<\/p>\n<p>Pra\u017een\u00ed: st\u0159edn\u011b pra\u017een\u00e1 k\u00e1va.<\/p>\n<p> Vhodn\u00e9 pro: pln\u011b automatick\u00fd stroj, p\u0159\u00edstroj na p\u0159\u00edpravu espressa, rychlovarn\u00e1 konvice, filtra\u010dn\u00ed p\u0159\u00edstroje, moka konvice, French press.<\/p>\n<h2>&nbsp;<\/h2>\n<p><img decoding=\"async\" src=\"https:\/\/www.zelenydrak.cz\/wp-content\/uploads\/2019\/09\/tanzanie-zelen\u00fddrak.cz_.jpg\" alt=\"Prodej prav\u00e9 zrnkov\u00e9 k\u00e1vy.\" \/><\/p>\n<h4>V\u00edce o k\u00e1v\u011b:<\/h4>\n<table class=\"table table-bordered\" width=\"594\" border=\"1\" cellspacing=\"1\" cellpadding=\"1\">\n<tbody>\n<tr>\n<td width=\"115\"><strong>Oblast<\/strong><\/td>\n<td width=\"72\">Moshi<\/td>\n<\/tr>\n<tr>\n<td><strong>Nadmo\u0159sk\u00e1 v\u00fd\u0161ka<\/strong><\/td>\n<td>1400 m.<\/td>\n<\/tr>\n<tr>\n<td><strong>Zpracov\u00e1n\u00ed<\/strong><\/td>\n<td>Mokr\u00e9<\/td>\n<\/tr>\n<tr>\n<td><strong>P\u016fda<\/strong><\/td>\n<td>Hlinit\u00e1 miner\u00e1ln\u00ed<\/td>\n<\/tr>\n<tr>\n<td><strong>Detail kultivaru<\/strong><\/td>\n<td>Arabica Bourbon<\/td>\n<\/tr>\n<tr>\n<td><strong>St\u00edn strom\u016f<\/strong><\/td>\n<td>Ano<\/td>\n<\/tr>\n<tr>\n<td><strong>Kvalita<\/strong><\/td>\n<td>AA<\/td>\n<\/tr>\n<\/tbody>\n<\/table>\n<h4>Chu\u0165ov\u00fd profil:<\/h4>\n<table class=\"table table-bordered\" width=\"596\" border=\"2\" cellspacing=\"2\" cellpadding=\"2\">\n<tbody>\n<tr>\n<th width=\"100\" scope=\"row\">Stupe\u0148 pra\u017een\u00ed<\/th>\n<td width=\"100\" bgcolor=\"#4B1211\"><\/td>\n<td width=\"100\" bgcolor=\"#4B1211\"><\/td>\n<td width=\"100\"><\/td>\n<td width=\"100\"><\/td>\n<td width=\"100\"><\/td>\n<\/tr>\n<tr>\n<th scope=\"row\">Aroma<\/th>\n<td bgcolor=\"#4B1211\"><\/td>\n<td bgcolor=\"#4B1211\"><\/td>\n<td bgcolor=\"#4B1211\"><\/td>\n<td bgcolor=\"#4B1211\"><\/td>\n<td><\/td>\n<\/tr>\n<tr>\n<th scope=\"row\">Komplexnost<\/th>\n<td bgcolor=\"#4B1211\"><\/td>\n<td bgcolor=\"#4B1211\"><\/td>\n<td bgcolor=\"#4B1211\"><\/td>\n<td bgcolor=\"#4B1211\"><\/td>\n<td bgcolor=\"#4B1211\"><\/td>\n<\/tr>\n<tr>\n<th scope=\"row\">T\u011blo<\/th>\n<td bgcolor=\"#4B1211\"><\/td>\n<td bgcolor=\"#4B1211\"><\/td>\n<td bgcolor=\"#4B1211\"><\/td>\n<td bgcolor=\"#4B1211\"><\/td>\n<td><\/td>\n<\/tr>\n<tr>\n<th scope=\"row\">Charakter<\/th>\n<td bgcolor=\"#4B1211\"><\/td>\n<td bgcolor=\"#4B1211\"><\/td>\n<td><\/td>\n<td><\/td>\n<td><\/td>\n<\/tr>\n<tr>\n<th scope=\"row\">Ovocnost<\/th>\n<td bgcolor=\"#4B1211\"><\/td>\n<td bgcolor=\"#4B1211\"><\/td>\n<td bgcolor=\"#4B1211\"><\/td>\n<td bgcolor=\"#4B1211\"><\/td>\n<td><\/td>\n<\/tr>\n<tr>\n<th scope=\"row\">Vyv\u00e1\u017eenost<\/th>\n<td bgcolor=\"#4B1211\"><\/td>\n<td bgcolor=\"#4B1211\"><\/td>\n<td><\/td>\n<td><\/td>\n<td><\/td>\n<\/tr>\n<tr>\n<th scope=\"row\">Kr\u00e9ma<\/th>\n<td bgcolor=\"#4B1211\"><\/td>\n<td><\/td>\n<td><\/td>\n<td><\/td>\n<td><\/td>\n<\/tr>\n<\/tbody>\n<\/table>\n<p>\u00a0<\/p>\n<p>\u00a0\u010caj je mi l\u00e1skou, k\u00e1va v\u00e1\u0161n\u00ed<\/p>\n<p>(LEA)<\/p>\n<p><img decoding=\"async\" src=\"https:\/\/caj-a-kava.cz\/obrazky\/uvod\/dobalouhovani\/kava.jpg\" alt=\"Prodej prav\u00e9 zrnkov\u00e9 k\u00e1vy. P\u0159\u00edprava k\u00e1vy od Zelen\u00fd Drak\"><\/p>\n","protected":false},"excerpt":{"rendered":"<p>Tato vynikaj\u00edc\u00ed k\u00e1va ze svah\u016f Kilimand\u017e\u00e1ra m\u00e1 siln\u00e9 t\u011blo, lehce ovocnou, sladkou, kv\u011btinovou chu\u0165 s n\u00e1dechem citrus\u016f a p\u0159\u00edjemnou jemnou kyselinkou, ale ne dominantn\u00ed kyselost\u00ed, kter\u00e1 je vyva\u017eov\u00e1na jemnou ho\u0159kou dochut\u00ed.<\/p>\n","protected":false},"featured_media":91555,"comment_status":"open","ping_status":"closed","template":"","meta":[],"product_brand":[],"product_cat":[344,327],"product_tag":[],"class_list":{"0":"post-91528","1":"product","2":"type-product","3":"status-publish","4":"has-post-thumbnail","6":"product_cat-kava-bio","7":"product_cat-kava-cista","9":"first","10":"instock","11":"product-type-variable","12":"has-default-attributes"},"_links":{"self":[{"href":"https:\/\/zelenydrak.cz\/velkoobchod\/wp-json\/wp\/v2\/product\/91528","targetHints":{"allow":["GET"]}}],"collection":[{"href":"https:\/\/zelenydrak.cz\/velkoobchod\/wp-json\/wp\/v2\/product"}],"about":[{"href":"https:\/\/zelenydrak.cz\/velkoobchod\/wp-json\/wp\/v2\/types\/product"}],"replies":[{"embeddable":true,"href":"https:\/\/zelenydrak.cz\/velkoobchod\/wp-json\/wp\/v2\/comments?post=91528"}],"wp:featuredmedia":[{"embeddable":true,"href":"https:\/\/zelenydrak.cz\/velkoobchod\/wp-json\/wp\/v2\/media\/91555"}],"wp:attachment":[{"href":"https:\/\/zelenydrak.cz\/velkoobchod\/wp-json\/wp\/v2\/media?parent=91528"}],"wp:term":[{"taxonomy":"product_brand","embeddable":true,"href":"https:\/\/zelenydrak.cz\/velkoobchod\/wp-json\/wp\/v2\/product_brand?post=91528"},{"taxonomy":"product_cat","embeddable":true,"href":"https:\/\/zelenydrak.cz\/velkoobchod\/wp-json\/wp\/v2\/product_cat?post=91528"},{"taxonomy":"product_tag","embeddable":true,"href":"https:\/\/zelenydrak.cz\/velkoobchod\/wp-json\/wp\/v2\/product_tag?post=91528"}],"curies":[{"name":"wp","href":"https:\/\/api.w.org\/{rel}","templated":true}]}}