{"id":91482,"date":"2025-03-05T08:07:27","date_gmt":"2025-03-05T08:07:27","guid":{"rendered":"https:\/\/zelenydrak.cz\/velkoobchod\/?post_type=product&#038;p=91482"},"modified":"2025-03-05T08:07:43","modified_gmt":"2025-03-05T08:07:43","slug":"china-yellow-tea-zdravi-prospesny","status":"publish","type":"product","link":"https:\/\/zelenydrak.cz\/velkoobchod\/produkt\/china-yellow-tea-zdravi-prospesny\/","title":{"rendered":"CHINA YELLOW TEA &#8211; zdrav\u00ed prosp\u011b\u0161n\u00fd"},"content":{"rendered":"<h2>CHINA YELLOW TEA &#8211; \u017elut\u00fd \u010daj<\/h2>\n<p>Slo\u017een\u00ed: \u017elut\u00fd \u010d\u00ednsk\u00fd \u010daj vysok\u00e9 kvality 100%.<\/p>\n<h1>\u017dlut\u00fd \u010daj a jeho tajemstv\u00ed<\/h1>\n<p>\u017dlut\u00fd \u010daj, nejvz\u00e1cn\u011bj\u0161\u00ed ze v\u0161ech \u010d\u00ednsk\u00fdch \u010daj\u016f, je poklad, kter\u00fd se vyno\u0159uje z hlubin historie a tradice. Tento neobvykl\u00fd n\u00e1poj m\u00e1 fascinuj\u00edc\u00ed p\u0159\u00edb\u011bh, a p\u0159esto\u017ee se v posledn\u00edch letech dost\u00e1v\u00e1 do pop\u0159ed\u00ed z\u00e1jmu milovn\u00edk\u016f \u010daje, jeho v\u00fdroba a dostupnost z\u016fst\u00e1vaj\u00ed mimo\u0159\u00e1dn\u011b n\u00e1ro\u010dn\u00e9. <\/p>\n<p>\u017dlut\u00fd \u010daj poch\u00e1z\u00ed z tradi\u010dn\u00edch \u010dajov\u00fdch oblast\u00ed \u010c\u00edny, zejm\u00e9na z region\u016f jako jsou Hunan a Sichuan. Existuje n\u011bkolik typ\u016f \u017elut\u00e9ho \u010daje, ale jedn\u00edm z nejzn\u00e1m\u011bj\u0161\u00edch je \u010daj Huang Shan Mao Feng, kter\u00fd se p\u011bstuje na hor\u00e1ch Huang Shan. Jakmile projde procesem, l\u00edstky \u010daje maj\u00ed jasn\u011b \u017elutou barvu a jemnou, ale sofistikovanou chu\u0165.<\/p>\n<h2>Historie \u017elut\u00e9ho \u010daje<\/h2>\n<p>Historie \u017elut\u00e9ho \u010daje sah\u00e1 a\u017e do obdob\u00ed dynastie \u010cching (1644-1911), kdy byl m\u00edstn\u011b produkov\u00e1n a obl\u00edben mezi obyvateli. Vzhledem k sv\u00e9 oblib\u011b se v\u0161ak \u010dasem ztratil a byl zapomenut, p\u0159i\u010dem\u017e mnoh\u00e9 odr\u016fdy a v\u00fdrobn\u00ed postupy se dostaly do zapomn\u011bn\u00ed. D\u016fvodem je, \u017ee zelen\u00fd \u010daj nab\u00edz\u00ed mnohem snadn\u011bj\u0161\u00ed a v\u00fdhodn\u011bj\u0161\u00ed produkci, a tak se zem\u011bd\u011blci v pr\u016fb\u011bhu let p\u0159eorientovali na jeho v\u00fdrobu. Zat\u00edmco zelen\u00fd \u010daj m\u00e1 relativn\u011b jednoduch\u00fd proces zpracov\u00e1n\u00ed, \u017elut\u00fd \u010daj vy\u017eaduje zna\u010dnou pozornost a preciznost.<\/p>\n<h2>Proces zpracov\u00e1n\u00ed<\/h2>\n<p>V\u00fdroba \u017elut\u00e9ho \u010daje je procesem, kter\u00fd si \u017e\u00e1d\u00e1 zna\u010dnou pozornost a preciznost. \u017dlut\u00fd \u010daj se sb\u00edr\u00e1 brzy na ja\u0159e, kdy\u017e jsou listy st\u00e1le v pupenov\u00e9 f\u00e1zi. To znamen\u00e1, \u017ee \u010das na sklize\u0148 je velmi kr\u00e1tk\u00fd. Tyto pupeny obsahuj\u00ed vysok\u00e9 hladiny antioxidant\u016f a samotn\u00e9 zpracov\u00e1n\u00ed vede k tomu, \u017ee \u017elut\u00fd \u010daj b\u00fdv\u00e1 bohat\u0161\u00ed na antioxidanty ne\u017e v\u011bt\u0161ina ostatn\u00edch \u010daj\u016f.<\/p>\n<p>Pupeny jsou zpracov\u00e1v\u00e1ny podobn\u011b jako b\u00edl\u00fd \u010daj, co\u017e zahrnuje jejich zvl\u00e1\u0161tn\u00ed sesch\u00e1n\u00ed. Tento proces zahrnuje zabalen\u00ed pupen\u016f do speci\u00e1ln\u00edho pap\u00edru nebo had\u0159\u00edku a jejich n\u00e1sledn\u00e9 ukl\u00e1d\u00e1n\u00ed do d\u0159ev\u011bn\u00fdch beden. Pravideln\u011b jsou \u010dajov\u00e9 listy rozbalov\u00e1ny a znovu baleny, co\u017e trv\u00e1 p\u0159ibli\u017en\u011b t\u0159i dny. Kl\u00ed\u010dov\u00fdm krokem v tomto procesu je p\u0159id\u00e1n\u00ed vlhkosti do \u010dajov\u00fdch l\u00edstk\u016f, co\u017e umo\u017e\u0148uje jemnou oxidaci. Tajemstv\u00edm tedy je &quot;zlat\u00e9&quot; zpracov\u00e1n\u00ed, kter\u00e9 d\u00e1v\u00e1 \u010daji jeho charakteristickou barvu a chu\u0165. Takto pomalu su\u0161en\u00e9 listy  zastavuj\u00ed oxidaci a vytv\u00e1\u0159ej\u00ed jedine\u010dnou chu\u0165.<\/p>\n<p>Omezen\u00e1 doba sklizn\u011b a slo\u017eitost zpracov\u00e1n\u00ed jsou jedny z hlavn\u00edch d\u016fvod\u016f, pro\u010d je \u017elut\u00fd \u010daj t\u011b\u017ek\u00e9 vyrobit v porovn\u00e1n\u00ed se zelen\u00fdm \u010dajem, kter\u00fd je mnohem ekonomi\u010dt\u011bj\u0161\u00ed. Kdy\u017e vezmete v \u00favahu chudobu oblast\u00ed, kde se \u017elut\u00fd \u010daj p\u011bstuje, nen\u00ed divu, \u017ee zem\u011bd\u011blci \u010dasto preferuj\u00ed produkci zelen\u00fdch \u010daj\u016f.<\/p>\n<h4>Chu\u0165 a Aroma<\/h4>\n<p>Chu\u0165 \u017elut\u00e9ho \u010daje je obvykle jemn\u00e1 a sladk\u00e1, s jemn\u00fdmi kv\u011btinov\u00fdmi a travnat\u00fdmi t\u00f3ny. Aroma se vyzna\u010duje osobn\u00edmi nuancemi, kter\u00e9 mohou obsahovat lehk\u00e9 o\u0159echov\u00e9 a medov\u00e9 podt\u00f3ny. D\u00edky jemn\u00e9mu zpracov\u00e1n\u00ed je \u017elut\u00fd \u010daj obecn\u011b m\u00e9n\u011b trpk\u00fd ne\u017e zelen\u00fd \u010daj a m\u00e1 p\u0159\u00edjemn\u011bj\u0161\u00ed, hlad\u0161\u00ed texturu.<\/p>\n<p>&nbsp;<\/p>\n<h2>Kvalita a uchov\u00e1n\u00ed<\/h2>\n<p>Skladov\u00e1n\u00ed \u017elut\u00e9ho \u010daje je kl\u00ed\u010dov\u00fdm faktorem pro zachov\u00e1n\u00ed jeho kvality a chuti. \u017dlut\u00fd \u010daj by se m\u011bl  uchov\u00e1vat podobn\u011b jako zelen\u00fd a b\u00edl\u00fd \u010daj, s maxim\u00e1ln\u00ed p\u00e9\u010d\u00ed. \u017divotnost \u017elut\u00e9ho \u010daje je pouze 18 m\u011bs\u00edc\u016f, tak\u017ee je d\u016fle\u017eit\u00e9 jej skladovat spr\u00e1vn\u011b. P\u0159ed otev\u0159en\u00edm by m\u011bl b\u00fdt skladov\u00e1n v chladni\u010dce. Jakmile se rozhodnete jej otev\u0159\u00edt, je dobr\u00e9 nechat ho nejprve dos\u00e1hnout pokojov\u00e9 teploty, aby se zabr\u00e1nilo kondenzaci. Po otev\u0159en\u00ed s\u00e1\u010dku je nezbytn\u00e9 \u010daj uchovat ve vzduchot\u011bsn\u00e9 n\u00e1dob\u011b, aby se minimalizoval kontakt se vzduchem a zachovala se jeho kvalita.<\/p>\n<h2>Pot\u011b\u0161en\u00ed z \u017elut\u00e9ho \u010daje<\/h2>\n<p>P\u0159i p\u0159\u00edprav\u011b a pit\u00ed \u017elut\u00e9ho \u010daje je d\u016fle\u017eit\u00e9 zam\u011b\u0159it se na chu\u0165 a aroma, kter\u00e9 tento unik\u00e1tn\u00ed \u010daj nab\u00edz\u00ed. Jeho chut\u011b jsou bohat\u00e9 a rozmanit\u00e9, a jak se v\u00ed\u0159\u00ed v \u00fastech, mohou poskytnout hlubok\u00e9 pot\u011b\u0161en\u00ed a relaxaci. P\u0159in\u00e1\u0161ej\u00ed klid a umo\u017e\u0148uj\u00ed na okam\u017eik zapomenout na stres a ka\u017edodenn\u00ed probl\u00e9my. Kdy\u017e si nalijete \u0161\u00e1lek \u017elut\u00e9ho \u010daje, ud\u011blejte si \u010das, abyste jej opravdu vychutnali. \u017dlut\u00fd \u010daj m\u00e1 schopnost zpomalit tempo ka\u017edodenn\u00edho \u017eivota a p\u0159in\u00e9st klid do du\u0161e.<\/p>\n<p>Vzhledem k tomu, \u017ee se z\u00e1jem o tento vz\u00e1cn\u00fd \u010daj v posledn\u00edch letech v\u00fdrazn\u011b zv\u00fd\u0161il, je d\u016fle\u017eit\u00e9 ho hledat nap\u0159\u00edklad  u Zelen\u00e9ho Draka, kde m\u016f\u017eete nal\u00e9zt kvalitu a autenticitu. Odr\u00e1\u017e\u00ed se v n\u011bm nejen jedine\u010dn\u00e1 tradice, ale i nezapomenuteln\u00fd z\u00e1\u017eitek pro v\u0161echny, kte\u0159\u00ed si cht\u011bj\u00ed u\u017e\u00edt chvilku pohody s \u0161\u00e1lkem \u010daje.<\/p>\n<p>\u017dlut\u00fd \u010daj, se sv\u00fdmi tajemstv\u00edmi a n\u00e1ro\u010dn\u00fdm zpracov\u00e1n\u00edm, si zaslou\u017e\u00ed m\u00edsto v srdc\u00edch \u010dajov\u00fdch nad\u0161enc\u016f a v\u0161echny ty, kte\u0159\u00ed hledaj\u00ed n\u011bco zvl\u00e1\u0161tn\u00edho. Zkuste ho a pono\u0159te se do jeho p\u0159\u00edb\u011bhu, kter\u00fd sah\u00e1 a\u017e do \u010das\u016f d\u00e1vno minul\u00fdch.<\/p>\n<p><img decoding=\"async\" src=\"https:\/\/caj-a-kava.cz\/obrazky\/uvod\/dobalouhovani\/zluty.jpg\" alt=\"Prodej zelen\u00e9ho, sypan\u00e9ho \u010daje. P\u0159\u00edprava \u010daje od Zelen\u00fd Drak \u010daj a k\u00e1va\" \/><\/p>\n","protected":false},"excerpt":{"rendered":"<p><img loading=\"lazy\" decoding=\"async\" class=\"size-full wp-image-2970 alignleft\" src=\"https:\/\/zelenydrak.cz\/wp-content\/uploads\/2024\/08\/konvice-caj.png\" alt=\"\" width=\"48\" height=\"48\" \/>   V\u016fn\u011b a chu\u0165: m\u00edrn\u011b kou\u0159ov\u00e1. \u017dlut\u00e9 \u010daje byly ur\u010deny pro pos\u00edlen\u00ed m\u00edstn\u00edch \u010d\u00ednsk\u00fdch obyvatel a nikdy ve v\u011bt\u0161\u00edm mno\u017estv\u00ed nefigurovali na trhu. Technika zpracov\u00e1n\u00ed \u017elut\u00e9ho \u010daje v porovn\u00e1n\u00ed s technikou zpracov\u00e1n\u00ed zelen\u00e9ho \u010daje je nesrovnateln\u011b slo\u017eit\u011bj\u0161\u00ed, co do zp\u016fsobu p\u0159\u00edpravy \u017elut\u00e9ho \u010daje, tak do \u010dasov\u00e9 n\u00e1ro\u010dnosti. Na druhou stranu je d\u00edky tomu yellow tea chu\u0165ov\u011b m\u011bk\u010d\u00ed, slad\u0161\u00ed a vyzr\u00e1lej\u0161\u00ed ne\u017e zelen\u00fd \u010daj.<\/p>\n","protected":false},"featured_media":91512,"comment_status":"open","ping_status":"closed","template":"","meta":[],"product_brand":[],"product_cat":[301,363],"product_tag":[],"class_list":{"0":"post-91482","1":"product","2":"type-product","3":"status-publish","4":"has-post-thumbnail","6":"product_cat-rarity-a-premiove-caje","7":"product_cat-zluty-caj","9":"first","10":"instock","11":"product-type-variable","12":"has-default-attributes"},"_links":{"self":[{"href":"https:\/\/zelenydrak.cz\/velkoobchod\/wp-json\/wp\/v2\/product\/91482","targetHints":{"allow":["GET"]}}],"collection":[{"href":"https:\/\/zelenydrak.cz\/velkoobchod\/wp-json\/wp\/v2\/product"}],"about":[{"href":"https:\/\/zelenydrak.cz\/velkoobchod\/wp-json\/wp\/v2\/types\/product"}],"replies":[{"embeddable":true,"href":"https:\/\/zelenydrak.cz\/velkoobchod\/wp-json\/wp\/v2\/comments?post=91482"}],"wp:featuredmedia":[{"embeddable":true,"href":"https:\/\/zelenydrak.cz\/velkoobchod\/wp-json\/wp\/v2\/media\/91512"}],"wp:attachment":[{"href":"https:\/\/zelenydrak.cz\/velkoobchod\/wp-json\/wp\/v2\/media?parent=91482"}],"wp:term":[{"taxonomy":"product_brand","embeddable":true,"href":"https:\/\/zelenydrak.cz\/velkoobchod\/wp-json\/wp\/v2\/product_brand?post=91482"},{"taxonomy":"product_cat","embeddable":true,"href":"https:\/\/zelenydrak.cz\/velkoobchod\/wp-json\/wp\/v2\/product_cat?post=91482"},{"taxonomy":"product_tag","embeddable":true,"href":"https:\/\/zelenydrak.cz\/velkoobchod\/wp-json\/wp\/v2\/product_tag?post=91482"}],"curies":[{"name":"wp","href":"https:\/\/api.w.org\/{rel}","templated":true}]}}