{"id":91480,"date":"2025-03-05T08:07:27","date_gmt":"2025-03-05T08:07:27","guid":{"rendered":"https:\/\/zelenydrak.cz\/velkoobchod\/?post_type=product&#038;p=91480"},"modified":"2025-03-05T08:07:43","modified_gmt":"2025-03-05T08:07:43","slug":"jasmin-dragon-pearls-bio-rarita-bily-caj","status":"publish","type":"product","link":"https:\/\/zelenydrak.cz\/velkoobchod\/produkt\/jasmin-dragon-pearls-bio-rarita-bily-caj\/","title":{"rendered":"JASMIN DRAGON PEARLS BIO &#8211; rarita, b\u00edl\u00fd \u010daj"},"content":{"rendered":"<h2>JASMIN DRAGON PEARLS BIO &#8211; rarita, b\u00edl\u00fd \u010daj<\/h2>\n<p>Slo\u017een\u00ed: prav\u00fd b\u00edl\u00fd \u010daj 100% s v\u016fn\u00ed jasm\u00ednu pr\u00e9miov\u00e9 kvality. Rarita. BIO \u010daj.<\/p>\n<p><img loading=\"lazy\" decoding=\"async\" style=\"float: left;\" title=\"konvice \u010caj-a-K\u00e1va.cz\" src=\"https:\/\/caj-a-kava.cz\/img\/cms\/konvice_zelenydrak.png\" alt=\"konvice \u010caj-a-K\u00e1va.cz\" width=\"100\" height=\"100\" \/><\/p>\n<p>\u010caj V\u00e1s hned p\u0159i otev\u0159en\u00ed s\u00e1\u010dku nadchne omamuj\u00edc\u00ed v\u016fn\u00ed jasm\u00ednu. Tato v\u016fn\u011b se zn\u00e1sob\u00ed jakmile \u010daj zalijeme teplou kvalitn\u00ed vodou a nech\u00e1me vylouhovat. Po dvou a\u017e t\u0159ech minut\u00e1ch louhov\u00e1n\u00ed V\u00e1s \u010daj odm\u011bn\u00ed podmanivou v\u016fn\u00ed a n\u00e1dhernou dozlatova vybarvenou barvou n\u00e1levu. S ka\u017ed\u00fdm dal\u0161\u00edm n\u00e1levem se \u010daj st\u00e1v\u00e1 lahodn\u011b jemn\u00fdm. Doporu\u010dujeme t\u0159i a\u017e \u010dty\u0159i n\u00e1levy.<\/p>\n<p>Nejmlad\u0161\u00ed a nejjemn\u011bj\u0161\u00ed \u010dajov\u00e9 l\u00edstky jsou ru\u010dn\u011b balen\u00e9 do mal\u00fdch perel. Perly jsou sm\u00edchan\u00e9 s \u010derstv\u00fdm a velmi vonn\u00fdm jasm\u00ednem. Barva n\u00e1levu je zlatav\u00e1. Dra\u010d\u00ed perly se obvykle zal\u00e9vaj\u00ed v\u00edcekr\u00e1t. Dra\u010d\u00ed perly Zelen\u00e9ho Draka poch\u00e1zej\u00ed z ekologicky kontrolovan\u00e9 oblasti.<\/p>\n<h4>Popis \u010daje:<\/h4>\n<p>\u010daj jasm\u00ednov\u00e9 Dra\u010d\u00ed perly je jeden z nejl\u00e9pe von\u00edc\u00edch jasm\u00ednov\u00fdch \u010daj\u016f. P\u0159i v\u00fdrob\u011b tohoto u\u0161lechtil\u00e9ho \u010daje je pou\u017eito pouze jarn\u00edch nejmlad\u0161\u00ed a nejjemn\u011bj\u0161\u00ed\u00a0listov\u00fdch pupen\u016f \u010dajovn\u00edku. Pupeny jsou ru\u010dn\u011b sb\u00edr\u00e1ny a ka\u017ed\u00e1 perla je ru\u010dn\u011b rolovan\u00e1. Po su\u0161en\u00ed je \u010daj ulo\u017een a \u010dek\u00e1 na jasm\u00edn ne\u017e za\u010dne kv\u00e9st. Jakmile jasm\u00edn za\u010dne kv\u00e9st z \u010daje se vysu\u0161\u00ed zbytkov\u00e1 vlhkost a \u010derstv\u00e9 kv\u011bty jasm\u00ednu se vrstv\u00ed na such\u00fd \u010daj takov\u00fdm zp\u016fsobem, \u017ee \u010daj absorbuje vlhkost a v\u016fni jasm\u00ednov\u00fdch kv\u011bt\u016f. Tento proces provon\u011bn\u00ed se opakuje v pr\u016fb\u011bhu deseti letn\u00edch ve\u010der\u016f s vyu\u017eit\u00edm \u010derstv\u00e9ho jasm\u00ednu pro ka\u017ed\u00fd den. V\u00fdsledkem je intenzivn\u00ed a trval\u00e9 aroma jasm\u00ednu v \u010daji, kter\u00e9 je jak sladk\u00e9 tak lehk\u00e9. Zat\u00edmco jasm\u00ednov\u00e9 perlov\u00e9 \u010daje se staly velmi popul\u00e1rn\u00ed a jsou snadno dostupn\u00e9, je pot\u0159eba narazit na opravdu dobr\u00fd, chutn\u00fd, vyv\u00e1\u017een\u00fd a aromatick\u00fd, jako je tento. <\/p>\n<h4>Jasm\u00ednov\u00fd \u010daj obecn\u011b<\/h4>\n<p>My\u0161lenka jasm\u00ednov\u00e9ho \u010daje vznikla v \u010c\u00edn\u011b t\u00e9m\u011b\u0159 p\u0159ed 700 lety. Jasm\u00ednov\u00fd \u010daj je nejv\u00edce popul\u00e1rn\u00ed \u010d\u00ednsk\u00fd \u010daj s p\u0159\u00edchut\u00ed. Jasm\u00ednov\u00fd \u010daj se vyr\u00e1b\u00ed nej\u010dast\u011bji ze zelen\u00e9ho \u010daje, ale m\u016f\u017ee b\u00fdt tak\u00e9 vyroben z oolong \u010daje. Jasm\u00ednov\u00fd \u010daj je obzvl\u00e1\u0161t\u011b zdrav\u00ed, proto\u017ee je obecn\u011b \u0159azen k prvn\u00edm m\u00edst\u016fm ve skupin\u011b siln\u00fdch antioxidant\u016f zn\u00e1m\u00fdch jako katechiny. P\u0159edev\u0161\u00edm lid\u00e9 v \u010c\u00edn\u011b pij\u00ed jasm\u00ednov\u00fd \u010daj, proto\u017ee se domn\u00edvaj\u00ed, \u017ee nab\u00edz\u00ed mnoho zdravotn\u00edch v\u00fdhod, v\u010detn\u011b sn\u00ed\u017een\u00ed rizika rakoviny, ni\u017e\u0161\u00ed srde\u010dn\u00ed frekvenci, dobr\u00fd krevn\u00ed tlak, c\u00e9vn\u00ed mozkov\u00e9 p\u0159\u00edhody a hladiny cholesterolu.  <\/h4>\n<\/p>\n<h4>CHINA JASMIN DRAGON PEARLS BIO &#8211; b\u00edl\u00fd \u010daj &#8211; vzhled<\/h4>\n<p><span style=\"line-height: 1.5em;\"><img decoding=\"async\" title=\"CHINA JASMIN DRAGON PEARLS BIO - zelen\u00fd \u010daj\" src=\"https:\/\/zelenydrak.cz\/img\/cms\/jasmin_dragon_pearls.jpg\" alt=\"CHINA JASMIN DRAGON PEARLS BIO - b\u00edl\u00fd \u010daj\" \/><\/span><\/p>\n<h4 style=\"text-align: right;\"><span style=\"background-color: #99cc00;\"><strong>\u00a0<\/strong><\/span><\/h4>\n<h4><span style=\"line-height: 1.5em;\">CHINA JASMIN DRAGON PEARLS BIO &#8211; b\u00edl\u00fd \u010daj &#8211; p\u0159\u00edprava<\/span><\/h4>\n<p><span style=\"line-height: 1.5em;\"><img decoding=\"async\" title=\"CHINA JASMIN DRAGON PEARLS BIO - zelen\u00fd \u010daj - p\u0159\u00edprava\" src=\"https:\/\/zelenydrak.cz\/img\/cms\/jasmin_dragon_pearls_priprava.jpg\" alt=\"CHINA JASMIN DRAGON PEARLS BIO - b\u00edl\u00fd \u010daj \u2013p\u0159\u00edprava\" \/><\/span><\/p>\n<h4><span style=\"line-height: 1.5em;\">CHINA JASMIN DRAGON PEARLS BIO &#8211; b\u00edl\u00fd \u010daj \u2013 n\u00e1lev<\/span><\/h4>\n<p><span style=\"line-height: 1.5em;\"><img decoding=\"async\" title=\"CHINA JASMIN DRAGON PEARLS BIO - zelen\u00fd \u010daj - n\u00e1lev\" src=\"https:\/\/zelenydrak.cz\/img\/cms\/jasmin_dragon_pearls_nalev.jpg\" alt=\"CHINA JASMIN DRAGON PEARLS BIO - b\u00edl\u00fd \u010daj - n\u00e1lev\" \/><\/span><\/p>\n<p>\u010caj je mi l\u00e1skou, k\u00e1va v\u00e1\u0161n\u00ed<\/p>\n<p><em>(LEA<\/em>)<\/p>\n<p><p><img decoding=\"async\" src=\"https:\/\/caj-a-kava.cz\/obrazky\/uvod\/dobalouhovani\/bily_caj.jpg\" alt=\"Prodej b\u00edl\u00e9ho, c\u00edsa\u0159sk\u00e9ho, exkluzivn\u00edho \u010daje. P\u0159\u00edprava \u010daje od Zelen\u00fd Drak \u010daj a k\u00e1va\"><\/p>\n","protected":false},"excerpt":{"rendered":"<p><img loading=\"lazy\" decoding=\"async\" class=\"size-full wp-image-2970 alignleft\" src=\"https:\/\/zelenydrak.cz\/wp-content\/uploads\/2024\/08\/konvice-caj.png\" alt=\"\" width=\"48\" height=\"48\" \/>   V\u016fn\u011b a chu\u0165: delik\u00e1tn\u00ed jasm\u00ednov\u00e1 v\u016fn\u011b a chu\u0165. Jen nejmlad\u0161\u00ed a nejjemn\u011bj\u0161\u00ed \u010dajov\u00e9 l\u00edstky, ru\u010dn\u011b balen\u00e9 do mal\u00fdch perel daly vzniknou t\u00e9to rarit\u011b. Perly sm\u00edchan\u00e9 s \u010derstv\u00fdm a velmi vonn\u00fdm jasm\u00ednem vytvo\u0159ily dokonal\u00fd \u010daj.<\/p>\n","protected":false},"featured_media":91508,"comment_status":"open","ping_status":"closed","template":"","meta":[],"product_brand":[],"product_cat":[300,299,301],"product_tag":[],"class_list":{"0":"post-91480","1":"product","2":"type-product","3":"status-publish","4":"has-post-thumbnail","6":"product_cat-bily-caj","7":"product_cat-bily-caj-bio","8":"product_cat-rarity-a-premiove-caje","10":"first","11":"instock","12":"product-type-variable","13":"has-default-attributes"},"_links":{"self":[{"href":"https:\/\/zelenydrak.cz\/velkoobchod\/wp-json\/wp\/v2\/product\/91480","targetHints":{"allow":["GET"]}}],"collection":[{"href":"https:\/\/zelenydrak.cz\/velkoobchod\/wp-json\/wp\/v2\/product"}],"about":[{"href":"https:\/\/zelenydrak.cz\/velkoobchod\/wp-json\/wp\/v2\/types\/product"}],"replies":[{"embeddable":true,"href":"https:\/\/zelenydrak.cz\/velkoobchod\/wp-json\/wp\/v2\/comments?post=91480"}],"wp:featuredmedia":[{"embeddable":true,"href":"https:\/\/zelenydrak.cz\/velkoobchod\/wp-json\/wp\/v2\/media\/91508"}],"wp:attachment":[{"href":"https:\/\/zelenydrak.cz\/velkoobchod\/wp-json\/wp\/v2\/media?parent=91480"}],"wp:term":[{"taxonomy":"product_brand","embeddable":true,"href":"https:\/\/zelenydrak.cz\/velkoobchod\/wp-json\/wp\/v2\/product_brand?post=91480"},{"taxonomy":"product_cat","embeddable":true,"href":"https:\/\/zelenydrak.cz\/velkoobchod\/wp-json\/wp\/v2\/product_cat?post=91480"},{"taxonomy":"product_tag","embeddable":true,"href":"https:\/\/zelenydrak.cz\/velkoobchod\/wp-json\/wp\/v2\/product_tag?post=91480"}],"curies":[{"name":"wp","href":"https:\/\/api.w.org\/{rel}","templated":true}]}}