{"id":91479,"date":"2025-03-05T08:07:27","date_gmt":"2025-03-05T08:07:27","guid":{"rendered":"https:\/\/zelenydrak.cz\/velkoobchod\/?post_type=product&#038;p=91479"},"modified":"2025-03-05T08:07:43","modified_gmt":"2025-03-05T08:07:43","slug":"japan-gyokuro-kusanagi-bio-japonsky-zeleny-caj","status":"publish","type":"product","link":"https:\/\/zelenydrak.cz\/velkoobchod\/produkt\/japan-gyokuro-kusanagi-bio-japonsky-zeleny-caj\/","title":{"rendered":"JAPAN GYOKURO KUSANAGI BIO &#8211; japonsk\u00fd zelen\u00fd \u010daj"},"content":{"rendered":"<h2>JAPAN GYOKURO KUSANAGI &#8211; japonsk\u00fd zelen\u00fd \u010daj<\/h2>\n<p>Slo\u017een\u00ed: japonsk\u00fd zelen\u00fd \u010daj 100% pr\u00e9miov\u00e9 kvality.<\/p>\n<p>Kusanagi &#8211; je zkratka pro neporaziteln\u00e9ho ducha japonsk\u00e9ho v\u00e1le\u010dn\u00edka. Slo\u017eit\u00e9 struktury listu, jen nejlep\u0161\u00ed tipsy a sametov\u011b-m\u011bkk\u00e1, tmav\u011b zelen\u00e1, listov\u00e1 barva vykreslila Gyokuro Kusanagi. V \u0161\u00e1lku Kusanagi vypad\u00e1, \u017ee se slune\u010dn\u00ed sv\u011btlo p\u0159ehnalo p\u0159es t\u0159pit\u00edc\u00ed se nefrit, kter\u00fd m\u00e1 lehk\u00fd n\u00e1dech do modr\u00e9 barvy. Jeho ovocn\u00e9 aroma se vyv\u00edj\u00ed postupn\u011b do plna v \u00fastech a zaji\u0161\u0165uje skute\u010dn\u00fd chu\u0165ov\u00fd z\u00e1\u017eitek.<\/p>\n<p><iframe loading=\"lazy\" src=\"https:\/\/www.youtube.com\/embed\/M25biwgCGRU\" frameborder=\"0\" width=\"425\" height=\"350\"><\/iframe><\/p>\n<p><h2>Popis \u010daje:<\/h2>\n<p>japonsk\u00fd zelen\u00fd \u010daj pr\u00e9miov\u00e9 kvality s kr\u00e1sn\u00fdm temn\u011b zelen\u00fdm listem. N\u00e1zev Kusanagi si nese tento \u010daj podle neproraziteln\u00e9ho ducha japonsk\u00e9ho v\u00e1le\u010dn\u00edka.<\/p>\n<p><img loading=\"lazy\" decoding=\"async\" style=\"float: left;\" title=\"konvice \u010caj-a-K\u00e1va.cz\" src=\"https:\/\/www.caj-a-kava.cz\/img\/cms\/konvice_zelenydrak.png\" alt=\"konvice \u010caj-a-K\u00e1va.cz\" width=\"100\" height=\"100\" \/><\/p>\n<h2>N\u00e1poj:<\/h2>\n<p>Slo\u017eit\u00e9 struktury listu, jen nejlep\u0161\u00ed tipsy a sametov\u011b-m\u011bkk\u00e1, tmav\u011b zelen\u00e1, listov\u00e1 barva vykreslila Gyokuro Kusanagi. V \u0161\u00e1lku Kusanagi vypad\u00e1, \u017ee se slune\u010dn\u00ed sv\u011btlo p\u0159ehnalo p\u0159es t\u0159pit\u00edc\u00ed se nefrit, kter\u00fd m\u00e1 lehk\u00fd n\u00e1dech do modr\u00e9 barvy. Jeho ovocn\u00e9 aroma se vyv\u00edj\u00ed postupn\u011b do plna v \u00fastech a zaji\u0161\u0165uje skute\u010dn\u00fd chu\u0165ov\u00fd z\u00e1\u017eitek.<\/p>\n<p>\u00a0<\/p>\n<h2>Japan Gyokuro<\/h2>\n<p>Gyokuro je odr\u016fda zelen\u00e9ho \u010daje, tradi\u010dn\u011b p\u011bstovan\u00fdch a skl\u00edzen\u00fdch v Japonsku. L\u00edstky \u010derstv\u00e9ho Gyokura maj\u00ed bohatou zelenou barvu. D\u00edky jeho tmav\u011bzelen\u00e9 barv\u011b se gyokuro n\u011bkdy naz\u00fdv\u00e1 t\u00e9\u017e jako nefritov\u00e1 rosa. Odr\u016fda \u010daje, kter\u00e1 produkuje Gyokuro m\u00e1 zejm\u00e9na mal\u00fd list, kter\u00fd se sb\u00edr\u00e1 na ja\u0159e. Nejvhodn\u011bj\u0161\u00ed jsou pro sb\u011br listov\u00e9 pupeny. Zelen\u00fd \u010daj Gyokuro m\u00e1 mnoho zdravotn\u00edch v\u00fdhod. \u010caj z Gyokura je vhodn\u00fd jako v\u0161eobecn\u00e9 zdravotn\u00ed tonikum a hod\u00ed se pro l\u00e9\u010dbu mnoha r\u016fzn\u00fdch onemocn\u011bn\u00ed. Pokud m\u00e1te zdravotn\u00ed pot\u00ed\u017ee zkuste prodiskutovat s Va\u0161\u00edm l\u00e9ka\u0159em zda je Gyokuro pro V\u00e1s vhodn\u00e9 p\u00edt.<\/p>\n<p>\u00a0<\/p>\n<h2>\u00davaha<\/h2>\n<p>Gyokuro je k dispozici ve v\u011bt\u0161in\u011b obchod\u016f se zdravou v\u00fd\u017eivou, \u010dajovn\u00e1ch nebo specializovan\u00fdch obchodech. Koupit se d\u00e1 jako su\u0161en\u00fd list nebo jako dopln\u011bk stravy v kapsl\u00edch. A\u010dkoli obecn\u011b je Gyokuro pova\u017eov\u00e1no za bezpe\u010dn\u00e9, p\u0159esto m\u016f\u017ee zp\u016fsobit bu\u0161en\u00ed srdce, z\u00e1vrat\u011b nebo nespavost u n\u011bkter\u00fdch lid\u00ed. To je d\u00e1no zv\u00fd\u0161en\u00fdm obsahem kofeinu. Nekonzumujte Gyokuro, pokud jste t\u011bhotn\u00e1 nebo koj\u00edc\u00ed a v\u017edy prodiskutujte jeho pou\u017eit\u00ed se sv\u00fdm l\u00e9ka\u0159em p\u0159ed p\u0159id\u00e1n\u00edm do sv\u00e9ho re\u017eimu.<\/p>\n<p>\u00a0<\/p>\n<h2>Japan Gyokuro &#8211; zelen\u00fd japonsk\u00fd \u010daj &#8211; vzhled<\/h2>\n<p><span style=\"line-height: 1.5em;\"><img decoding=\"async\" title=\"Japan Gyokuro - zelen\u00fd japonsk\u00fd \u010daj\" src=\"https:\/\/zelenydrak.cz\/img\/cms\/gyokuro_japonsky_caj.jpg\" alt=\"Japan Gyokuro - zelen\u00fd japonsk\u00fd \u010daj\" \/><\/span><\/p>\n<h2 style=\"text-align: right;\"><span style=\"background-color: #99cc00;\"><strong><br \/><\/strong><\/span><\/h2>\n<p>\u00a0<\/p>\n<p>\u00a0<\/p>\n<p>\u00a0<\/p>\n<p>\u00a0<\/p>\n<p>\u00a0<\/p>\n<h2><span style=\"line-height: 1.5em;\">Japan Gyokuro &#8211; zelen\u00fd japonsk\u00fd \u010daj &#8211; p\u0159\u00edprava<\/span><\/h2>\n<p><span style=\"line-height: 1.5em;\"><img loading=\"lazy\" decoding=\"async\" title=\"Japan Gyokuro - zelen\u00fd japonsk\u00fd \u010daj - p\u0159\u00edprava\" src=\"https:\/\/zelenydrak.cz\/img\/cms\/gyokuro_priprava_1.jpg\" alt=\"Japan Gyokuro - zelen\u00fd japonsk\u00fd \u010daj - p\u0159\u00edprava\" width=\"850\" height=\"504\" \/><\/span><\/p>\n<p>\u00a0<\/p>\n<p>\u00a0<\/p>\n<p>\u00a0<\/p>\n<p>\u00a0<\/p>\n<p>\u00a0<\/p>\n<h2><span style=\"line-height: 1.5em;\">Japan Gyokuro &#8211; zelen\u00fd japonsk\u00fd \u010daj \u2013 n\u00e1lev<\/span><\/h2>\n<p><span style=\"line-height: 1.5em;\"><img loading=\"lazy\" decoding=\"async\" title=\"Japan Gyokuro - zelen\u00fd japonsk\u00fd \u010daj - n\u00e1lev\" src=\"https:\/\/zelenydrak.cz\/img\/cms\/gyokuro_nalev.jpg\" alt=\"Japan Gyokuro - zelen\u00fd japonsk\u00fd \u010daj - n\u00e1lev\" width=\"850\" height=\"504\" \/><\/span><\/p>\n","protected":false},"excerpt":{"rendered":"<p><img loading=\"lazy\" decoding=\"async\" class=\"size-full wp-image-2970 alignleft\" src=\"https:\/\/zelenydrak.cz\/wp-content\/uploads\/2024\/08\/konvice-caj.png\" alt=\"\" width=\"48\" height=\"48\" \/>   V\u016fn\u011b a chu\u0165:lahodn\u00e1 s t\u00f3ny ovoce. Japonsk\u00fd zelen\u00fd \u010daj pr\u00e9miov\u00e9 kvality s kr\u00e1sn\u00fdm temn\u011b zelen\u00fdm listem. N\u00e1zev Kusanagi si nese tento \u010daj podle neproraziteln\u00e9ho ducha japonsk\u00e9ho v\u00e1le\u010dn\u00edka.<\/span><\/div>\n","protected":false},"featured_media":91506,"comment_status":"open","ping_status":"closed","template":"","meta":[],"product_brand":[],"product_cat":[295,311],"product_tag":[],"class_list":{"0":"post-91479","1":"product","2":"type-product","3":"status-publish","4":"has-post-thumbnail","6":"product_cat-zeleny-caj-cisty","7":"product_cat-zeleny-caj-cisty-bio","9":"first","10":"instock","11":"product-type-variable","12":"has-default-attributes"},"_links":{"self":[{"href":"https:\/\/zelenydrak.cz\/velkoobchod\/wp-json\/wp\/v2\/product\/91479","targetHints":{"allow":["GET"]}}],"collection":[{"href":"https:\/\/zelenydrak.cz\/velkoobchod\/wp-json\/wp\/v2\/product"}],"about":[{"href":"https:\/\/zelenydrak.cz\/velkoobchod\/wp-json\/wp\/v2\/types\/product"}],"replies":[{"embeddable":true,"href":"https:\/\/zelenydrak.cz\/velkoobchod\/wp-json\/wp\/v2\/comments?post=91479"}],"wp:featuredmedia":[{"embeddable":true,"href":"https:\/\/zelenydrak.cz\/velkoobchod\/wp-json\/wp\/v2\/media\/91506"}],"wp:attachment":[{"href":"https:\/\/zelenydrak.cz\/velkoobchod\/wp-json\/wp\/v2\/media?parent=91479"}],"wp:term":[{"taxonomy":"product_brand","embeddable":true,"href":"https:\/\/zelenydrak.cz\/velkoobchod\/wp-json\/wp\/v2\/product_brand?post=91479"},{"taxonomy":"product_cat","embeddable":true,"href":"https:\/\/zelenydrak.cz\/velkoobchod\/wp-json\/wp\/v2\/product_cat?post=91479"},{"taxonomy":"product_tag","embeddable":true,"href":"https:\/\/zelenydrak.cz\/velkoobchod\/wp-json\/wp\/v2\/product_tag?post=91479"}],"curies":[{"name":"wp","href":"https:\/\/api.w.org\/{rel}","templated":true}]}}