{"id":91427,"date":"2025-03-05T08:07:20","date_gmt":"2025-03-05T08:07:20","guid":{"rendered":"https:\/\/zelenydrak.cz\/velkoobchod\/?post_type=product&#038;p=91427"},"modified":"2025-03-05T08:07:25","modified_gmt":"2025-03-05T08:07:25","slug":"kava-etiopie-yirgacheffe-plantazni-kava","status":"publish","type":"product","link":"https:\/\/zelenydrak.cz\/velkoobchod\/produkt\/kava-etiopie-yirgacheffe-plantazni-kava\/","title":{"rendered":"K\u00c1VA ETIOPIE YIRGACHEFFE &#8211; plant\u00e1\u017en\u00ed k\u00e1va"},"content":{"rendered":"<h2>K\u00c1VA ETIOPIE YIRGACHEFFE BELOYA<\/h2>\n<p>Slo\u017een\u00ed: \u010dern\u00e1 k\u00e1va 100% Arabika. Tato pr\u00e9miov\u00e1 plant\u00e1\u017en\u00ed k\u00e1va je jednou z nejpresti\u017en\u011bj\u0161\u00edch k\u00e1v k\u00e1vov\u00e9 oblasti Etiopie. Yirgacheffe Beloya je vynikaj\u00edc\u00ed k\u00e1va z etiopsk\u00e9 vyso\u010diny vyzna\u010duj\u00edc\u00ed se jemnou ovocnou p\u0159\u00edchut\u00ed, dobr\u00fdm objemn\u00fdm t\u011blem a silnou p\u0159\u00edchut\u00ed moka k\u00e1vy.<\/p>\n<p>K\u00e1va z oblasti Yirgacheffe  obklopena z\u00f3nou Sidama, se stala popul\u00e1rn\u00ed d\u00edky sv\u00e9 st\u0159edn\u00ed a\u017e vy\u0161\u0161\u00ed  citr\u00f3nov\u00e9 kyselosti, a velmi dob\u0159e vyv\u00e1\u017een\u00e9mu t\u011blu, \u0161\u00e1lku p\u0159ipom\u00ednaj\u00edc\u00edm moka k\u00e1vu s kv\u011btinov\u00fdmi a pikantn\u00ed prvky.<\/p>\n<p>  Zem\u011bd\u011blci, kte\u0159\u00ed tuto k\u00e1vu vyr\u00e1b\u011bj\u00ed, kultivuj\u00ed v zahradn\u00edm v\u00fdrobn\u00edm syst\u00e9mu 0,25 a\u017e 1,5 hektaru k\u00e1vov\u00fdch strom\u016f.<\/p>\n<p>Zahradn\u00ed k\u00e1va je k\u00e1va p\u011bstovan\u00e1  v bl\u00edzkosti farm\u00e1\u0159ova domu ve st\u00ednu strom\u016f a je os\u00e1zena  fale\u0161n\u00fdmi ban\u00e1ny a jin\u00fdmi plodinami produkuj\u00edc\u00ed dus\u00edk.<\/p>\n<p> Tradi\u010dn\u00ed etiopsk\u00e9 praktiky p\u011bstov\u00e1n\u00ed k\u00e1vy jsou st\u00e1le v\u00edce dominantn\u011bj\u0161\u00ed mezi farm\u00e1\u0159i Yirgacheffe. K\u00e1vov\u00e9 stromy jsou opracov\u00e1v\u00e1ny ru\u010dn\u011b a hnojeny organickou hmotou co\u017e je dobr\u00e1 zpr\u00e1va pro n\u00e1s, kte\u0159\u00ed maj\u00ed r\u00e1di v potravin\u00e1ch p\u0159irozenost.<\/p>\n<h2>V\u00edce o k\u00e1v\u011b:<\/h2>\n<table class=\"table table-bordered\" width=\"594\" border=\"1\" cellspacing=\"1\" cellpadding=\"1\">\n<tbody>\n<tr>\n<td width=\"115\"><strong>Oblast<\/strong><\/td>\n<td width=\"72\">BELOYA SNNPR GEDEO YIRGACHEFFE<\/td>\n<\/tr>\n<tr>\n<td><strong>Nadmo\u0159sk\u00e1 v\u00fd\u0161ka<\/strong><\/td>\n<td>2000 m<\/td>\n<\/tr>\n<tr>\n<td><strong>Zpracov\u00e1n\u00ed<\/strong><\/td>\n<td>promyta<\/td>\n<\/tr>\n<tr>\n<td><strong>P\u016fda<\/strong><\/td>\n<td>j\u00edlov\u00e1 p\u016fda<\/td>\n<\/tr>\n<tr>\n<td><strong>Detail kultivaru<\/strong><\/td>\n<td>Arabika hybrid<\/td>\n<\/tr>\n<tr>\n<td><strong>St\u00edn strom\u016f<\/strong><\/td>\n<td>Ano<\/td>\n<\/tr>\n<tr>\n<td><strong>Kvalita<\/strong><\/td>\n<td>Grade 1<\/td>\n<\/tr>\n<\/tbody>\n<\/table>\n<h2>Chu\u0165ov\u00fd profil:<\/h2>\n<table class=\"table table-bordered\" width=\"596\" border=\"2\" cellspacing=\"2\" cellpadding=\"2\">\n<tbody>\n<tr>\n<th width=\"100\" scope=\"row\">Stupe\u0148 pra\u017een\u00ed<\/th>\n<td width=\"100\" bgcolor=\"#4B1211\"><\/td>\n<td width=\"100\" bgcolor=\"#4B1211\"><\/td>\n<td width=\"100\"><\/td>\n<td width=\"100\"><\/td>\n<td width=\"100\"><\/td>\n<\/tr>\n<tr>\n<th scope=\"row\">Aroma<\/th>\n<td bgcolor=\"#4B1211\"><\/td>\n<td bgcolor=\"#4B1211\"><\/td>\n<td bgcolor=\"#4B1211\"><\/td>\n<td bgcolor=\"#4B1211\"><\/td>\n<td><\/td>\n<\/tr>\n<tr>\n<th scope=\"row\">Komplexnost<\/th>\n<td bgcolor=\"#4B1211\"><\/td>\n<td bgcolor=\"#4B1211\"><\/td>\n<td bgcolor=\"#4B1211\"><\/td>\n<td bgcolor=\"#4B1211\"><\/td>\n<td><\/td>\n<\/tr>\n<tr>\n<th scope=\"row\">T\u011blo<\/th>\n<td bgcolor=\"#4B1211\"><\/td>\n<td bgcolor=\"#4B1211\"><\/td>\n<td bgcolor=\"#4B1211\"><\/td>\n<td bgcolor=\"#4B1211\"><\/td>\n<td><\/td>\n<\/tr>\n<tr>\n<th scope=\"row\">Charakter<\/th>\n<td bgcolor=\"#4B1211\"><\/td>\n<td bgcolor=\"#4B1211\"><\/td>\n<td><\/td>\n<td><\/td>\n<td><\/td>\n<\/tr>\n<tr>\n<th scope=\"row\">Ovocnost<\/th>\n<td bgcolor=\"#4B1211\"><\/td>\n<td bgcolor=\"#4B1211\"><\/td>\n<td bgcolor=\"#4B1211\"><\/td>\n<td><\/td>\n<td><\/td>\n<\/tr>\n<tr>\n<th scope=\"row\">Vyv\u00e1\u017eenost<\/th>\n<td bgcolor=\"#4B1211\"><\/td>\n<td bgcolor=\"#4B1211\"><\/td>\n<td><\/td>\n<td><\/td>\n<td><\/td>\n<\/tr>\n<tr>\n<th scope=\"row\">Kr\u00e9ma<\/th>\n<td bgcolor=\"#4B1211\"><\/td>\n<td><\/td>\n<td><\/td>\n<td><\/td>\n<td><\/td>\n<\/tr>\n<\/tbody>\n<\/table>\n<p>\u00a0<\/p>\n<p><img decoding=\"async\" src=\"https:\/\/caj-a-kava.cz\/obrazky\/uvod\/dobalouhovani\/kava.jpg\" alt=\"Prodej prav\u00e9 zrnkov\u00e9 k\u00e1vy. P\u0159\u00edprava k\u00e1vy od Zelen\u00fd Drak\" \/><\/p>\n","protected":false},"excerpt":{"rendered":"<p>Kdy\u017e poprv\u00e9 otev\u0159ete etiopskou k\u00e1vu, d\u00fdchne na V\u00e1s velmi p\u0159\u00edjemn\u00e1 v\u016fn\u011b, kter\u00e1 k\u00e1vu ani nep\u0159ipom\u00edn\u00e1.\u00a0P\u0159i vychutn\u00e1v\u00e1n\u00ed t\u00e9to k\u00e1vy budete vta\u017eeni lehk\u00fdmi ovocn\u00fdmi v\u016fn\u011bmi a pe\u010dlivou \u00fapravou do africk\u00e9ho k\u00e1vov\u00e9ho sv\u011bta.\u00a0Beloyu velmi doporu\u010dujeme obzvl\u00e1\u0161t\u011b proto, \u017ee je rozmanit\u00e1 v chut\u00edch. P\u0159i pit\u00ed objev\u00edme sladkost \u0161vestky, zral\u00fd citr\u00f3n, meloun a chu\u0165 t\u00e9\u017e p\u0159ipom\u00ednaj\u00edc\u00ed k\u00e1vov\u00e9 boby. Nenechte si k\u00e1vu uj\u00edt, je opravdu moc dobr\u00e1. Dobrou chu\u0165.<\/p>\n","protected":false},"featured_media":91457,"comment_status":"open","ping_status":"closed","template":"","meta":[],"product_brand":[],"product_cat":[327],"product_tag":[],"class_list":{"0":"post-91427","1":"product","2":"type-product","3":"status-publish","4":"has-post-thumbnail","6":"product_cat-kava-cista","8":"first","9":"instock","10":"product-type-variable","11":"has-default-attributes"},"_links":{"self":[{"href":"https:\/\/zelenydrak.cz\/velkoobchod\/wp-json\/wp\/v2\/product\/91427","targetHints":{"allow":["GET"]}}],"collection":[{"href":"https:\/\/zelenydrak.cz\/velkoobchod\/wp-json\/wp\/v2\/product"}],"about":[{"href":"https:\/\/zelenydrak.cz\/velkoobchod\/wp-json\/wp\/v2\/types\/product"}],"replies":[{"embeddable":true,"href":"https:\/\/zelenydrak.cz\/velkoobchod\/wp-json\/wp\/v2\/comments?post=91427"}],"wp:featuredmedia":[{"embeddable":true,"href":"https:\/\/zelenydrak.cz\/velkoobchod\/wp-json\/wp\/v2\/media\/91457"}],"wp:attachment":[{"href":"https:\/\/zelenydrak.cz\/velkoobchod\/wp-json\/wp\/v2\/media?parent=91427"}],"wp:term":[{"taxonomy":"product_brand","embeddable":true,"href":"https:\/\/zelenydrak.cz\/velkoobchod\/wp-json\/wp\/v2\/product_brand?post=91427"},{"taxonomy":"product_cat","embeddable":true,"href":"https:\/\/zelenydrak.cz\/velkoobchod\/wp-json\/wp\/v2\/product_cat?post=91427"},{"taxonomy":"product_tag","embeddable":true,"href":"https:\/\/zelenydrak.cz\/velkoobchod\/wp-json\/wp\/v2\/product_tag?post=91427"}],"curies":[{"name":"wp","href":"https:\/\/api.w.org\/{rel}","templated":true}]}}