{"id":91426,"date":"2025-03-05T08:07:20","date_gmt":"2025-03-05T08:07:20","guid":{"rendered":"https:\/\/zelenydrak.cz\/velkoobchod\/?post_type=product&#038;p=91426"},"modified":"2025-03-05T08:07:25","modified_gmt":"2025-03-05T08:07:25","slug":"plechova-prodejni-doza-stribrna","status":"publish","type":"product","link":"https:\/\/zelenydrak.cz\/velkoobchod\/produkt\/plechova-prodejni-doza-stribrna\/","title":{"rendered":"PLECHOV\u00c1 PRODEJN\u00cd D\u00d3ZA ST\u0158\u00cdBRN\u00c1"},"content":{"rendered":"<h2>PLECHOV\u00c1 PRODEJN\u00cd D\u00d3ZA NA \u010cAJ ST\u0158\u00cdBRN\u00c1 <\/h2>\n<p>Popis v\u00fdrobku: plechov\u00e1 hranat\u00e1 d\u00f3za na \u010daj nebo k\u00e1vu. V\u00edcero rozm\u011br\u016f.<\/p>\n","protected":false},"excerpt":{"rendered":"<p>Plechov\u00e1 prodejn\u00ed d\u00f3za st\u0159\u00edbrn\u00e1. V\u00edce mo\u017enost\u00ed gram\u00e1\u017ee.<\/p>\n","protected":false},"featured_media":91447,"comment_status":"open","ping_status":"closed","template":"","meta":[],"product_brand":[],"product_cat":[345],"product_tag":[],"class_list":{"0":"post-91426","1":"product","2":"type-product","3":"status-publish","4":"has-post-thumbnail","6":"product_cat-podpora-prodeje","8":"first","9":"instock","10":"product-type-variable"},"_links":{"self":[{"href":"https:\/\/zelenydrak.cz\/velkoobchod\/wp-json\/wp\/v2\/product\/91426","targetHints":{"allow":["GET"]}}],"collection":[{"href":"https:\/\/zelenydrak.cz\/velkoobchod\/wp-json\/wp\/v2\/product"}],"about":[{"href":"https:\/\/zelenydrak.cz\/velkoobchod\/wp-json\/wp\/v2\/types\/product"}],"replies":[{"embeddable":true,"href":"https:\/\/zelenydrak.cz\/velkoobchod\/wp-json\/wp\/v2\/comments?post=91426"}],"wp:featuredmedia":[{"embeddable":true,"href":"https:\/\/zelenydrak.cz\/velkoobchod\/wp-json\/wp\/v2\/media\/91447"}],"wp:attachment":[{"href":"https:\/\/zelenydrak.cz\/velkoobchod\/wp-json\/wp\/v2\/media?parent=91426"}],"wp:term":[{"taxonomy":"product_brand","embeddable":true,"href":"https:\/\/zelenydrak.cz\/velkoobchod\/wp-json\/wp\/v2\/product_brand?post=91426"},{"taxonomy":"product_cat","embeddable":true,"href":"https:\/\/zelenydrak.cz\/velkoobchod\/wp-json\/wp\/v2\/product_cat?post=91426"},{"taxonomy":"product_tag","embeddable":true,"href":"https:\/\/zelenydrak.cz\/velkoobchod\/wp-json\/wp\/v2\/product_tag?post=91426"}],"curies":[{"name":"wp","href":"https:\/\/api.w.org\/{rel}","templated":true}]}}