{"id":91375,"date":"2025-03-05T08:07:10","date_gmt":"2025-03-05T08:07:10","guid":{"rendered":"https:\/\/zelenydrak.cz\/velkoobchod\/?post_type=product&#038;p=91375"},"modified":"2025-03-05T08:07:19","modified_gmt":"2025-03-05T08:07:19","slug":"china-sencha-grade-1-dao-ren-feng-bio-zeleny-caj-premiove-kvality","status":"publish","type":"product","link":"https:\/\/zelenydrak.cz\/velkoobchod\/produkt\/china-sencha-grade-1-dao-ren-feng-bio-zeleny-caj-premiove-kvality\/","title":{"rendered":"CHINA SENCHA GRADE 1 DAO REN FENG BIO &#8211; zelen\u00fd \u010daj pr\u00e9miov\u00e9 kvality"},"content":{"rendered":"<h2>CHINA SENCHA GRADE 1 DAO REN FENG BIO &#8211; prav\u00fd zelen\u00fd \u010daj bio<\/h2>\n<p>Slo\u017een\u00ed \u010daje: zelen\u00fd \u010d\u00ednsk\u00fd \u010daj BIO pr\u00e9miov\u00e9 kvality 100%. Tato Sencha byla zpracov\u00e1na tradi\u010dn\u00ed japonskou metodou. \u010caj jemn\u00e9 a sladk\u00e9 chuti se sv\u011btle zelenou barvou n\u00e1levu. \u010caj z ekologicky kontrolovan\u00e9ho zem\u011bd\u011blstv\u00ed.Slo\u017een\u00ed: prav\u00fd zelen\u00fd \u010d\u00ednsk\u00fd \u010daj 100% pr\u00e9miov\u00e9 kvality. \u010caj z ekologicky kontrolovan\u00e9ho zem\u011bd\u011blstv\u00ed.<\/p>\n<p><img loading=\"lazy\" decoding=\"async\" style=\"float: left;\" title=\"konvice \u010caj-a-K\u00e1va.cz\" src=\"https:\/\/caj-a-kava.cz\/img\/cms\/konvice_zelenydrak.png\" alt=\"konvice \u010caj-a-K\u00e1va.cz\" width=\"100\" height=\"100\" \/><\/p>\n<p>\u010caj V\u00e1s hned p\u0159i otev\u0159en\u00ed s\u00e1\u010dku nadchne jemnou sladkou v\u016fn\u00ed s t\u00f3ny ko\u0159en\u00ed. Tato v\u016fn\u011b se zn\u00e1sob\u00ed jakmile \u010daj zalijeme teplou kvalitn\u00ed vodou a nech\u00e1me vylouhovat. Po dvou a\u017e t\u0159ech minut\u00e1ch louhov\u00e1n\u00ed V\u00e1s \u010daj odm\u011bn\u00ed podmanivou v\u016fn\u00ed a n\u00e1dhernou sv\u011btle zelenou barvou n\u00e1levu.<\/p>\n<p><strong>Tip na letn\u00ed osv\u011b\u017een\u00ed:<\/strong> <\/p>\n<p><strong>Detoxika\u010dn\u00ed \u010daj IceTea<\/strong><\/p>\n<p>   <strong>Slo\u017een\u00ed:<\/strong><br \/>  12 g zelen\u00e9ho \u010daje od Zelen\u00e9ho Draka\u00ae <br \/>   1 l vody<br \/>   1 grapefruit<br \/>   2-3 v\u011btvi\u010dky m\u00e1ty peprn\u00e9<br \/>   \u00bd citronu<br \/> n\u011bkolik brusinek, chcete-li.<\/p>\n<p><strong>P\u0159\u00edprava:<\/strong><br \/>          \u010cajov\u00fd filtr napl\u0148te \u010dajem, zah\u0159ejte vodu na 70 \u00b0 C a nalijte na \u010daj.\u00a0Pot\u00e9 vyjm\u011bte \u010dajov\u00fd filtr a nechte [page_title] vychladnout.<br \/>   Mezit\u00edm umyjte zb\u00fdvaj\u00edc\u00ed ingredience a nakr\u00e1jejte citrusov\u00e9 plody na kousky nebo pl\u00e1tky.   <br \/>Pot\u00e9 napl\u0148te p\u0159ipravenou sklen\u011bnou l\u00e1hev ingrediencemi a nalijte \u010daj.\u00a0Vynikaj\u00edc\u00ed letn\u00ed pochoutka je p\u0159ipravena!<\/p>\n<p><img decoding=\"async\" src=\"https:\/\/www.zelenydrak.cz\/wp-content\/uploads\/2019\/09\/ledov\u00fd-\u010daj-zelen\u00fd-drak.cz_.jpg\" alt=\"Prodej zelen\u00e9ho, sypan\u00e9ho BIO \u010daje.\" \/><\/p>\n<p>\u010caj je mi l\u00e1skou, k\u00e1va v\u00e1\u0161n\u00ed<\/p>\n<p>LEA<\/p>\n<p><p><img decoding=\"async\" src=\"https:\/\/caj-a-kava.cz\/obrazky\/uvod\/dobalouhovani\/zeleny_caj.jpg\" alt=\"Prodej zelen\u00e9ho, sypan\u00e9ho BIO \u010daje. P\u0159\u00edprava \u010daje od Zelen\u00fd Drak \u010daj a k\u00e1va\" \/><\/p>\n","protected":false},"excerpt":{"rendered":"<p><img loading=\"lazy\" decoding=\"async\" class=\"size-full wp-image-2970 alignleft\" src=\"https:\/\/zelenydrak.cz\/wp-content\/uploads\/2024\/08\/konvice-caj.png\" alt=\"\" width=\"48\" height=\"48\" \/>   V\u016fn\u011b a chu\u0165: jemn\u00e1 sladk\u00e1 s t\u00f3ny ko\u0159en\u00ed. Tento u\u0161lechtil\u00fd \u010daj nejvy\u0161\u0161\u00ed t\u0159\u00eddy byl zpracov\u00e1n tradi\u010dn\u00ed japonskou metodou. <\/p>\n","protected":false},"featured_media":91393,"comment_status":"open","ping_status":"closed","template":"","meta":[],"product_brand":[],"product_cat":[295,311],"product_tag":[],"class_list":{"0":"post-91375","1":"product","2":"type-product","3":"status-publish","4":"has-post-thumbnail","6":"product_cat-zeleny-caj-cisty","7":"product_cat-zeleny-caj-cisty-bio","9":"first","10":"instock","11":"product-type-variable","12":"has-default-attributes"},"_links":{"self":[{"href":"https:\/\/zelenydrak.cz\/velkoobchod\/wp-json\/wp\/v2\/product\/91375","targetHints":{"allow":["GET"]}}],"collection":[{"href":"https:\/\/zelenydrak.cz\/velkoobchod\/wp-json\/wp\/v2\/product"}],"about":[{"href":"https:\/\/zelenydrak.cz\/velkoobchod\/wp-json\/wp\/v2\/types\/product"}],"replies":[{"embeddable":true,"href":"https:\/\/zelenydrak.cz\/velkoobchod\/wp-json\/wp\/v2\/comments?post=91375"}],"wp:featuredmedia":[{"embeddable":true,"href":"https:\/\/zelenydrak.cz\/velkoobchod\/wp-json\/wp\/v2\/media\/91393"}],"wp:attachment":[{"href":"https:\/\/zelenydrak.cz\/velkoobchod\/wp-json\/wp\/v2\/media?parent=91375"}],"wp:term":[{"taxonomy":"product_brand","embeddable":true,"href":"https:\/\/zelenydrak.cz\/velkoobchod\/wp-json\/wp\/v2\/product_brand?post=91375"},{"taxonomy":"product_cat","embeddable":true,"href":"https:\/\/zelenydrak.cz\/velkoobchod\/wp-json\/wp\/v2\/product_cat?post=91375"},{"taxonomy":"product_tag","embeddable":true,"href":"https:\/\/zelenydrak.cz\/velkoobchod\/wp-json\/wp\/v2\/product_tag?post=91375"}],"curies":[{"name":"wp","href":"https:\/\/api.w.org\/{rel}","templated":true}]}}