{"id":91370,"date":"2025-03-05T08:07:09","date_gmt":"2025-03-05T08:07:09","guid":{"rendered":"https:\/\/zelenydrak.cz\/velkoobchod\/produkt\/filiz-rize-turkey-500g-cerny-caj\/"},"modified":"2025-03-05T08:07:09","modified_gmt":"2025-03-05T08:07:09","slug":"filiz-rize-turkey-500g-cerny-caj","status":"publish","type":"product","link":"https:\/\/zelenydrak.cz\/velkoobchod\/produkt\/filiz-rize-turkey-500g-cerny-caj\/","title":{"rendered":"FILIZ RIZE TURKEY 500g &#8211; \u010dern\u00fd \u010daj"},"content":{"rendered":"<h2>FILIZ RIZE TURKEY 500g &#8211; \u010dern\u00fd \u010daj<\/h2>\n<p>Slo\u017een\u00ed \u010daje: \u010dern\u00fd \u010daj 100%. Kvalitn\u00ed t\u0159\u00edda \u010dern\u00e9ho tureck\u00e9ho l\u00e1man\u00e9ho \u010daje z oblasti Rize, syt\u011b \u010derven\u00fd n\u00e1lev siln\u00e9 a pln\u00e9 chuti, pod\u00e1v\u00e1 se siln\u011b slazen\u00fd.  <\/p>\n<p>P\u0159\u00edprava \u010daje: \u010daj p\u0159edpra\u017e\u00edme na p\u00e1nvi, pot\u00e9 se p\u0159elit\u00fd vrouc\u00ed vodou louhuje (pop\u0159\u00edpad\u011b pova\u0159\u00ed) 3 &#8211; 5 minut, nakonec tento velmi siln\u00fd \u010daj oslad\u00edme.<\/p>\n<h2>\u010cern\u00fd \u010daj.<\/h2>\n<p><strong> Nejjemn\u011bj\u0161\u00ed \u010dajov\u00e9 v\u016fn\u011b z cel\u00e9ho sv\u011bta. <\/strong><\/p>\n<p>A\u0165 u\u017e je to kv\u011btinov\u011b von\u00edc\u00ed Darjeeling, tmav\u00fd, ko\u0159en\u011bn\u00fd Assam nebo jemn\u011b trpk\u00fd, citrusov\u011b sv\u011b\u017e\u00ed Ceylon, v\u017edy n\u00e1s \u010dern\u00fd \u010daj okouzl\u00ed svou rozmanitost\u00ed s ka\u017ed\u00fdm nov\u00fdm \u0161\u00e1lkem.\u00a0<\/p>\n<h2>\u00dasp\u011bch z Anglie.<\/h2>\n<p>A\u017e do 19. stolet\u00ed se v Evrop\u011b pil v\u00fdlu\u010dn\u011b zelen\u00fd \u010daj z \u010c\u00edny. Teprve, kdy\u017e Britov\u00e9 za\u010dali vyr\u00e1b\u011bt \u010dern\u00fd \u010daj ve sv\u00fdch koloni\u00edch, odstartoval n\u00e1poj sv\u016fj triumf\u00e1ln\u00ed vzestup v z\u00e1padn\u00edm sv\u011bt\u011b. Dnes se \u010dern\u00e9 \u010daje vyr\u00e1b\u00ed po cel\u00e9 zem\u011bkouli. Vedle tradi\u010dn\u00edch p\u011bstitelsk\u00fdch zem\u00ed jako je \u010c\u00edna, Indie a Sr\u00ed Lanka se v\u00fdrobci usadili i v jin\u00fdch oblastech Asie, jako\u017e i v Rusku, Africe nebo Ji\u017en\u00ed Americe.<\/p>\n<h2>Nejprve zelen\u00fd \u010daj. Pak \u010dern\u00fd \u010daj.<\/h2>\n<p>Pro v\u00fdrobu se skl\u00edzej\u00ed zelen\u00e9 \u010dajov\u00e9 listy, kter\u00e9 se po ovadnut\u00ed svinou. Bun\u011b\u010dn\u00e9 st\u011bny popraskaj\u00ed a uvoln\u00ed se bun\u011b\u010dn\u00e1 \u0161\u0165\u00e1va. N\u00e1sleduje tzv. fermentace p\u0159i 35 a\u017e 40\u00b0 C, p\u0159i\u010dem\u017e se listy kv\u016fli oxidaci zabarv\u00ed do \u010derveno-hn\u011bda a\u017e \u010derna. Pot\u00e9 se \u010daj prudce usu\u0161\u00ed a bun\u011b\u010dn\u00e1 \u0161\u0165\u00e1va naschne na l\u00edstc\u00edch, kter\u00e9 se uvoln\u00ed, a\u017e kdy\u017e zalijete \u010daj vrouc\u00ed vodou z konvice. \u010cern\u00fd \u010daj obsahuje t\u0159\u00edsloviny a miner\u00e1ln\u00ed l\u00e1tky, jako\u017e i vitam\u00edny, \u00e9terick\u00e9 oleje a kofein. \u00da\u010dinek kofeinu v \u010daji je jin\u00fd ne\u017e v k\u00e1v\u011b, proto\u017ee kofein z \u010daje se uvol\u0148uje pomaleji. T\u0159\u00edsloviny maj\u00ed uklid\u0148uj\u00edc\u00ed \u00fa\u010dinky na \u017ealudek.<\/p>\n<h2>Co mus\u00edte v\u011bd\u011bt o p\u0159\u00edprav\u011b \u010dern\u00e9ho \u010daje.<\/h2>\n<p>Ka\u017ed\u00fd \u010daj m\u00e1 r\u016fzn\u011b silnou p\u0159\u00edchu\u0165 a mus\u00ed se proto p\u0159ipravovat individueln\u011b. \u010cajov\u00e9 listy p\u0159elijeme teplou vodou (ale ne moc horkou). Na jeden \u0161\u00e1lek pou\u017eijeme zarovnanou \u010dajovou l\u017ei\u010dku, na 5 \u0161\u00e1lk\u016f p\u0159id\u00e1me do konvice jednu pol\u00e9vkovou l\u017e\u00edci. \u010c\u00edm leh\u010d\u00ed je \u010daj, t\u00edm krat\u0161\u00ed by m\u011bla b\u00fdt doba louhov\u00e1n\u00ed. Darjeeling pot\u0159ebuje jen 2 a\u017e 4 minuty. V\u00fdrazn\u00fd sladov\u00fd Assam pot\u0159ebuje luhovat 5 minut. Ze z\u00e1sady plat\u00ed: \u010daj, kter\u00fd se louhuje do 2 minut, povzbuzuj\u00edc\u00ed \u00fa\u010dinek. Pokud je doba louhov\u00e1n\u00ed del\u0161\u00ed jak 5 minut, uklid\u0148uj\u00edc\u00ed \u00fa\u010dinek.<\/p>\n<p>Hork\u00e1 koupel osv\u011b\u017e\u00ed t\u011blo, hork\u00fd \u010daj du\u0161i.<\/p>\n<p>(Japonsk\u00e9 p\u0159\u00edslov\u00ed)<\/p>\n","protected":false},"excerpt":{"rendered":"<p><small>Cena za 100g: 56 K\u010d<\/small> <\/p>\n<p>\u010cern\u00fd \u010daj Rize<\/p>\n","protected":false},"featured_media":91369,"comment_status":"open","ping_status":"closed","template":"","meta":[],"product_brand":[],"product_cat":[292],"product_tag":[],"class_list":{"0":"post-91370","1":"product","2":"type-product","3":"status-publish","4":"has-post-thumbnail","6":"product_cat-cerny-caj-cisty","8":"first","9":"instock","10":"product-type-simple"},"_links":{"self":[{"href":"https:\/\/zelenydrak.cz\/velkoobchod\/wp-json\/wp\/v2\/product\/91370","targetHints":{"allow":["GET"]}}],"collection":[{"href":"https:\/\/zelenydrak.cz\/velkoobchod\/wp-json\/wp\/v2\/product"}],"about":[{"href":"https:\/\/zelenydrak.cz\/velkoobchod\/wp-json\/wp\/v2\/types\/product"}],"replies":[{"embeddable":true,"href":"https:\/\/zelenydrak.cz\/velkoobchod\/wp-json\/wp\/v2\/comments?post=91370"}],"wp:featuredmedia":[{"embeddable":true,"href":"https:\/\/zelenydrak.cz\/velkoobchod\/wp-json\/wp\/v2\/media\/91369"}],"wp:attachment":[{"href":"https:\/\/zelenydrak.cz\/velkoobchod\/wp-json\/wp\/v2\/media?parent=91370"}],"wp:term":[{"taxonomy":"product_brand","embeddable":true,"href":"https:\/\/zelenydrak.cz\/velkoobchod\/wp-json\/wp\/v2\/product_brand?post=91370"},{"taxonomy":"product_cat","embeddable":true,"href":"https:\/\/zelenydrak.cz\/velkoobchod\/wp-json\/wp\/v2\/product_cat?post=91370"},{"taxonomy":"product_tag","embeddable":true,"href":"https:\/\/zelenydrak.cz\/velkoobchod\/wp-json\/wp\/v2\/product_tag?post=91370"}],"curies":[{"name":"wp","href":"https:\/\/api.w.org\/{rel}","templated":true}]}}