{"id":91360,"date":"2025-03-05T08:07:07","date_gmt":"2025-03-05T08:07:07","guid":{"rendered":"https:\/\/zelenydrak.cz\/velkoobchod\/produkt\/halwa-cokolada-400g\/"},"modified":"2025-03-05T08:07:07","modified_gmt":"2025-03-05T08:07:07","slug":"halwa-cokolada-400g","status":"publish","type":"product","link":"https:\/\/zelenydrak.cz\/velkoobchod\/produkt\/halwa-cokolada-400g\/","title":{"rendered":"HALWA &#8211; \u010cOKOL\u00c1DA 400g"},"content":{"rendered":"<h2>HALWA &#8211; \u010cOKOL\u00c1DA 400g<\/h2>\n<p>Popis v\u00fdrobku: Halwa s \u010dokol\u00e1dou. Z\u00e1klad t\u00e9to dobr\u016ftky tvo\u0159\u00ed sezamov\u00e1 pasta. <\/p>\n<p>Mno\u017estv\u00ed: 400g<\/p>\n","protected":false},"excerpt":{"rendered":"<p>Halwa s \u010dokol\u00e1dou.<\/p>\n","protected":false},"featured_media":91359,"comment_status":"open","ping_status":"closed","template":"","meta":[],"product_brand":[],"product_cat":[329],"product_tag":[],"class_list":{"0":"post-91360","1":"product","2":"type-product","3":"status-publish","4":"has-post-thumbnail","6":"product_cat-pochoutky","8":"first","9":"instock","10":"product-type-simple"},"_links":{"self":[{"href":"https:\/\/zelenydrak.cz\/velkoobchod\/wp-json\/wp\/v2\/product\/91360","targetHints":{"allow":["GET"]}}],"collection":[{"href":"https:\/\/zelenydrak.cz\/velkoobchod\/wp-json\/wp\/v2\/product"}],"about":[{"href":"https:\/\/zelenydrak.cz\/velkoobchod\/wp-json\/wp\/v2\/types\/product"}],"replies":[{"embeddable":true,"href":"https:\/\/zelenydrak.cz\/velkoobchod\/wp-json\/wp\/v2\/comments?post=91360"}],"wp:featuredmedia":[{"embeddable":true,"href":"https:\/\/zelenydrak.cz\/velkoobchod\/wp-json\/wp\/v2\/media\/91359"}],"wp:attachment":[{"href":"https:\/\/zelenydrak.cz\/velkoobchod\/wp-json\/wp\/v2\/media?parent=91360"}],"wp:term":[{"taxonomy":"product_brand","embeddable":true,"href":"https:\/\/zelenydrak.cz\/velkoobchod\/wp-json\/wp\/v2\/product_brand?post=91360"},{"taxonomy":"product_cat","embeddable":true,"href":"https:\/\/zelenydrak.cz\/velkoobchod\/wp-json\/wp\/v2\/product_cat?post=91360"},{"taxonomy":"product_tag","embeddable":true,"href":"https:\/\/zelenydrak.cz\/velkoobchod\/wp-json\/wp\/v2\/product_tag?post=91360"}],"curies":[{"name":"wp","href":"https:\/\/api.w.org\/{rel}","templated":true}]}}