{"id":91200,"date":"2025-03-05T08:06:36","date_gmt":"2025-03-05T08:06:36","guid":{"rendered":"https:\/\/zelenydrak.cz\/velkoobchod\/?post_type=product&#038;p=91200"},"modified":"2025-03-05T08:06:45","modified_gmt":"2025-03-05T08:06:45","slug":"tibetsky-chram-snu-zeleny-caj","status":"publish","type":"product","link":"https:\/\/zelenydrak.cz\/velkoobchod\/produkt\/tibetsky-chram-snu-zeleny-caj\/","title":{"rendered":"TIBETSK\u00dd CHR\u00c1M SN\u016e &#8211; zelen\u00fd \u010daj"},"content":{"rendered":"<h2>TIBETSK\u00dd CHR\u00c1M SN\u016e &#8211; zelen\u00fd \u010daj<\/h2>\n<p>Slo\u017een\u00ed: zelen\u00fd \u010daj Sencha \u010c\u00edna, Oolong \u010daj, okv\u011btn\u00ed l\u00edstky r\u016f\u017e\u00ed, kv\u011bty chrpy, kv\u011bt m\u011bs\u00ed\u010dku l\u00e9ka\u0159sk\u00e9ho, pomeran\u010dov\u00fd kv\u011bt, p\u0159\u00edrodn\u00ed aroma, mu\u010denkov\u00e9 listy.<\/p>\n<p><p><img decoding=\"async\" src=\"https:\/\/caj-a-kava.cz\/obrazky\/uvod\/dobalouhovani\/zeleny_caj_ochuceny.jpg\" alt=\"Prodej zelen\u00e9ho, sypan\u00e9ho, ochucen\u00e9ho \u010daje. P\u0159\u00edprava \u010daje od Zelen\u00fd Drak \u010daj a k\u00e1va\" \/>\u00a0<\/p>\n","protected":false},"excerpt":{"rendered":"<p><img loading=\"lazy\" decoding=\"async\" class=\"size-full wp-image-2970 alignleft\" src=\"https:\/\/zelenydrak.cz\/wp-content\/uploads\/2024\/08\/konvice-caj.png\" alt=\"\" width=\"48\" height=\"48\" \/>   V\u016fn\u011b a chu\u0165: lehk\u00e1 s n\u00e1dechem broskv\u00ed. V \u017eivot\u011b nejde st\u00e1le jenom sn\u00edt, je t\u0159eba tak\u00e9 skutk\u016f. Ale pokud skutky za\u010dnou p\u0159eva\u017eovat a odpo\u010dinku se nedost\u00e1v\u00e1, zkuste zvolnit a dop\u0159\u00e1t si chvilku nap\u0159\u00edklad s \u0161\u00e1lkem tohoto \u010daje. <\/p>\n","protected":false},"featured_media":91229,"comment_status":"open","ping_status":"closed","template":"","meta":[],"product_brand":[],"product_cat":[297],"product_tag":[],"class_list":{"0":"post-91200","1":"product","2":"type-product","3":"status-publish","4":"has-post-thumbnail","6":"product_cat-zeleny-caj-ochuceny","8":"first","9":"instock","10":"product-type-variable","11":"has-default-attributes"},"_links":{"self":[{"href":"https:\/\/zelenydrak.cz\/velkoobchod\/wp-json\/wp\/v2\/product\/91200","targetHints":{"allow":["GET"]}}],"collection":[{"href":"https:\/\/zelenydrak.cz\/velkoobchod\/wp-json\/wp\/v2\/product"}],"about":[{"href":"https:\/\/zelenydrak.cz\/velkoobchod\/wp-json\/wp\/v2\/types\/product"}],"replies":[{"embeddable":true,"href":"https:\/\/zelenydrak.cz\/velkoobchod\/wp-json\/wp\/v2\/comments?post=91200"}],"wp:featuredmedia":[{"embeddable":true,"href":"https:\/\/zelenydrak.cz\/velkoobchod\/wp-json\/wp\/v2\/media\/91229"}],"wp:attachment":[{"href":"https:\/\/zelenydrak.cz\/velkoobchod\/wp-json\/wp\/v2\/media?parent=91200"}],"wp:term":[{"taxonomy":"product_brand","embeddable":true,"href":"https:\/\/zelenydrak.cz\/velkoobchod\/wp-json\/wp\/v2\/product_brand?post=91200"},{"taxonomy":"product_cat","embeddable":true,"href":"https:\/\/zelenydrak.cz\/velkoobchod\/wp-json\/wp\/v2\/product_cat?post=91200"},{"taxonomy":"product_tag","embeddable":true,"href":"https:\/\/zelenydrak.cz\/velkoobchod\/wp-json\/wp\/v2\/product_tag?post=91200"}],"curies":[{"name":"wp","href":"https:\/\/api.w.org\/{rel}","templated":true}]}}