{"id":91189,"date":"2025-03-05T08:06:35","date_gmt":"2025-03-05T08:06:35","guid":{"rendered":"https:\/\/zelenydrak.cz\/velkoobchod\/?post_type=product&#038;p=91189"},"modified":"2025-03-05T08:06:44","modified_gmt":"2025-03-05T08:06:44","slug":"tuareg-bio-zeleny-matovy-caj","status":"publish","type":"product","link":"https:\/\/zelenydrak.cz\/velkoobchod\/produkt\/tuareg-bio-zeleny-matovy-caj\/","title":{"rendered":"TUAREG BIO &#8211; zelen\u00fd m\u00e1tov\u00fd \u010daj"},"content":{"rendered":"<h2>TUAREG BIO &#8211; zelen\u00fd m\u00e1tov\u00fd \u010daj na relaxaci<\/h2>\n<p>Slo\u017een\u00ed \u010daje: zelen\u00fd \u010daj Sencha \u010c\u00edna*, zelen\u00e1 m\u00e1ta (21%) *. Produkty ozna\u010den\u00e9* jsou z kontrolovan\u00e9ho ekologick\u00e9ho zem\u011bd\u011blstv\u00ed. <\/p>\n<h2>Popis \u010daje:<\/h2>\n<p><p>V \u010daji Tuareg se vedle \u010derstv\u00e9 nebo su\u0161en\u00e9 m\u00e1ty (Nana m\u00e1ty), pou\u017e\u00edv\u00e1 siln\u00fd zelen\u00fd \u010daj, jako je \u010d\u00ednsk\u00fd st\u0159eln\u00fd prach (Gunpowder). My pou\u017e\u00edv\u00e1me m\u00e1tu a zelen\u00fd \u010daj \u010c\u00edna sencha. Vzhledem k tomu, \u017ee marock\u00e1 m\u00e1ta je v\u00fdrazn\u011bj\u0161\u00ed ne\u017e m\u00e1ta peprn\u00e1, p\u0159evl\u00e1d\u00e1 v \u010daji v\u00edce m\u00e1tov\u00e1 v\u016fn\u011b nad v\u016fni zelen\u00e9ho \u010daje. Dle tradi\u010dn\u00ed p\u0159\u00edpravy se serv\u00edruje Tuareg z kovov\u00e9 konvice do sklenek.<\/p>\n<p><img loading=\"lazy\" decoding=\"async\" style=\"float: left;\" title=\"konvice \u010caj-a-K\u00e1va.cz\" src=\"https:\/\/www.caj-a-kava.cz\/img\/cms\/konvice_zelenydrak.png\" alt=\"konvice \u010caj-a-K\u00e1va.cz\" width=\"100\" height=\"100\" \/><\/p>\n<h2>O Tuaregu<\/h2>\n<p>V\u00edte jak\u00fd je nejjednodu\u0161\u0161\u00ed zp\u016fsob, jak zjistit n\u011bco o nov\u00fdch zem\u00edch a zvyc\u00edch jejich obyvatel?\u00a0No p\u0159ece, za\u010d\u00edt s jejich \u010dajov\u00fdmi zvyky!\u00a0T\u00e9m\u011b\u0159 ka\u017ed\u00fd n\u00e1rod m\u00e1 sv\u00e9 vlastn\u00ed ob\u0159ady a zvyky, pokud jde o pit\u00ed \u010daje a my jsme r\u00e1di, \u017ee je m\u016f\u017eeme s V\u00e1mi objevovat.<\/p>\n<p>Maro\u010dan\u00e9 jsou vyhl\u00e1\u0161eni po cel\u00e9m sv\u011bt\u011b t\u00e9m\u011b\u0159 zna\u010dkov\u00fdm \u010dajem Touareg nebo jednodu\u0161e &#8222;m\u00e1tov\u00fdm \u010dajem&#8220;. Nicm\u00e9n\u011b Tuareg nen\u00ed jenom m\u00e1tov\u00fd \u010daj na kter\u00fd jsme v\u0161ichni zvykl\u00ed. Tak\u017ee poj\u010fme zjistit, pro\u010d je tak zvl\u00e1\u0161tn\u00ed a pro\u010d ostatn\u00ed zem\u011b p\u0159ijaly marock\u00fd recept.\u00a0<\/p>\n<p>Ochucen\u00fd \u010daj Tuareg je tak\u00e9 zn\u00e1m\u00fd jako marock\u00fd m\u00e1tov\u00fd \u010daj, kter\u00fd je soci\u00e1ln\u00edm pojivem v zem\u00edch Maghrebu.\u00a0A\u010dkoli je Tuareg obl\u00edben\u00fdm \u010dajem arabsk\u00fdch a muslimsk\u00fdch zem\u00ed, stal se tak\u00e9 obl\u00edbenou volbou v jin\u00fdch st\u00e1tech z\u00e1padn\u00ed civilizace, jako je Francie, \u0160pan\u011blsko a Portugalsko. Z\u00e1sadn\u00ed slo\u017ekou \u010daje Touareg je\u00a0Mentha spicata neboli Nana m\u00e1ta poch\u00e1zej\u00edc\u00ed z Maroka, kter\u00e1 m\u00e1 pikantn\u00ed, ale m\u00edrn\u00e9 aroma d\u00edky vysok\u00e9mu obsahu silic. V \u010daji Tuareg se vedle \u010derstv\u00e9 nebo su\u0161en\u00e9 m\u00e1ty (Nana m\u00e1ty), pou\u017e\u00edv\u00e1 siln\u00fd zelen\u00fd \u010daj, jako je \u010d\u00ednsk\u00fd st\u0159eln\u00fd prach (Gunpowder). \u010caj se b\u011b\u017en\u011b pod\u00e1v\u00e1 velmi hork\u00fd a sladk\u00fd, je obl\u00edben\u00fd hlavn\u011b jako\u00a0dezertn\u00ed \u010daj\u00a0.\u00a0Nicm\u00e9n\u011b, d\u00edky ovocn\u00e9mu aftertaste, roz\u0161i\u0159uje p\u011bkn\u011b \u0161k\u00e1lu potravin, kter\u00e9 m\u016f\u017eeme k \u010daji konzumovat. Jsou to nap\u0159\u00edklad recepty z jehn\u011b\u010d\u00edho masa, hr\u00e1\u0161ku nebo ovocn\u00e9 sal\u00e1ty.<\/p>\n<p>Pit\u00ed \u010daje Tuareg je v\u00edce ne\u017e jen Marock\u00fd zvyk, je to tak\u00e9 n\u00e1stroj pou\u017e\u00edvan\u00fd v oblasti prodeje a obchodu. Pokud se ocitnete na marock\u00e9m nebo Egyptsk\u00e9m trhu, nebu\u010fte p\u0159ekvapeni, pokud se tedy posad\u00edte, \u017ee je v\u00e1m nab\u00eddnuta sklenice m\u00e1tov\u00e9ho \u010daje od prodejce, kter\u00fd se v\u00e1m sna\u017e\u00ed n\u011bco prodat. Je tak\u00e9 dobr\u00e9 m\u00edt na pam\u011bti, \u017ee je neslu\u0161n\u00e9 odm\u00edtnout, nebo za\u010d\u00edt vyjedn\u00e1vat cenu zbo\u017e\u00ed p\u0159i serv\u00edrov\u00e1n\u00ed Tuaregu.<\/p>\n<p>\u00a0<\/p>\n<h2>P\u0159\u00edprava a serv\u00edrov\u00e1n\u00ed<\/h2>\n<p>Touareg hraje hlavn\u00ed roli p\u0159i spole\u010densk\u00fdch ud\u00e1lostech v zem\u00edch Maghrebu.\u00a0A\u010dkoliv v t\u011bchto regionech je obecn\u00e9 va\u0159en\u00ed pova\u017eov\u00e1no v\u00fdhradn\u011b za \u017eenskou z\u00e1le\u017eitost, \u010daj ov\u0161em p\u0159ipravuje hlava rodiny, tedy mu\u017e a nab\u00edz\u00ed jej host\u016fm alespo\u0148 ve t\u0159ech porc\u00edch. Proces p\u0159\u00edpravy je slo\u017eit\u00fd, ale intenzivn\u00ed ritu\u00e1l, kter\u00fd v\u00e1s opravdu p\u0159ipoj\u00ed k duchu \u010daje.\u00a0<\/p>\n<p>Zde je n\u00e1vod, jak to chod\u00ed p\u0159i p\u0159\u00edprav\u011b Tuaregu a co budeme pot\u0159ebovat:<\/p>\n<ul>\n<li>Zelen\u00fd \u010daj, nejl\u00e9pe Gunpowder<\/li>\n<li>Cukr<\/li>\n<li>L\u00edstky \u010derstv\u00e9 m\u00e1ty<\/li>\n<li>P\u0159eva\u0159enou vodu<\/li>\n<li>Kovovou konvici na \u010daj a mal\u00e9 skleni\u010dky na jednotliv\u00e9 porce<\/li>\n<\/ul>\n<p>Tradi\u010dn\u00ed P\u0158\u00cdPRAVA:<\/p>\n<p>V prvn\u00ed f\u00e1zi p\u0159\u00edpravy vlo\u017e\u00edme\u00a0zelen\u00fd \u010daj (nejl\u00e9pe siln\u011bj\u0161\u00ed zelen\u00fd \u010daj) do kovov\u00e9 konvice. Druh\u00e1 f\u00e1ze p\u0159\u00edpravy Tuaregu obsahuje vy\u010di\u0161t\u011bn\u00ed zelen\u00e9ho \u010daje. Vy\u010dist\u011bte tedy zelen\u00fd \u010daj a to takto. Zalijte \u010daj p\u0159ibli\u017en\u011b na 20 a\u017e 30 vte\u0159in p\u0159eva\u0159enou vodou. Po 20 a\u017e 30 vte\u0159in\u00e1ch p\u0159idejte zbytek ji\u017e chladn\u011bj\u0161\u00ed vody a \u010daj lu\u017ete. Prvn\u00ed n\u00e1lev z \u010di\u0161t\u011bn\u00ed \u010daje si uchov\u00e1me pro dal\u0161\u00ed pou\u017eit\u00ed. Tento proces by m\u011bl b\u00fdt opakov\u00e1n n\u011bkolikr\u00e1t, proto\u017ee to sni\u017euje ho\u0159kost \u010daje. Pot\u00e9, co se \u010daj o\u010dist\u00ed, p\u0159id\u00e1me n\u00e1lev z prvn\u00edho \u010di\u0161t\u011bn\u00ed, nasypeme cukr a vlo\u017e\u00edme l\u00edstky m\u00e1ty. Nezapomeneme p\u0159il\u00edt trochu p\u0159eva\u0159en\u00e9 (pravd\u011bpodobn\u011b ji\u017e v\u00edce chladn\u00e9) vody. To v\u0161e um\u00edst\u00edme na va\u0159i\u010d nebo na ohe\u0148 (nach\u00e1z\u00edme-li se venku) a nech\u00e1me chv\u00edli pova\u0159it. Va\u0159\u00edme Tuareg proto abychom zv\u00fd\u0161ili aroma \u010daje.\u00a0Pot\u00e9, nech\u00e1me Tuareg vychladnout a to po dobu t\u0159\u00ed a\u017e p\u011bti minut. Pot\u00e9 n\u00e1poj pod\u00e1v\u00e1me.<\/p>\n<p>Nyn\u00ed si m\u016f\u017eete vychutnat \u010daj s cukrem nebo bez, z\u00e1le\u017e\u00ed na va\u0161\u00ed chuti.\u00a0Pro fin\u00e1ln\u00ed po\u017eitek, p\u0159idejte l\u00edstky \u010derstv\u00e9 m\u00e1ty do sklenky a Tuaregem z velk\u00e9 v\u00fd\u0161ky \u010derstvou m\u00e1tu ve sklenici zalijte.<\/p>\n<p>\u00a0 <\/p>\n<p>P\u0159\u00edprava a pit\u00ed Touaregu bude pro V\u00e1s jist\u011b z\u00e1\u017eitek. Nev\u00e1hejte a zkuste si p\u0159ipravit Tuareg doma. Tuareg je stvo\u0159en k pop\u00edjen\u00ed a relaxaci s p\u0159\u00e1teli pr\u00e1v\u011b d\u00edky sv\u00e9 osv\u011b\u017euj\u00edc\u00ed m\u00e1tov\u00e9 v\u016fni.<\/p>\n<p>\u00a0<\/p>\n<h2>\u00a0<\/h2>\n<h2>TUAREG BIO &#8211; zelen\u00fd m\u00e1tov\u00fd \u010daj na relaxaci<\/h2>\n<p><span style=\"line-height: 1.5em;\"><img decoding=\"async\" title=\"TUAREG BIO - zelen\u00fd  m\u00e1tov\u00fd \u010daj na relaxaci\" src=\"https:\/\/zelenydrak.cz\/img\/cms\/tuareg.jpg\" alt=\"TUAREG BIO - zelen\u00fd  m\u00e1tov\u00fd \u010daj na relaxaci\" \/><\/span><\/p>\n<h2 style=\"text-align: right;\">&nbsp;<\/h2>\n<p>\u00a0<\/p>\n<p>\u00a0<\/p>\n<p>\u00a0<\/p>\n<p>\u00a0<\/p>\n<p>\u00a0<\/p>\n<h2><span style=\"line-height: 1.5em;\">TUAREG BIO &#8211; zelen\u00fd m\u00e1tov\u00fd \u010daj na relaxaci\u00a0&#8211; p\u0159\u00edprava<\/span><\/h2>\n<p><span style=\"line-height: 1.5em;\"><img decoding=\"async\" title=\"TUAREG BIO - zelen\u00fd  m\u00e1tov\u00fd \u010daj na relaxaci - p\u0159\u00edprava\" src=\"https:\/\/zelenydrak.cz\/img\/cms\/tuareg_priprava.jpg\" alt=\"TUAREG BIO - zelen\u00fd  m\u00e1tov\u00fd \u010daj na relaxaci - p\u0159\u00edprava\" \/><\/span><\/p>\n<p>\u00a0<\/p>\n<p>\u00a0<\/p>\n<p>\u00a0<\/p>\n<p>\u00a0<\/p>\n<p>\u00a0<\/p>\n<h2><span style=\"line-height: 1.5em;\">TUAREG BIO &#8211; zelen\u00fd m\u00e1tov\u00fd \u010daj na relaxaci &#8211; n\u00e1lev<\/span><\/h2>\n<p><span style=\"line-height: 1.5em;\"><img decoding=\"async\" title=\"TUAREG BIO - zelen\u00fd  m\u00e1tov\u00fd \u010daj na relaxaci - n\u00e1lev\" src=\"https:\/\/zelenydrak.cz\/img\/cms\/tuareg_nalev.jpg\" alt=\"TUAREG BIO - zelen\u00fd  m\u00e1tov\u00fd \u010daj na relaxaci - n\u00e1lev\" \/><\/span><\/p>\n","protected":false},"excerpt":{"rendered":"<p><img loading=\"lazy\" decoding=\"async\" class=\"size-full wp-image-2970 alignleft\" src=\"https:\/\/zelenydrak.cz\/wp-content\/uploads\/2024\/08\/konvice-caj.png\" alt=\"\" width=\"48\" height=\"48\" \/>   V\u016fn\u011b a chu\u0165: zelen\u00e9ho \u010daje s m\u00e1tou.<\/p>\n","protected":false},"featured_media":91207,"comment_status":"open","ping_status":"closed","template":"","meta":[],"product_brand":[],"product_cat":[295,311],"product_tag":[],"class_list":{"0":"post-91189","1":"product","2":"type-product","3":"status-publish","4":"has-post-thumbnail","6":"product_cat-zeleny-caj-cisty","7":"product_cat-zeleny-caj-cisty-bio","9":"first","10":"instock","11":"product-type-variable","12":"has-default-attributes"},"_links":{"self":[{"href":"https:\/\/zelenydrak.cz\/velkoobchod\/wp-json\/wp\/v2\/product\/91189","targetHints":{"allow":["GET"]}}],"collection":[{"href":"https:\/\/zelenydrak.cz\/velkoobchod\/wp-json\/wp\/v2\/product"}],"about":[{"href":"https:\/\/zelenydrak.cz\/velkoobchod\/wp-json\/wp\/v2\/types\/product"}],"replies":[{"embeddable":true,"href":"https:\/\/zelenydrak.cz\/velkoobchod\/wp-json\/wp\/v2\/comments?post=91189"}],"wp:featuredmedia":[{"embeddable":true,"href":"https:\/\/zelenydrak.cz\/velkoobchod\/wp-json\/wp\/v2\/media\/91207"}],"wp:attachment":[{"href":"https:\/\/zelenydrak.cz\/velkoobchod\/wp-json\/wp\/v2\/media?parent=91189"}],"wp:term":[{"taxonomy":"product_brand","embeddable":true,"href":"https:\/\/zelenydrak.cz\/velkoobchod\/wp-json\/wp\/v2\/product_brand?post=91189"},{"taxonomy":"product_cat","embeddable":true,"href":"https:\/\/zelenydrak.cz\/velkoobchod\/wp-json\/wp\/v2\/product_cat?post=91189"},{"taxonomy":"product_tag","embeddable":true,"href":"https:\/\/zelenydrak.cz\/velkoobchod\/wp-json\/wp\/v2\/product_tag?post=91189"}],"curies":[{"name":"wp","href":"https:\/\/api.w.org\/{rel}","templated":true}]}}