{"id":91149,"date":"2025-03-05T08:06:28","date_gmt":"2025-03-05T08:06:28","guid":{"rendered":"https:\/\/zelenydrak.cz\/velkoobchod\/?post_type=product&#038;p=91149"},"modified":"2025-03-05T08:06:35","modified_gmt":"2025-03-05T08:06:35","slug":"china-sencha-bio-zeleny-caj","status":"publish","type":"product","link":"https:\/\/zelenydrak.cz\/velkoobchod\/produkt\/china-sencha-bio-zeleny-caj\/","title":{"rendered":"CHINA SENCHA BIO &#8211; zelen\u00fd \u010daj"},"content":{"rendered":"<h2>CHINA SENCHA BIO &#8211; zelen\u00fd \u010daj<\/h2>\n<p>Slo\u017een\u00ed \u010daje: zelen\u00fd \u010d\u00ednsk\u00fd \u010daj 100%. <\/p>\n<p>  Zelen\u00fd \u010d\u00ednsk\u00fd BIO \u010daj s velk\u00fdmi listy a dozlatova lad\u011bnou barvou n\u00e1levu. Z kontrolovan\u00e9ho ekologick\u00e9ho zem\u011bd\u011blstv\u00ed. <\/p>\n<h2>CHINA SENCHA BIO &#8211; <strong> symfonie osv\u011b\u017euj\u00edc\u00edho zelen\u00e9ho \u010daje<\/strong><\/h2>\n<h2>\u00davod<\/h2>\n<p>V rozs\u00e1hl\u00e9m sv\u011bt\u011b zelen\u00fdch \u010daj\u016f m\u00e1lokter\u00fd \u010daj vynik\u00e1 tak jako China Sencha BIO. Tento organick\u00fd zelen\u00fd \u010daj, kter\u00fd poch\u00e1z\u00ed z \u010dajov\u00fdch plant\u00e1\u017e\u00ed  \u010c\u00edny, nab\u00edz\u00ed jedine\u010dn\u00fd chu\u0165ov\u00fd z\u00e1\u017eitek, kter\u00fd zt\u011bles\u0148uje podstatu jara, co\u017e z n\u011bj \u010din\u00ed cen\u011bnou volbu mezi \u010dajov\u00fdmi nad\u0161enci. To, co skute\u010dn\u011b odli\u0161uje \u010d\u00ednskou Senchu Bio, je jeho dokonal\u00e1 rovnov\u00e1ha chuti a v\u016fn\u011b, kter\u00e1 vytv\u00e1\u0159\u00ed \u010dajov\u00fd n\u00e1lev, kter\u00fd je osv\u011b\u017euj\u00edc\u00ed i povzbuzuj\u00edc\u00ed.<\/p>\n<p><strong>Sv\u011b\u017eest v ka\u017ed\u00e9m dou\u0161ku<\/strong><\/p>\n<p>Pozn\u00e1vac\u00edm znamen\u00edm China Sencha Bio je jeho  sv\u011b\u017eest. Ji\u017e od prvn\u00edho n\u00e1levu jsou pij\u00e1ci v\u00edt\u00e1ni  jeho \u010derstvost\u00ed. Tato kvalita z n\u011bj d\u011bl\u00e1 ide\u00e1ln\u00edho spole\u010dn\u00edka pro ka\u017edou denn\u00ed dobu, a\u0165 u\u017e se jedn\u00e1 o rann\u00ed \u017eivotabudi\u010d nebo relaxa\u010dn\u00ed odpoledn\u00ed \u010daj. <\/p>\n<p>Kdy\u017e si p\u0159iprav\u00edte \u0161\u00e1lek tohoto lahodn\u00e9ho \u010daje, jasn\u011b zelen\u00e9 l\u00edstky se rozvinou a uvoln\u00ed sv\u016fj pln\u00fd potenci\u00e1l, co\u017e vede ke zlatozelen\u00e9mu n\u00e1levu, kter\u00fd je stejn\u011b p\u0159\u00edjemn\u00fd pro oko jako pro chu\u0165ov\u00e9 bu\u0148ky.<\/p>\n<p><strong>Bio kvalita pro n\u00e1ro\u010dn\u00e9 pij\u00e1ky \u010daje<\/strong><\/p>\n<p>China Sencha Bio se p\u011bstuje podle ekologick\u00fdch standard\u016f, kter\u00e9 zaji\u0161\u0165uj\u00ed, \u017ee ka\u017ed\u00fd list neobsahuje syntetick\u00e9 pesticidy a hnojiva. Tento z\u00e1vazek k postup\u016fm ekologick\u00e9ho zem\u011bd\u011blstv\u00ed nejen podporuje zdrav\u00ed \u017eivotn\u00edho prost\u0159ed\u00ed, ale tak\u00e9 zvy\u0161uje chu\u0165ov\u00fd profil samotn\u00e9ho \u010daje. Ka\u017ed\u00fd dou\u0161ek tohoto v\u00fdjime\u010dn\u00e9ho \u010daje nejen podporuje udr\u017eiteln\u00e9 zem\u011bd\u011blstv\u00ed, ale p\u0159edstavuje tak\u00e9 sv\u011bdomitou volbu pro spot\u0159ebitele, kte\u0159\u00ed dbaj\u00ed na sv\u00e9 zdrav\u00ed.<\/p>\n<h3>Chu\u0165ov\u00fd profil<\/h3>\n<p>China Sencha BIO uchv\u00e1t\u00ed smysly jemn\u00fdmi travnat\u00fdmi t\u00f3ny, kter\u00e9 p\u0159ipom\u00ednaj\u00ed \u010derstv\u011b posekan\u00e9 tr\u00e1vn\u00edky a sluncem zalit\u00e1 pole. Tyto zemit\u00e9 podt\u00f3ny elegantn\u011b tan\u010d\u00ed na jazyku, dopln\u011bn\u00e9 jemn\u00fdmi t\u00f3ny ovoce, kter\u00e9 evokuj\u00ed vzpom\u00ednky na kous\u00e1n\u00ed do k\u0159upav\u00fdch zelen\u00fdch jablek. Tento osv\u011b\u017euj\u00edc\u00ed chu\u0165ov\u00fd profil nejen uhas\u00ed \u017e\u00edze\u0148, ale tak\u00e9 navod\u00ed pocit vitality \u2013 oslavu \u0161t\u011bdrosti p\u0159\u00edrody zachycenou v \u0161\u00e1lku \u010daje.<\/p>\n<p>To, co d\u011bl\u00e1 z tohoto \u010daje skute\u010dn\u00e9ho &#8222;mistra&#8220;, je jeho v\u0161estrannost. Lze jej ochutnat samostatn\u011b nebo v kombinaci s lehk\u00fdmi pokrmy, jako jsou sal\u00e1ty, ovoce a mo\u0159sk\u00e9 plody. Osv\u011b\u017euj\u00edc\u00ed povaha Senchy povzn\u00e1\u0161\u00ed ka\u017ed\u00e9 j\u00eddlo, co\u017e z n\u00ed d\u011bl\u00e1 luxusn\u00ed, ale dostupnou volbu pro neform\u00e1ln\u00ed i form\u00e1ln\u00ed p\u0159\u00edle\u017eitosti.<\/p>\n<h2>P\u0159\u00edprava dokonal\u00e9ho \u0161\u00e1lku<\/h2>\n<p>Abyste pln\u011b ocenili chut\u011b China Sencha BIO, je nezbytn\u00e9 spr\u00e1vn\u00e9 va\u0159en\u00ed. Zde je jednoduch\u00fd pr\u016fvodce, kter\u00fd v\u00e1m pom\u016f\u017ee dostat z \u010daje to nejlep\u0161\u00ed.<\/p>\n<p> Abyste si mohli vychutnat cel\u00e9 spektrum chut\u00ed, kter\u00e9 China Sencha BIO nab\u00edz\u00ed, jsou nezbytn\u00e9 spr\u00e1vn\u00e9 techniky p\u0159\u00edpravy. Nejlep\u0161\u00ed je pou\u017e\u00edt vodu o teplot\u011b kolem 75-80 \u00b0C, aby nedo\u0161lo k opa\u0159en\u00ed jemn\u00fdch list\u016f. \u010caj louhujte 2-3 minuty, aby se rozvinula chu\u0165 a z\u00e1rove\u0148 byl zachov\u00e1n jemn\u00fd charakter \u010daje. A\u0165 u\u017e se pod\u00e1v\u00e1 hork\u00fd nebo ledov\u00fd, tento \u010daj je lahodn\u00fdm osv\u011b\u017een\u00edm, kter\u00e9 si m\u016f\u017eete vychutnat v ka\u017ed\u00e9m ro\u010dn\u00edm obdob\u00ed.<\/p>\n<p>Tip: zalijte \u010daj studenou vodou a nechejte jej v lednici do r\u00e1na vyluhovat. V l\u00e9t\u011b je to velmi p\u0159\u00edjemn\u00fd n\u00e1poj. <\/p>\n<h2>Z\u00e1v\u011br<\/h2>\n<p>China Sencha Bio je v\u00edce ne\u017e jen zelen\u00fd \u010daj. Je to smyslov\u00fd z\u00e1\u017eitek, kter\u00fd evokuje sv\u011b\u017eest jara a kr\u00e1su p\u0159\u00edrody. D\u00edky sv\u00fdm jemn\u00fdm travnat\u00fdm t\u00f3n\u016fm a t\u00f3n\u016fm ovoce je tato klasika zelen\u00e9ho \u010daje v\u0161estrann\u00fdm pomocn\u00edkem, kter\u00fd si m\u016f\u017eete vychutnat kdykoli b\u011bhem dne nebo roku. A\u0165 u\u017e jste ost\u0159\u00edlen\u00fd milovn\u00edk \u010daje nebo zv\u011bdav\u00fd nov\u00e1\u010dek, tento jedine\u010dn\u00fd n\u00e1lev nab\u00edz\u00ed osv\u011b\u017euj\u00edc\u00ed \u00fanik do sv\u011bta kvalitn\u00edch \u010daj\u016f. Tak\u017ee, uva\u0159te si \u0161\u00e1lek China Sencha Bio a pono\u0159te se do jeho povzbuzuj\u00edc\u00edho objet\u00ed!<\/p>\n<\/p>\n<p><h2><img decoding=\"async\" src=\"https:\/\/caj-a-kava.cz\/obrazky\/uvod\/dobalouhovani\/zeleny_caj.jpg\" alt=\"Prodej zelen\u00e9ho \u010daje. P\u0159\u00edprava \u010daje od Zelen\u00fd Drak \u010daj a k\u00e1va\" \/>\u00a0<\/h2>\n","protected":false},"excerpt":{"rendered":"<p><img loading=\"lazy\" decoding=\"async\" class=\"size-full wp-image-2970 alignleft\" src=\"https:\/\/zelenydrak.cz\/wp-content\/uploads\/2024\/08\/konvice-caj.png\" alt=\"\" width=\"48\" height=\"48\" \/>   V\u016fn\u011b a chu\u0165: jemn\u00e1 sladk\u00e1 v\u016fn\u011b. Chu\u0165 a v\u016fn\u011b tohoto n\u00e1poje jsou stejn\u011b fascinuj\u00edc\u00ed jako kr\u00e1sn\u00e1 krajina, ve kter\u00e9 se p\u011bstuje.\u00a0\u010caj vynik\u00e1 n\u00e1dhern\u00fdm travnat\u00fdm, zemit\u00fdm n\u00e1pojem s t\u00f3ny bylin a ovoce. Je ide\u00e1ln\u00ed pro ve\u010dern\u00ed pit\u00ed po dlouh\u00e9m stresuj\u00edc\u00edm dni v pr\u00e1ci!\u00a0<\/p>\n","protected":false},"featured_media":91174,"comment_status":"open","ping_status":"closed","template":"","meta":[],"product_brand":[],"product_cat":[295,311],"product_tag":[],"class_list":{"0":"post-91149","1":"product","2":"type-product","3":"status-publish","4":"has-post-thumbnail","6":"product_cat-zeleny-caj-cisty","7":"product_cat-zeleny-caj-cisty-bio","9":"first","10":"instock","11":"product-type-variable","12":"has-default-attributes"},"_links":{"self":[{"href":"https:\/\/zelenydrak.cz\/velkoobchod\/wp-json\/wp\/v2\/product\/91149","targetHints":{"allow":["GET"]}}],"collection":[{"href":"https:\/\/zelenydrak.cz\/velkoobchod\/wp-json\/wp\/v2\/product"}],"about":[{"href":"https:\/\/zelenydrak.cz\/velkoobchod\/wp-json\/wp\/v2\/types\/product"}],"replies":[{"embeddable":true,"href":"https:\/\/zelenydrak.cz\/velkoobchod\/wp-json\/wp\/v2\/comments?post=91149"}],"wp:featuredmedia":[{"embeddable":true,"href":"https:\/\/zelenydrak.cz\/velkoobchod\/wp-json\/wp\/v2\/media\/91174"}],"wp:attachment":[{"href":"https:\/\/zelenydrak.cz\/velkoobchod\/wp-json\/wp\/v2\/media?parent=91149"}],"wp:term":[{"taxonomy":"product_brand","embeddable":true,"href":"https:\/\/zelenydrak.cz\/velkoobchod\/wp-json\/wp\/v2\/product_brand?post=91149"},{"taxonomy":"product_cat","embeddable":true,"href":"https:\/\/zelenydrak.cz\/velkoobchod\/wp-json\/wp\/v2\/product_cat?post=91149"},{"taxonomy":"product_tag","embeddable":true,"href":"https:\/\/zelenydrak.cz\/velkoobchod\/wp-json\/wp\/v2\/product_tag?post=91149"}],"curies":[{"name":"wp","href":"https:\/\/api.w.org\/{rel}","templated":true}]}}